NOAA-Style Climate Reports


Report for 2020 September

Daily noaa report



                            MONTHLY CLIMATOLOGICAL SUMMARY for SEP. 2020

NAME: Rockcreek-Hillcrest   CITY: Superior STATE: Colorado
ELEV: 5612 ft LAT: 039:55:38 LONG: 0105:09:26

                            TEMPERATURE ( °F), RAIN (in.), WIND SPEED (mph)

                                               HEAT     COOL           AVG
      MEAN                                     DEG      DEG            WIND                       DOM
DAY   TEMP    HIGH   TIME     LOW    TIME      DAYS     DAYS    RAIN   SPEED    HIGH    TIME      DIR
--------------------------------------------------------------------------------------------------------
01    63.8   076.8   17:19    50.4   06:17     01.2     00.0   00.00   03.6     23.0    23:18      S 
02    71.5   087.3   17:57    53.1   06:04     00.0     06.6   00.00   03.6     23.0    23:18      NW
03    69.2   081.9   16:42    52.0   06:58     00.0     04.2   00.00   04.6     43.7    18:12     SSE
04    71.3   086.0   17:22    54.7   04:12     00.0     06.3   00.00   03.2     27.6    11:32     NNE
05    79.3   096.3   17:33    62.8   04:33     00.0     14.4   00.00   05.4     41.4    22:05     WSW
06    81.8   092.3   12:47    70.2   23:02     00.0     16.9   00.00   06.0     32.2    09:06     WNW
07    67.8   088.5   15:06    43.3   00:00     00.0     02.9   00.01   05.8     63.3    17:04      NE
08    33.2   043.3   00:04    30.4   23:48     31.8     00.0   00.01   03.7     35.6    01:11     NNE
09    33.9   038.5   22:29    30.4   07:04     31.0     00.0   00.00   02.1     11.5    18:32      E 
10    42.3   048.7   16:18    35.6   02:09     22.6     00.0   00.00   03.8     19.6    14:08      E 
11    52.2   066.4   15:31    37.6   04:17     12.8     00.0   00.03   05.2     51.8    15:13      NW
12    64.7   076.8   16:32    48.2   06:22     00.3     00.0   00.00   03.9     28.8    00:59     SSW
13    67.1   081.7   17:43    52.2   05:00     00.0     02.2   00.00   03.3     18.4    23:41     WSW
14    68.5   084.2   17:17    50.4   06:38     00.0     03.5   00.00   03.5     34.5    00:20     SSW
15    72.5   083.7   15:47    61.2   01:32     00.0     07.6   00.00   05.2     36.8    05:54     WNW
16    63.9   072.0   16:42    53.8   23:08     01.1     00.0   00.00   03.0     35.6    00:21     NNW
17    65.3   081.7   15:30    47.8   05:25     00.0     00.4   00.00   03.6     27.6    21:17      NE
18    62.4   077.4   16:37    48.0   06:38     02.5     00.0   00.00   02.7     18.4    00:01      NW
19    72.9   083.1   17:07    58.6   00:52     00.0     08.0   00.00   03.6     36.8    18:09      SW
20    68.0   080.8   15:31    56.3   06:22     00.0     03.0   00.00   03.2     28.8    00:22     WSW
21    67.5   080.8   16:43    52.0   06:56     00.0     02.5   00.01   03.3     52.9    16:04      NW
22    68.5   082.9   15:45    55.6   05:27     00.0     03.6   00.00   03.1     34.5    12:51      W 
23    71.1   081.0   15:24    61.9   01:14     00.0     06.1   00.00   03.8     26.4    21:36     WSW
--------------------------------------------------------------------------------------------------------
64.3 (63.9)   96.3  day 05     30.4  day 09   103.3    088.1   00.05   03.9     63.3   day 07     WNW
Max >=  86: 5
Min  .008in) 0 (> .08in) 0 (> 0.8in)