NOAA-Style Climate Reports


Report for 2011 June

Daily noaa report




                            MONTHLY CLIMATOLOGICAL SUMMARY for JUN. 2011

NAME: Rockcreek-Hillcrest   CITY: Superior STATE: Colorado
ELEV: 5581 LAT: 039:55:38 LONG: 0105:09:26

                            TEMPERATURE ( °F), RAIN (in.), WIND SPEED (mph)

                                               HEAT     COOL           AVG
      MEAN                                     DEG      DEG            WIND                       DOM
DAY   TEMP    HIGH   TIME     LOW    TIME      DAYS     DAYS    RAIN   SPEED    HIGH    TIME      DIR
----------------------------------------------------------------------------------------------------------------------------------------------------------
04    69.6   074.9   17:46    61.4   23:18     00.0     04.6   00.00   03.4     13.8    15:46      N 
05    71.4   087.0   14:49    50.2   06:20     00.0     06.5   00.00   03.1     16.1    18:34      SE
06    74.5   090.4   13:58    57.7   03:06     00.0     09.6   00.00   04.2     23.0    15:02     SSW
07    74.6   083.2   18:17    59.7   23:41     00.0     09.6   00.00   07.4     31.1    07:41      W 
08    64.4   075.0   14:19    52.7   03:28     00.6     00.0   00.00   04.0     18.4    16:54      NE
09    54.5   061.6   00:01    50.4   06:45     10.4     00.0   00.07   03.9     14.9    04:37      N 
10    61.7   074.9   17:22    49.7   05:31     03.3     00.0   00.00   04.0     19.6    19:10     ESE
11    61.6   077.9   18:57    45.5   05:48     03.3     00.0   00.00   02.7     12.7    14:51     WNW
12    66.6   082.8   18:57    47.8   06:06     00.0     01.7   00.00   04.2     20.7    17:52     NNW
13    69.8   081.4   15:49    56.7   05:59     00.0     04.9   00.00   03.8     14.9    21:07     SSE
14    68.4   080.2   16:52    54.0   05:47     00.0     03.5   00.00   07.9     34.5    11:39      W 
16    72.2   087.5   17:35    49.0   06:05     00.0     07.2   05.98   04.7     31.1    20:06     SSE
17    64.4   073.4   14:47    54.8   06:10     00.5     00.0   00.00   06.8     38.0    15:36      W 
18    66.1   077.7   13:51    51.7   03:31     00.0     01.2   00.00   05.0     21.9    19:12     SSE
19    62.1   071.9   16:05    54.4   00:00     02.9     00.0   00.02   05.2     23.0    18:45     NNW
20    56.7   065.2   16:49    49.2   06:24     08.3     00.0   00.70   05.8     23.0    15:01     NNW
21    65.2   075.6   19:42    54.4   06:09     00.0     00.2   00.00   03.8     17.3    12:54     NNE
22    66.2   080.1   16:42    49.6   04:34     00.0     01.3   00.00   03.2     13.8    16:55     ESE
23    70.9   086.9   13:36    56.0   03:04     00.0     06.0   00.00   03.3     19.6    17:05     WNW
24    70.8   086.6   17:41    56.6   04:41     00.0     05.9   00.00   02.8     11.5    14:53      W 
25    71.9   087.9   17:21    56.2   05:54     00.0     06.9   00.00   04.1     20.7    01:09      SE
26    78.0   091.5   18:20    60.2   05:16     00.0     13.0   00.00   05.7     24.1    13:43      W 
27    66.4   077.6   16:54    57.2   06:24     00.0     01.5   00.00   04.5     25.3    01:14     NNE
28    73.5   092.5   15:38    51.3   05:54     00.0     08.5   00.00   02.6     12.7    16:19      SE
29    78.8   090.4   12:17    67.7   06:15     00.0     13.9   00.00   04.5     35.6    16:20      W 
30    71.6   087.2   13:02    61.2   04:02     00.0     06.6   00.16   04.4     40.3    15:44     WSW
----------------------------------------------------------------------------------------------------------------------------------------------------------
68.1 (67.6)   92.5  day 28     45.5  day 11   029.3    112.6   00.00   04.4     40.3   day 30     WNW
Max >=  86: 10
Min  .008in) 3 (> .08in) 1 (> 0.8in)