NOAA-Style Climate Reports


Report for 2011 July

Daily noaa report




                            MONTHLY CLIMATOLOGICAL SUMMARY for JUL. 2011

NAME: Rockcreek-Hillcrest   CITY: Superior STATE: Colorado
ELEV: 5581 LAT: 039:55:38 LONG: 0105:09:26

                            TEMPERATURE ( °F), RAIN (in.), WIND SPEED (mph)

                                               HEAT     COOL           AVG
      MEAN                                     DEG      DEG            WIND                       DOM
DAY   TEMP    HIGH   TIME     LOW    TIME      DAYS     DAYS    RAIN   SPEED    HIGH    TIME      DIR
----------------------------------------------------------------------------------------------------------------------------------------------------------
01    73.1   083.8   16:22    59.2   03:30     00.0     08.1   00.00   06.1     21.9    04:40     SSE
02    69.8   082.1   19:09    58.3   05:17     00.0     04.9   00.02   02.8     16.1    16:24      SW
03    73.4   091.0   15:03    53.0   05:59     00.0     08.5   00.00   04.6     39.1    17:17     WNW
04    80.5   095.8   14:52    62.8   04:22     00.0     15.5   00.00   04.5     26.4    18:48     NNE
05    71.6   082.8   12:52    61.1   06:35     00.0     06.7   00.04   03.5     14.9    16:01      NW
06    69.9   082.2   15:25    62.1   06:16     00.0     04.9   00.01   03.1     18.4    18:07      NE
07    67.3   082.0   15:01    58.8   05:28     00.0     02.3   00.50   03.2     29.9    16:34      SE
08    72.2   087.3   16:27    59.3   03:30     00.0     07.3   00.07   05.5     33.4    19:29      SW
09    72.2   084.0   15:14    60.8   05:54     00.0     07.2   00.44   05.0     29.9    17:31     WSW
10    68.7   080.8   14:11    57.1   14:26     00.0     03.8   00.17   03.6     74.8    14:23     WSW
11    68.8   083.3   13:37    59.8   23:58     00.0     03.8   00.03   02.5     23.0    17:43     WSW
12    67.9   077.5   17:05    58.5   06:01     00.0     02.9   00.24   03.1     19.6    21:44      NW
13    69.3   082.5   16:27    58.8   04:50     00.0     04.4   00.95   03.2     21.9    19:00      SE
14    70.7   081.8   12:26    61.6   06:19     00.0     05.7   00.00   03.5     24.1    16:15     SSW
15    74.5   087.9   17:00    60.6   04:53     00.0     09.6   00.00   02.9     21.9    20:17     ESE
16    74.1   086.9   15:31    62.8   05:37     00.0     09.1   00.02   03.0     19.6    16:12     WNW
17    77.0   090.4   15:52    62.6   04:55     00.0     12.1   00.00   03.2     19.6    17:33      W 
18    79.1   092.8   16:58    64.3   06:07     00.0     14.1   00.00   03.5     32.2    23:15      SW
19    76.3   092.0   13:08    65.7   04:39     00.0     11.4   00.12   05.0     27.6    17:49     WSW
20    77.3   091.5   15:51    64.3   01:22     00.0     12.3   00.01   03.7     24.1    18:18     SSW
21    74.3   088.5   14:58    60.8   04:46     00.0     09.3   00.00   03.8     24.1    16:32     SSE
22    79.5   093.3   15:30    65.1   06:52     00.0     14.6   00.00   03.8     18.4    04:15      S 
23    79.6   094.4   16:44    64.6   03:04     00.0     14.7   00.00   04.1     16.1    20:14      SE
24    76.6   092.6   16:49    61.0   06:02     00.0     11.6   00.00   03.2     25.3    17:31     SSE
25    79.7   094.7   13:55    65.0   05:26     00.0     14.7   00.00   04.8     25.3    17:37      SE
26    75.0   086.1   11:55    63.6   18:59     00.0     10.0   00.22   03.0     36.8    18:35      SW
27    73.9   086.4   13:49    63.8   06:14     00.0     09.0   00.08   03.5     21.9    19:09     WSW
28    74.5   084.4   13:10    63.2   05:27     00.0     09.6   00.00   02.9     13.8    14:55      W 
29    75.3   089.3   16:37    60.3   05:28     00.0     10.3   00.00   03.4     19.6    17:58      SE
30    79.1   093.3   16:27    61.2   05:15     00.0     14.1   00.00   03.1     21.9    19:52     ESE
31    79.2   096.2   16:38    62.6   05:06     00.0     14.2   00.00   03.0     20.7    19:35      SW
----------------------------------------------------------------------------------------------------------------------------------------------------------
74.2 (74.5)   96.2  day 31     53.0  day 03   000.0    287.0   00.00   03.7     74.8   day 03     SSW
Max >=  86: 19
Min  .008in) 8 (> .08in) 1 (> 0.8in)