NOAA-Style Climate Reports


Report for 2011 August

Daily noaa report




                            MONTHLY CLIMATOLOGICAL SUMMARY for AUG. 2011

NAME: Rockcreek-Hillcrest   CITY: Superior STATE: Colorado
ELEV: 5581 LAT: 039:55:38 LONG: 0105:09:26

                            TEMPERATURE ( °F), RAIN (in.), WIND SPEED (mph)

                                               HEAT     COOL           AVG
      MEAN                                     DEG      DEG            WIND                       DOM
DAY   TEMP    HIGH   TIME     LOW    TIME      DAYS     DAYS    RAIN   SPEED    HIGH    TIME      DIR
----------------------------------------------------------------------------------------------------------------------------------------------------------
01    80.6   091.1   12:49    70.8   04:13     00.0     15.6   00.00   04.4     24.1    17:13      SW
02    72.9   078.4   18:02    65.9   05:37     00.0     07.9   00.00   04.2     17.3    11:53     SSE
03    72.4   085.3   15:29    62.3   06:28     00.0     07.5   00.00   02.5     14.9    19:30      SE
04    73.5   082.8   12:30    62.5   04:52     00.0     08.5   00.00   04.3     20.7    15:53     SSE
05    73.6   090.4   15:03    56.8   05:30     00.0     08.6   00.00   03.2     20.7    19:34     SSE
06    78.1   091.4   15:50    63.1   06:48     00.0     13.1   00.00   04.5     26.4    12:18     SSW
07    77.2   093.1   18:46    56.2   06:18     00.0     12.2   00.00   03.7     23.0    11:39      SW
08    77.1   088.5   16:25    63.0   23:46     00.0     12.2   00.00   05.0     19.6    18:28     SSW
09    72.9   093.6   17:56    59.2   06:50     00.0     07.9   00.00   03.4     26.4    19:15      NE
10    69.1   084.5   16:19    59.1   05:22     00.0     04.2   00.00   03.3     26.4    15:47      E 
11    75.0   093.3   15:15    53.1   06:25     00.0     10.1   00.00   03.8     32.2    21:01     SSW
12    73.6   085.3   18:48    59.5   06:41     00.0     08.6   00.00   03.0     14.9    04:04      SE
13    69.6   081.5   18:02    56.4   06:43     00.0     04.7   00.00   03.3     12.7    18:38      NW
14    72.1   084.9   12:15    59.4   06:39     00.0     07.2   00.00   03.4     21.9    14:12      W 
15    77.7   090.1   15:52    64.5   03:37     00.0     12.7   00.00   03.4     16.1    08:11      S 
16    71.2   082.2   12:27    62.4   03:08     00.0     06.3   00.14   02.8     14.9    05:09     SSW
17    73.4   090.0   17:11    56.6   06:40     00.0     08.5   00.00   02.7     16.1    14:47     WNW
18    81.5   095.8   15:43    66.2   07:01     00.0     16.5   00.00   04.6     20.7    15:27      SW
19    74.2   082.0   16:21    66.4   17:52     00.0     09.2   00.00   05.7     31.1    17:23      SW
20    68.3   068.3   00:00    68.3   00:00     00.0     03.4   00.00   06.9     11.5    00:00      SW
21    68.8   074.8   21:44    68.3   21:35     00.0     03.8   08.96   06.3     11.5    21:35      SW
22    80.2   092.4   15:31    70.1   07:46     00.0     15.3   00.01   04.6     19.6    18:41      S 
23    82.1   093.4   17:49    67.8   01:08     00.0     17.2   00.00   04.0     19.6    13:05      W 
24    79.1   091.0   15:07    67.2   06:01     00.0     14.2   00.00   04.3     21.9    17:14      SW
25    78.6   094.1   16:41    61.2   05:36     00.0     13.6   00.00   04.2     26.4    19:16     WSW
26    78.0   088.2   15:10    67.9   06:14     00.0     13.0   00.00   02.3     14.9    17:50      W 
27    77.8   091.3   15:04    63.7   06:33     00.0     12.9   00.00   04.3     21.9    18:46      SW
28    77.0   089.5   13:09    68.3   23:00     00.0     12.0   00.02   04.1     19.6    15:49      W 
29    69.0   069.0   00:00    69.0   00:00     00.0     04.1   00.00   00.0     03.5    00:00     WNW
30    77.0   090.8   14:01    69.0   08:00     00.0     12.1   00.00   03.5     26.4    21:22      S 
31    78.1   092.6   14:50    65.4   03:45     00.0     13.2   00.00   05.1     34.5    19:15      S 
----------------------------------------------------------------------------------------------------------------------------------------------------------
75.1 (75.3)   95.8  day 18     53.1  day 11   000.0    316.4   00.00   03.9     34.5   day 31      SW
Max >=  86: 19
Min  .008in) 2 (> .08in) 1 (> 0.8in)