NOAA-Style Climate Reports


Report for 2011 September

Daily noaa report




                            MONTHLY CLIMATOLOGICAL SUMMARY for SEP. 2011

NAME: Rockcreek-Hillcrest   CITY: Superior STATE: Colorado
ELEV: 5581 LAT: 039:55:38 LONG: 0105:09:26

                            TEMPERATURE ( °F), RAIN (in.), WIND SPEED (mph)

                                               HEAT     COOL           AVG
      MEAN                                     DEG      DEG            WIND                       DOM
DAY   TEMP    HIGH   TIME     LOW    TIME      DAYS     DAYS    RAIN   SPEED    HIGH    TIME      DIR
----------------------------------------------------------------------------------------------------------------------------------------------------------
01    79.2   091.3   14:43    66.4   06:43     00.0     14.2   00.00   03.1     16.1    14:52      SW
02    69.1   080.8   15:08    55.8   06:56     00.0     04.1   00.00   04.1     25.3    22:10     ESE
03    61.1   068.1   15:40    52.7   23:51     03.8     00.0   00.00   03.5     19.6    04:21      N 
04    58.9   074.3   17:38    45.3   06:49     06.0     00.0   00.00   02.0     11.5    09:25     NNW
05    67.3   086.1   17:04    48.7   05:06     00.0     02.4   00.00   02.3     14.9    13:22     ESE
06    66.0   074.1   04:17    58.9   23:59     00.0     01.1   00.00   03.4     17.3    15:35     WSW
07    55.3   059.0   00:02    53.6   13:21     09.6     00.0   00.50   01.9     14.9    13:04     NNE
08    61.3   074.4   16:07    51.7   06:56     03.6     00.0   00.00   02.2     18.4    18:22      SE
09    62.1   074.7   16:04    48.7   07:11     02.9     00.0   00.00   02.2     13.8    13:18     NNW
10    63.1   077.6   17:39    50.1   07:16     01.9     00.0   00.00   02.5     17.3    16:14      SE
11    65.2   081.1   16:46    46.9   06:53     00.0     00.3   00.00   02.5     19.6    23:50     WSW
12    71.7   081.8   16:10    60.3   06:43     00.0     06.7   00.00   03.2     24.1    14:05      W 
13    65.9   075.1   14:41    54.8   05:46     00.0     00.9   00.00   03.5     17.3    22:24      W 
14    53.9   059.3   00:01    49.0   06:53     11.1     00.0   00.69   02.5     16.1    23:54      NE
15    52.8   058.6   17:05    49.7   23:48     12.2     00.0   36.50   02.6     17.3    01:17     NNE
16    59.7   073.7   14:58    43.2   07:04     05.2     00.0   00.00   01.6     11.5    22:44     SSE
17    62.5   071.4   12:50    51.4   00:00     02.4     00.0   00.00   04.0     28.8    17:05     WSW
18    61.3   075.6   16:03    46.3   06:16     03.7     00.0   00.00   03.0     17.3    19:19      SW
19    69.1   079.7   15:48    57.7   01:28     00.0     04.1   00.00   05.3     24.1    13:23     WSW
20    55.5   067.2   00:48    44.9   06:36     09.5     00.0   00.00   03.2     25.3    03:49      E 
21    52.7   063.0   16:14    43.0   05:32     12.3     00.0   00.04   03.7     16.1    18:57      NW
22    58.1   076.1   16:01    39.2   06:30     06.9     00.0   00.00   02.4     12.7    12:55     SSE
23    69.1   082.1   17:50    50.4   06:17     00.0     04.1   00.00   03.5     14.9    12:31     WSW
24    70.5   082.4   17:05    60.4   23:06     00.0     05.6   00.00   03.6     13.8    06:39     WSW
25    69.9   083.0   17:43    54.5   05:54     00.0     05.0   00.00   03.2     13.8    14:43      W 
26    72.9   084.4   16:08    61.4   23:41     00.0     08.0   00.00   03.2     18.4    16:33      W 
27    68.3   082.3   17:26    56.6   07:01     00.0     03.3   00.00   02.8     13.8    23:29     SSW
28    73.3   085.2   14:45    63.9   04:31     00.0     08.3   00.00   03.6     14.9    15:18      W 
29    57.4   066.3   00:44    47.0   23:17     07.5     00.0   00.00   03.2     18.4    03:51     NNE
30    59.4   078.2   17:21    40.8   07:14     05.5     00.0   00.00   01.9     11.5    20:24      S 
----------------------------------------------------------------------------------------------------------------------------------------------------------
63.7 (63.7)   91.3  day 01     39.2  day 22   103.9    068.2   00.00   03.0     28.8   day 17      W 
Max >=  86: 2
Min  .008in) 3 (> .08in) 1 (> 0.8in)