NOAA-Style Climate Reports


Report for 2011 October

Daily noaa report




                            MONTHLY CLIMATOLOGICAL SUMMARY for OCT. 2011

NAME: Rockcreek-Hillcrest   CITY: Superior STATE: Colorado
ELEV: 5581 LAT: 039:55:38 LONG: 0105:09:26

                            TEMPERATURE ( °F), RAIN (in.), WIND SPEED (mph)

                                               HEAT     COOL           AVG
      MEAN                                     DEG      DEG            WIND                       DOM
DAY   TEMP    HIGH   TIME     LOW    TIME      DAYS     DAYS    RAIN   SPEED    HIGH    TIME      DIR
----------------------------------------------------------------------------------------------------------------------------------------------------------
01    69.6   084.2   15:12    54.5   04:52     00.0     04.6   00.00   03.1     20.7    20:31     SSW
02    68.3   079.3   12:41    54.4   03:56     00.0     03.4   00.00   02.6     14.9    14:10      S 
03    68.0   081.2   15:56    52.8   07:03     00.0     03.1   00.00   02.7     12.7    03:28     SSW
04    68.7   077.5   12:19    52.4   05:41     00.0     03.8   00.00   04.4     14.9    12:35     ESE
05    77.1   077.1   00:00    77.1   00:00     00.0     12.2   00.00   06.9     12.7    00:00     ESE
06    73.9   077.1   21:23    46.1   23:36     00.0     09.0   00.00   07.0     20.7    22:45     ESE
07    50.9   062.2   14:53    34.1   04:59     14.0     00.0   00.00   03.9     19.6    12:57     SSW
08    42.3   049.5   00:05    36.5   12:10     22.7     00.0   00.36   03.8     19.6    17:26      NW
09    45.1   051.8   12:35    37.9   07:45     19.8     00.0   00.00   02.7     13.8    10:44      E 
10    50.3   065.4   16:49    35.7   06:04     14.6     00.0   00.00   02.5     19.6    10:46     SSW
11    58.5   067.1   14:43    52.3   23:01     06.5     00.0   00.00   07.8     34.5    15:49     WSW
12    56.3   067.9   16:21    45.0   07:23     08.6     00.0   00.00   04.5     24.1    15:47     WSW
13    56.9   074.0   16:17    39.4   05:34     08.0     00.0   00.00   03.9     26.4    14:45     WSW
14    51.6   063.4   14:59    40.8   07:30     13.3     00.0   00.00   02.5     11.5    23:03      NW
15    65.2   081.6   16:51    48.3   07:37     00.0     00.3   00.00   04.2     20.7    17:50      SW
16    50.9   062.6   15:23    37.0   07:42     14.1     00.0   00.00   02.1     20.7    02:02      N 
17    46.7   054.3   13:45    35.7   22:08     18.2     00.0   00.06   04.6     27.6    12:48     NNE
18    43.4   055.6   15:07    33.1   01:49     21.6     00.0   00.00   02.6     17.3    13:12      N 
19    43.9   059.3   15:10    29.7   07:16     21.1     00.0   00.00   02.2     12.7    16:09     ESE
20    54.3   069.2   15:30    35.5   03:16     10.7     00.0   00.00   03.6     19.6    08:28     WSW
21    55.8   070.2   16:34    40.6   06:19     09.1     00.0   00.00   02.2     12.7    13:43      SE
22    55.7   066.3   15:04    45.5   07:04     09.2     00.0   00.00   04.0     28.8    10:36      W 
23    60.5   072.1   17:16    42.1   07:14     04.5     00.0   00.00   04.1     26.4    03:41      W 
24    62.2   077.3   15:36    46.3   05:27     02.7     00.0   00.00   04.6     23.0    17:10      SW
25    49.0   061.7   05:27    32.2   00:00     16.0     00.0   14.44   05.0     19.6    05:20     NNW
26    29.0   032.3   00:27    21.2   23:57     35.9     00.0   00.09   01.3     11.5    02:20      NW
27    27.9   041.4   13:04    16.4   07:11     37.0     00.0   00.30   01.1     11.5    12:52     WNW
28    38.6   048.7   14:33    27.5   07:28     26.3     00.0   00.00   02.1     12.7    04:10     SSW
29    51.3   059.8   16:24    36.7   01:18     13.7     00.0   00.00   07.0     31.1    16:10     WSW
30    44.5   062.7   17:05    37.5   14:50     20.4     00.0   00.00   02.5     23.0    19:50      SW
31    57.1   067.8   13:20    42.0   06:41     07.8     00.0   00.00   06.0     31.1    15:52     WSW
----------------------------------------------------------------------------------------------------------------------------------------------------------
54.0 (53.0)   84.2  day 01     16.4  day 27   375.8    036.3   00.00   03.8     34.5   day 11      SW
Min  .08in) 1 (> 0.8in)