NOAA-Style Climate Reports


Report for 2011 November

Daily noaa report




                            MONTHLY CLIMATOLOGICAL SUMMARY for NOV. 2011

NAME: Rockcreek-Hillcrest   CITY: Superior STATE: Colorado
ELEV: 5581 LAT: 039:55:38 LONG: 0105:09:26

                            TEMPERATURE ( °F), RAIN (in.), WIND SPEED (mph)

                                               HEAT     COOL           AVG
      MEAN                                     DEG      DEG            WIND                       DOM
DAY   TEMP    HIGH   TIME     LOW    TIME      DAYS     DAYS    RAIN   SPEED    HIGH    TIME      DIR
----------------------------------------------------------------------------------------------------------------------------------------------------------
01    41.1   057.9   00:32    28.4   00:00     23.8     00.0   00.02   04.5     20.7    22:50      NW
02    26.6   031.5   16:48    18.4   23:30     38.3     00.0   00.05   04.1     19.6    00:37      NW
03    27.6   040.2   15:02    16.2   02:40     37.4     00.0   00.03   00.8     05.8    16:32      W 
04    43.2   060.1   13:40    26.8   04:35     21.7     00.0   00.00   01.9     12.7    20:04      S 
05    47.2   059.9   12:29    38.6   00:00     17.7     00.0   00.04   08.3     33.4    21:42     SSW
06    36.8   049.1   15:48    26.7   07:24     28.2     00.0   00.00   03.1     32.2    00:16     WSW
07    34.5   039.7   13:07    28.2   07:06     30.4     00.0   00.00   02.6     13.8    11:42     NNW
08    34.4   042.3   15:45    28.5   23:21     30.5     00.0   00.00   01.6     12.7    23:55     NNE
09    34.9   044.5   14:37    23.1   06:50     30.1     00.0   00.00   02.4     17.3    02:07      SE
10    49.8   060.7   13:37    30.6   00:44     15.2     00.0   00.00   07.5     36.8    21:50     WSW
11    53.5   064.2   13:33    42.8   18:59     11.4     00.0   00.00   05.0     38.0    00:18      SW
12    53.2   061.5   11:29    41.3   23:10     11.7     00.0   00.00   14.6     57.5    12:57     WSW
13    49.4   055.6   11:56    39.8   20:03     15.6     00.0   00.01   13.2     44.9    01:54     WSW
14    47.9   054.0   14:33    42.4   06:20     17.0     00.0   00.00   11.7     40.3    21:02     WSW
15    44.6   052.7   11:52    26.0   00:00     20.3     00.0   00.00   10.9     42.5    06:47      W 
16    27.2   036.9   14:15    15.9   06:09     37.8     00.0   00.00   03.4     26.4    07:55      NE
17    45.9   058.1   15:13    24.1   05:40     19.0     00.0   00.00   07.5     41.4    08:43     WSW
18    53.6   066.5   14:38    42.7   03:03     11.3     00.0   00.00   04.9     27.6    09:35     SSW
19    33.8   044.1   00:01    26.8   05:51     31.1     00.0   00.00   02.9     19.6    04:10      NE
20    30.1   040.6   16:01    20.3   07:15     34.8     00.0   00.00   01.2     09.2    19:30      N 
21    38.1   050.4   14:12    26.9   03:08     26.8     00.0   00.00   01.2     11.5    23:49     WSW
22    49.0   056.8   13:41    35.6   04:47     16.0     00.0   00.00   09.6     31.1    13:55     WSW
23    52.3   066.6   15:20    43.7   06:48     12.6     00.0   00.00   03.1     20.7    01:19     WSW
24    53.5   067.2   14:23    40.8   06:46     11.4     00.0   00.00   04.0     16.1    21:20      SW
25    47.6   055.8   02:10    32.4   00:00     17.3     00.0   00.01   08.7     34.5    23:26     WSW
26    31.0   039.5   15:42    22.8   05:15     33.9     00.0   00.00   02.8     18.4    02:38      NE
27    45.0   055.9   12:40    25.1   04:58     20.0     00.0   00.00   01.8     09.2    06:34     NNE
28    55.7   055.7   00:00    55.7   00:00     09.2     00.0   00.00   02.3     05.8    00:00     NNE
29    49.6   055.7   09:09    36.9   23:25     15.3     00.0   00.00   02.3     11.5    20:10      NE
30    48.6   057.9   03:24    35.1   23:59     16.3     00.0   00.00   04.7     21.9    03:23     NNE
----------------------------------------------------------------------------------------------------------------------------------------------------------
42.9 (42.1)   67.2  day 24     15.9  day 16   662.4    000.0   00.00   05.1     57.5   day 12     WSW
Max  0.8in)