NOAA-Style Climate Reports


Report for 2011 December

Daily noaa report




                            MONTHLY CLIMATOLOGICAL SUMMARY for DEC. 2011

NAME: Rockcreek-Hillcrest   CITY: Superior STATE: Colorado
ELEV: 5581 LAT: 039:55:38 LONG: 0105:09:26

                            TEMPERATURE ( °F), RAIN (in.), WIND SPEED (mph)

                                               HEAT     COOL           AVG
      MEAN                                     DEG      DEG            WIND                       DOM
DAY   TEMP    HIGH   TIME     LOW    TIME      DAYS     DAYS    RAIN   SPEED    HIGH    TIME      DIR
----------------------------------------------------------------------------------------------------------------------------------------------------------
01    24.4   034.9   00:01    10.7   00:00     40.6     00.0   00.00   04.8     23.0    09:07      N 
02    23.5   038.0   14:38    10.0   02:07     41.4     00.0   00.05   01.8     18.4    18:36     NNW
03    21.1   027.5   00:02    12.0   18:46     43.9     00.0   00.04   03.4     21.9    05:59      NW
04    18.8   029.4   13:29    10.4   00:00     46.1     00.0   00.00   02.6     20.7    20:17      N 
05    04.1   010.3   00:02   -02.9   21:26     60.9     00.0   00.00   00.6     06.9    11:21     NNE
06    19.4   037.0   00:00   -02.2   01:47     45.6     00.0   00.01   01.4     14.9    23:59      SW
07    31.5   042.6   13:17    24.7   06:47     33.5     00.0   00.01   01.7     12.7    00:04     WSW
08    27.7   035.5   15:16    18.1   23:45     37.3     00.0   00.00   01.4     09.2    14:01      SW
09    23.8   035.2   12:32    19.3   20:54     41.1     00.0   00.00   01.2     09.2    15:35      W 
10    29.2   043.7   15:03    18.5   02:34     35.8     00.0   00.00   01.1     06.9    04:45     WSW
11    32.4   047.8   14:05    21.6   07:37     32.5     00.0   00.00   00.9     08.1    16:04     WSW
12    28.3   035.8   12:08    20.8   23:35     36.6     00.0   00.00   01.1     08.1    14:11     WNW
13    27.1   037.9   13:56    17.2   07:21     37.8     00.0   00.00   00.9     08.1    11:38     NNW
14    36.6   047.1   14:08    27.7   00:07     28.4     00.0   00.00   04.1     26.4    18:34     WSW
15    29.0   037.1   14:22    22.4   22:58     35.9     00.0   00.00   02.0     14.9    03:24      S 
16    28.8   038.2   13:26    19.6   06:38     36.2     00.0   00.00   02.6     19.6    11:51     SSE
17    30.2   042.1   14:12    21.2   01:57     34.8     00.0   00.00   00.9     05.8    10:33      W 
18    42.0   059.8   13:01    26.7   00:44     22.9     00.0   00.00   02.8     21.9    17:02     WSW
19    29.5   039.3   02:28    18.5   23:16     35.4     00.0   00.00   02.5     17.3    02:29     NNW
20    29.5   041.7   15:43    18.4   07:31     35.4     00.0   00.04   01.2     10.3    18:18     SSW
21    31.6   040.0   11:53    23.4   01:11     33.3     00.0   00.00   03.9     19.6    23:48     SSW
22    19.8   026.7   00:06    08.3   22:03     45.1     00.0   00.01   03.7     19.6    03:17      N 
23    27.8   036.5   15:16    12.3   01:04     37.2     00.0   00.09   04.1     17.3    06:40      SW
24    31.0   039.1   15:36    21.2   08:13     34.0     00.0   00.00   02.2     12.7    00:46     WSW
25    30.6   040.0   14:01    23.4   00:41     34.4     00.0   00.00   01.3     09.2    07:46      SW
26    37.0   048.0   13:58    25.8   03:35     27.9     00.0   00.00   06.5     34.5    11:36      SW
27    36.8   050.1   12:51    23.9   02:25     28.1     00.0   00.00   06.3     34.5    11:26     WSW
28    46.1   053.9   17:09    34.5   05:09     18.8     00.0   00.00   08.5     42.5    21:22     WSW
29    52.7   058.0   14:42    47.2   23:54     12.3     00.0   00.03   17.2     56.4    09:12      W 
30    51.9   061.3   15:25    44.5   19:26     13.0     00.0   00.00   09.3     39.1    02:50     WSW
31    39.4   057.7   03:35    27.1   19:37     25.6     00.0   00.00   11.2     51.8    05:32     WSW
----------------------------------------------------------------------------------------------------------------------------------------------------------
30.4 (30.6)   61.3  day 30    -02.9  day 05   1071.7    000.0   00.00   03.7     56.4   day 29      W 
Max