NOAA-Style Climate Reports


Report for 2012 January

Daily noaa report




                            MONTHLY CLIMATOLOGICAL SUMMARY for JAN. 2012

NAME: Rockcreek-Hillcrest   CITY: Superior STATE: Colorado
ELEV: 5581 LAT: 039:55:38 LONG: 0105:09:26

                            TEMPERATURE ( °F), RAIN (in.), WIND SPEED (mph)

                                               HEAT     COOL           AVG
      MEAN                                     DEG      DEG            WIND                       DOM
DAY   TEMP    HIGH   TIME     LOW    TIME      DAYS     DAYS    RAIN   SPEED    HIGH    TIME      DIR
----------------------------------------------------------------------------------------------------------------------------------------------------------
01    26.5   032.7   15:33    20.5   23:56     38.4     00.0   00.00   02.9     25.3    00:26      NW
02    38.3   057.4   23:22    20.4   00:27     26.6     00.0   00.00   02.2     23.0    22:46     WSW
03    53.3   059.7   12:49    35.8   00:00     11.7     00.0   00.00   07.3     29.9    07:16      W 
04    46.9   061.4   14:49    30.5   05:25     18.0     00.0   00.00   04.2     20.7    22:38     WSW
05    56.8   066.6   14:46    46.5   03:36     08.2     00.0   00.00   07.1     34.5    22:20     WSW
06    41.5   056.7   01:10    24.7   21:26     23.4     00.0   00.00   05.9     28.8    06:18      W 
07    28.9   038.8   14:18    19.1   23:46     36.1     00.0   00.00   01.2     12.7    15:05      NW
08    27.0   039.4   15:28    17.1   06:50     38.0     00.0   00.04   01.7     13.8    13:32      S 
09    38.0   051.2   15:49    24.1   03:42     26.9     00.0   00.00   02.2     12.7    10:29     SSW
10    47.1   062.1   14:14    32.5   05:00     17.8     00.0   00.00   06.3     31.1    19:32      W 
11    22.9   047.2   00:19    10.3   23:14     42.1     00.0   00.00   05.4     28.8    02:59      N 
12    30.2   037.9   14:21    12.0   00:01     34.8     00.0   00.00   10.0     31.1    03:25      W 
13    39.3   044.0   13:58    27.3   00:01     25.7     00.0   00.00   17.3     46.0    14:36      W 
14    49.7   058.3   14:39    37.4   05:53     15.2     00.0   00.00   12.0     42.5    03:55     WSW
15    50.2   057.3   13:36    41.7   20:20     14.7     00.0   00.00   07.0     33.4    11:40     WSW
16    27.6   047.6   00:06    14.9   00:00     37.3     00.0   00.00   03.5     23.0    03:45      N 
17    22.9   031.4   15:25    10.3   06:34     42.0     00.0   00.00   04.3     20.7    11:24      SE
18    33.3   049.5   21:20    30.9   20:43     31.7     00.0   00.00   09.5     65.5    20:59      SE
19    55.0   062.2   14:53    47.1   00:51     09.9     00.0   00.00   11.5     57.5    04:56      W 
20    48.6   054.1   01:38    35.2   23:14     16.3     00.0   00.00   12.1     48.3    03:08      W 
21    45.3   063.0   15:38    27.2   04:35     19.6     00.0   00.00   05.6     46.0    21:35     WSW
22    40.8   049.0   00:17    33.0   23:25     24.1     00.0   00.00   13.5     48.3    17:03      W 
23    39.0   050.0   11:53    26.5   07:20     25.9     00.0   00.00   04.5     27.6    04:39      W 
24    31.5   035.4   06:22    23.0   23:57     33.5     00.0   00.04   00.9     12.7    11:38     NNW
25    41.9   060.2   15:05    20.7   04:56     23.1     00.0   00.01   08.4     41.4    20:22     WSW
26    47.7   057.2   14:04    40.4   04:49     17.2     00.0   00.00   08.4     46.0    23:57      W 
27    30.9   045.3   00:58    20.4   00:00     34.1     00.0   00.00   06.3     43.7    00:09      NW
28    33.7   044.4   14:07    18.9   06:58     31.2     00.0   00.02   08.4     38.0    12:25      W 
29    48.5   054.1   16:30    41.9   03:16     16.4     00.0   00.00   13.5     34.5    13:05      W 
30    51.4   059.8   14:08    44.0   04:32     13.5     00.0   00.00   10.6     31.1    13:05      W 
31    41.8   050.5   15:34    35.0   19:19     23.1     00.0   00.00   04.6     26.4    01:43      W 
----------------------------------------------------------------------------------------------------------------------------------------------------------
39.9 (39.6)   66.6  day 05     10.3  day 17   776.5    000.0   00.00   07.0     65.6   day 19      W 
Max  0.8in)