NOAA-Style Climate Reports


Report for 2012 February

Daily noaa report




                            MONTHLY CLIMATOLOGICAL SUMMARY for FEB. 2012

NAME: Rockcreek-Hillcrest   CITY: Superior STATE: Colorado
ELEV: 5581 LAT: 039:55:38 LONG: 0105:09:26

                            TEMPERATURE ( °F), RAIN (in.), WIND SPEED (mph)

                                               HEAT     COOL           AVG
      MEAN                                     DEG      DEG            WIND                       DOM
DAY   TEMP    HIGH   TIME     LOW    TIME      DAYS     DAYS    RAIN   SPEED    HIGH    TIME      DIR
----------------------------------------------------------------------------------------------------------------------------------------------------------
01    41.4   050.8   15:11    33.3   07:58     23.6     00.0   00.00   03.5     26.4    06:47      W 
02    35.1   043.7   12:43    28.7   00:00     29.9     00.0   00.00   05.8     27.6    18:32      N 
03    27.5   028.9   00:14    26.2   00:00     37.4     00.0   00.00   07.9     23.0    11:44     NNW
04    25.3   033.2   14:37    19.2   20:03     39.6     00.0   00.08   01.2     12.7    00:33      NW
05    22.3   036.1   13:18    15.7   23:11     42.7     00.0   00.00   01.4     09.2    04:08      W 
06    27.9   036.8   12:06    16.1   03:32     37.0     00.0   00.00   02.2     12.7    22:53      NW
07    22.4   026.0   13:07    20.4   00:00     42.6     00.0   03.40   01.1     10.3    00:10      NE
08    22.5   032.9   23:25    10.5   06:54     42.4     00.0   00.00   01.5     12.7    16:54      W 
09    32.6   043.0   15:06    24.0   07:28     32.3     00.0   00.00   02.0     17.3    00:17      SW
10    26.8   034.5   10:16    17.9   23:55     38.2     00.0   00.00   02.4     11.5    12:46     WNW
11    13.3   021.3   09:19    06.0   00:00     51.7     00.0   00.00   01.1     12.7    02:06     NNE
12    17.1   027.0   23:34    05.9   00:13     47.9     00.0   00.01   00.7     10.3    17:22      N 
13    33.5   041.8   16:01    22.6   00:31     31.4     00.0   00.00   02.4     12.7    22:03      S 
14    32.4   042.9   12:51    21.5   06:20     32.5     00.0   00.00   01.8     13.8    00:26      W 
15    28.7   035.0   14:13    24.4   23:45     36.2     00.0   00.00   01.6     09.2    03:24      S 
16    31.8   046.0   14:58    19.0   07:16     33.1     00.0   00.00   03.3     26.4    13:14     WSW
17    33.7   038.7   12:44    24.4   00:00     31.2     00.0   00.00   03.8     16.1    00:07      W 
18    27.0   039.2   13:13    16.7   04:49     37.9     00.0   00.00   01.3     11.5    13:57     WNW
19    32.0   040.1   12:15    23.2   04:35     32.9     00.0   00.00   02.5     12.7    21:11      NW
20    32.6   037.3   14:51    28.0   08:06     32.3     00.0   00.00   08.5     39.1    16:47      W 
21    40.2   047.9   23:59    31.7   08:07     24.7     00.0   00.00   14.9     50.6    13:34      W 
22    52.4   057.2   17:29    45.9   00:00     12.6     00.0   00.02   24.6     72.5    17:33      W 
23    28.9   046.7   01:33    19.1   21:00     36.0     00.0   00.09   04.9     38.0    02:36     NNW
24    30.5   042.6   16:05    20.5   03:30     34.5     00.0   00.00   05.7     25.3    13:40      W 
25    39.1   062.8   13:38    21.0   03:11     25.9     00.0   00.00   08.9     46.0    00:00      W 
26    32.3   040.2   16:20    21.8   22:58     32.6     00.0   00.02   13.7     49.5    00:24      W 
27    30.8   047.1   14:42    17.7   06:29     34.1     00.0   00.00   01.8     11.5    15:55     NNW
28    34.8   044.4   17:24    25.6   05:18     30.1     00.0   00.00   05.7     42.5    18:00      W 
29    42.6   053.0   14:01    33.2   01:42     22.4     00.0   00.00   09.8     55.2    05:48      W 
----------------------------------------------------------------------------------------------------------------------------------------------------------
30.9 (31.3)   62.8  day 25     05.9  day 12   985.9    000.0   00.00   05.0     72.5   day 22      W 
Max