NOAA-Style Climate Reports


Report for 2012 April

Daily noaa report




                            MONTHLY CLIMATOLOGICAL SUMMARY for APR. 2012

NAME: Rockcreek-Hillcrest   CITY: Superior STATE: Colorado
ELEV: 5581 LAT: 039:55:38 LONG: 0105:09:26

                            TEMPERATURE ( °F), RAIN (in.), WIND SPEED (mph)

                                               HEAT     COOL           AVG
      MEAN                                     DEG      DEG            WIND                       DOM
DAY   TEMP    HIGH   TIME     LOW    TIME      DAYS     DAYS    RAIN   SPEED    HIGH    TIME      DIR
----------------------------------------------------------------------------------------------------------------------------------------------------------
01    68.6   081.5   16:40    54.2   06:45     00.0     03.6   00.00   05.7     23.0    13:59     SSW
02    44.0   064.5   00:06    34.7   00:00     21.0     00.0   00.01   08.4     24.1    07:30     NNE
03    34.4   036.6   00:00    31.6   08:54     30.6     00.0   00.24   04.6     21.9    03:48     NNW
04    46.3   062.0   17:06    33.1   06:50     18.6     00.0   00.01   01.9     11.5    14:37     SSW
05    54.1   071.9   16:11    38.6   07:08     10.8     00.0   00.00   03.3     19.6    17:10      SW
06    57.3   074.9   15:25    39.8   06:55     07.6     00.0   00.00   12.1     40.3    21:44      SW
07    46.4   059.4   17:05    29.7   06:02     18.5     00.0   00.00   05.0     21.9    00:02     ESE
08    52.4   071.1   16:57    33.8   06:02     12.5     00.0   00.00   03.3     16.1    15:20      SE
09    51.1   066.5   18:26    34.7   06:51     13.9     00.0   00.00   02.8     13.8    15:11     NNW
10    55.8   074.6   16:36    36.0   06:28     09.1     00.0   00.00   03.2     12.7    22:44      NW
11    55.5   066.2   15:50    46.4   07:01     09.4     00.0   00.23   04.8     28.8    23:25      NW
12    53.8   065.6   15:02    44.9   06:43     11.1     00.0   00.02   05.8     27.6    20:38     WSW
13    52.8   062.5   14:11    43.5   05:06     12.2     00.0   00.00   09.0     34.5    11:43      W 
14    46.7   059.5   13:52    35.5   00:00     18.3     00.0   00.20   04.1     26.4    14:57      N 
15    41.9   049.8   13:07    33.8   00:44     23.0     00.0   00.17   06.0     34.5    12:42     NNW
16    47.5   059.5   16:16    35.2   06:43     17.4     00.0   00.01   05.5     28.8    16:16     WSW
17    55.9   068.9   14:14    42.3   03:19     09.0     00.0   00.00   05.2     28.8    19:14      SW
18    56.7   071.4   16:09    39.4   06:41     08.2     00.0   00.00   04.6     23.0    23:10      SW
19    52.7   064.7   15:53    43.7   06:22     12.2     00.0   00.00   04.8     29.9    17:58     WNW
20    54.2   068.3   18:14    39.3   07:00     10.7     00.0   00.00   04.3     25.3    16:53     WSW
21    63.3   072.9   16:36    53.3   00:00     01.6     00.0   00.00   05.6     24.1    04:13     NNW
22    58.6   073.7   15:43    43.2   06:33     06.4     00.0   00.00   02.8     12.7    13:52     NNW
23    64.2   081.0   15:50    44.4   03:57     00.7     00.0   00.00   02.9     17.3    16:53     ESE
24    70.4   084.7   12:39    55.1   06:34     00.0     05.5   00.00   06.3     34.5    15:44      W 
25    67.8   079.5   13:38    54.4   06:07     00.0     02.9   00.00   03.9     19.6    20:02      SW
26    66.1   079.8   15:04    53.8   00:00     00.0     01.1   00.05   04.0     34.5    21:50     SSW
27    55.1   062.6   11:45    44.0   23:58     09.9     00.0   00.01   11.8     43.7    14:10      W 
28    50.1   062.5   14:45    39.5   06:02     14.9     00.0   00.00   09.3     34.5    01:19     WSW
29    49.4   065.8   18:14    34.2   06:34     15.5     00.0   00.00   03.2     13.8    02:31     NNW
30    59.2   076.6   16:09    40.0   04:03     05.8     00.0   00.00   05.1     21.9    13:07      SW
----------------------------------------------------------------------------------------------------------------------------------------------------------
54.4 (54.5)   84.7  day 24     29.7  day 07   328.9    013.1   00.00   05.3     43.7   day 27      W 
Min  .008in) 4 (> .08in) 0 (> 0.8in)