NOAA-Style Climate Reports


Report for 2012 May

Daily noaa report




                            MONTHLY CLIMATOLOGICAL SUMMARY for MAY. 2012

NAME: Rockcreek-Hillcrest   CITY: Superior STATE: Colorado
ELEV: 5581 LAT: 039:55:38 LONG: 0105:09:26

                            TEMPERATURE ( °F), RAIN (in.), WIND SPEED (mph)

                                               HEAT     COOL           AVG
      MEAN                                     DEG      DEG            WIND                       DOM
DAY   TEMP    HIGH   TIME     LOW    TIME      DAYS     DAYS    RAIN   SPEED    HIGH    TIME      DIR
----------------------------------------------------------------------------------------------------------------------------------------------------------
01    66.0   077.1   16:25    55.4   00:07     00.0     01.1   00.00   06.1     31.1    15:45     WSW
02    62.4   074.8   14:06    50.5   06:54     02.6     00.0   00.00   04.4     19.6    18:30     WNW
03    65.6   080.5   16:23    47.5   06:23     00.0     00.6   00.00   04.0     21.9    12:57     SSE
04    71.0   085.6   17:01    56.1   06:11     00.0     06.1   00.00   04.6     20.7    16:00      SW
05    66.9   079.8   14:31    48.0   05:46     00.0     01.9   00.00   05.2     26.4    23:20     NNE
06    50.1   058.6   15:11    42.4   06:23     14.9     00.0   00.28   03.6     17.3    01:05     ENE
07    43.5   049.8   16:47    36.8   11:09     21.5     00.0   00.46   01.7     10.3    10:19     NNE
08    51.2   064.6   17:08    37.2   06:08     13.8     00.0   00.00   02.3     12.7    11:42      E 
09    61.3   077.4   16:15    43.5   04:21     03.7     00.0   00.00   03.1     16.1    12:34      SE
10    70.5   082.1   14:43    56.2   00:23     00.0     05.5   00.00   05.1     36.8    23:33      SW
11    42.9   060.8   00:02    38.5   23:39     22.1     00.0   00.22   05.0     31.1    00:02      NE
12    42.5   048.2   18:28    36.9   03:20     22.4     00.0   00.09   01.8     17.3    19:55      NE
13    50.2   063.3   18:46    40.5   00:46     14.7     00.0   00.01   01.9     11.5    12:36     NNW
14    61.0   078.2   16:58    45.9   05:12     03.9     00.0   00.00   03.1     11.5    14:11     WSW
15    64.4   080.2   15:38    48.8   05:50     00.5     00.0   00.00   03.5     14.9    09:19      NW
16    64.7   080.4   15:01    48.0   06:28     00.3     00.0   00.00   04.8     29.9    19:15     WSW
17    68.5   080.4   17:24    56.7   23:43     00.0     03.6   00.00   04.3     28.8    13:16      W 
18    66.4   076.2   14:08    52.0   04:01     00.0     01.5   00.00   04.3     41.4    20:43     WNW
19    51.0   062.0   00:01    43.8   00:00     13.9     00.0   00.22   03.5     20.7    08:18     NNE
20    58.1   073.9   15:02    40.9   03:36     06.9     00.0   00.01   02.3     35.6    16:26      S 
21    67.7   086.4   18:54    46.1   05:44     00.0     02.8   00.00   02.7     13.8    15:25     SSW
22    74.5   090.6   16:54    59.5   01:38     00.0     09.6   00.00   04.1     18.4    18:31      SW
23    57.8   068.5   01:04    48.3   00:00     07.2     00.0   00.55   03.5     19.6    07:37     ENE
24    55.8   069.6   17:41    44.3   03:53     09.2     00.0   00.01   08.4     34.5    11:02      W 
25    58.2   070.8   17:00    47.8   06:41     06.8     00.0   00.00   02.6     18.4    09:58      NW
26    67.6   088.4   16:49    48.9   05:46     00.0     02.7   00.00   05.5     28.8    17:08      SW
27    61.5   070.1   17:02    52.3   06:28     03.4     00.0   00.00   09.7     38.0    19:30      W 
28    62.5   076.8   17:02    50.9   05:59     02.5     00.0   00.00   09.0     33.4    09:20      W 
29    62.0   078.4   19:12    44.0   06:25     03.0     00.0   00.00   03.0     17.3    11:37     SSE
30    58.3   072.5   17:08    50.9   00:00     06.6     00.0   00.00   02.6     24.1    17:42     NNE
31    59.1   073.0   16:37    44.4   06:02     05.9     00.0   00.00   02.8     12.7    14:23      E 
----------------------------------------------------------------------------------------------------------------------------------------------------------
60.1 (60.4)   90.6  day 22     36.8  day 07   185.4    035.4   00.00   04.1     41.4   day 27      W 
Max >=  86: 3
Min  .008in) 6 (> .08in) 0 (> 0.8in)