NOAA-Style Climate Reports


Report for 2012 June

Daily noaa report




                            MONTHLY CLIMATOLOGICAL SUMMARY for JUN. 2012

NAME: Rockcreek-Hillcrest   CITY: Superior STATE: Colorado
ELEV: 5581 LAT: 039:55:38 LONG: 0105:09:26

                            TEMPERATURE ( °F), RAIN (in.), WIND SPEED (mph)

                                               HEAT     COOL           AVG
      MEAN                                     DEG      DEG            WIND                       DOM
DAY   TEMP    HIGH   TIME     LOW    TIME      DAYS     DAYS    RAIN   SPEED    HIGH    TIME      DIR
----------------------------------------------------------------------------------------------------------------------------------------------------------
01    65.5   081.3   16:29    50.4   04:16     00.0     00.6   00.00   03.6     20.7    17:05     ENE
02    64.6   076.1   12:47    52.6   06:17     00.4     00.0   00.00   04.6     38.0    14:33     WSW
03    74.7   088.2   15:42    61.8   02:06     00.0     09.8   00.01   04.1     27.6    19:02     SSW
04    73.6   091.1   14:51    52.0   05:49     00.0     08.6   00.00   05.6     38.0    20:03     SSE
05    72.5   084.0   13:22    55.2   06:11     00.0     07.6   00.00   09.8     35.6    14:59     SSE
06    68.9   082.1   15:39    55.9   04:53     00.0     03.9   00.00   06.2     31.1    23:52     NNE
07    68.6   081.6   18:24    60.0   06:17     00.0     03.6   00.01   03.6     32.2    23:45      SW
08    75.1   090.0   15:45    57.2   05:23     00.0     10.2   00.00   04.8     21.9    18:21      SE
09    81.5   095.0   17:04    64.5   05:42     00.0     16.6   00.00   05.7     27.6    23:08      SW
10    65.2   075.0   00:01    53.4   06:17     00.0     00.2   00.00   06.5     26.4    02:46     SSE
11    65.6   078.2   16:57    48.8   05:40     00.0     00.7   00.00   06.4     26.4    02:02     SSE
12    67.1   083.3   14:50    49.1   06:07     00.0     02.2   00.00   03.1     25.3    13:13      E 
13    75.3   089.6   15:26    52.2   05:51     00.0     10.3   00.00   04.5     23.0    14:58     SSE
14    72.5   083.2   15:24    63.8   08:15     00.0     07.6   00.00   03.7     19.6    21:07     ESE
15    71.0   080.4   18:27    61.8   02:59     00.0     06.1   00.00   05.4     32.2    13:59      S 
17    75.8   095.0   16:00    59.5   06:24     00.0     10.9   00.00   06.9     35.6    11:02      W 
18    85.3   097.5   15:32    70.4   06:31     00.0     20.3   00.00   05.7     28.8    22:28      W 
19    83.9   092.9   16:16    70.7   23:25     00.0     18.9   00.00   07.0     34.5    01:36     ENE
20    65.1   073.1   00:25    54.8   07:31     00.0     00.2   00.00   03.4     19.6    01:09      NE
21    72.1   087.9   17:01    56.8   06:36     00.0     07.2   00.00   02.6     13.8    17:19      SE
22    77.8   095.9   18:52    56.4   06:23     00.0     12.9   00.00   03.1     20.7    23:10     NNW
23    86.0   100.0   18:05    69.1   05:49     00.0     21.1   00.00   05.1     26.4    13:50      E 
24    85.5   100.3   15:06    67.6   05:57     00.0     20.5   00.03   04.2     34.5    19:32     NNE
28    77.7   088.5   11:39    68.5   00:00     00.0     12.8   00.06   04.8     34.5    17:20      SW
29    81.2   092.7   12:22    66.1   06:32     00.0     16.2   00.02   04.7     32.2    18:05     SSW
30    80.7   093.8   14:01    64.7   02:16     00.0     15.7   00.00   03.4     31.1    16:49     WSW
----------------------------------------------------------------------------------------------------------------------------------------------------------
74.3 (73.5)   100.3  day 24     48.8  day 11   000.4    244.8   00.00   04.9     38.0   day 02     SSE
Max >=  86: 15
Min  .008in) 0 (> .08in) 0 (> 0.8in)