NOAA-Style Climate Reports


Report for 2012 July

Daily noaa report




                            MONTHLY CLIMATOLOGICAL SUMMARY for JUL. 2012

NAME: Rockcreek-Hillcrest   CITY: Superior STATE: Colorado
ELEV: 5581 LAT: 039:55:38 LONG: 0105:09:26

                            TEMPERATURE ( °F), RAIN (in.), WIND SPEED (mph)

                                               HEAT     COOL           AVG
      MEAN                                     DEG      DEG            WIND                       DOM
DAY   TEMP    HIGH   TIME     LOW    TIME      DAYS     DAYS    RAIN   SPEED    HIGH    TIME      DIR
----------------------------------------------------------------------------------------------------------------------------------------------------------
01    82.4   099.4   17:55    62.8   06:27     00.0     17.5   00.00   04.8     28.8    21:03     SSE
02    78.0   095.1   16:24    62.6   05:43     00.0     13.1   00.00   04.6     26.4    17:20      NW
03    77.3   089.6   11:49    67.0   05:49     00.0     12.3   00.00   05.1     33.4    14:25     SSW
04    80.2   092.7   16:45    64.7   03:16     00.0     15.3   00.00   03.8     19.6    14:33      N 
05    78.7   095.1   15:55    69.4   06:47     00.0     13.7   00.00   04.6     23.0    16:26     WNW
06    71.3   082.7   12:58    61.8   22:20     00.0     06.4   00.27   05.0     24.1    21:28      W 
07    65.8   078.5   16:17    59.4   23:54     00.0     00.9   00.93   03.1     39.1    17:04     ESE
08    64.9   075.5   16:08    59.4   00:55     00.0     00.0   00.17   02.5     17.3    17:01      N 
09    69.0   080.7   17:29    61.7   05:34     00.0     04.0   00.27   01.9     11.5    14:21      NE
10    71.7   086.9   16:55    59.1   06:17     00.0     06.8   00.00   02.5     13.8    17:43     ENE
11    73.9   090.2   18:26    58.3   05:20     00.0     09.0   00.00   01.6     11.5    10:07     WSW
12    75.7   088.9   15:07    62.3   04:30     00.0     10.7   00.00   03.2     16.1    15:21      NW
13    79.2   093.5   17:18    65.1   06:42     00.0     14.2   00.00   03.1     19.6    16:28     ENE
14    77.2   093.1   13:44    63.0   04:56     00.0     12.3   00.00   03.7     18.4    16:38      SW
15    77.9   091.4   13:49    66.2   06:24     00.0     13.0   00.00   06.0     32.2    15:19      W 
16    73.4   084.9   17:01    62.4   05:46     00.0     08.5   00.10   04.7     26.4    18:16     SSW
17    75.5   086.4   15:36    65.1   06:19     00.0     10.5   00.00   03.9     19.6    01:38      SW
18    77.8   092.4   15:22    62.9   05:03     00.0     12.9   00.00   04.5     21.9    17:44      SW
19    80.3   098.6   14:55    64.5   03:11     00.0     15.4   00.00   02.7     18.4    16:54      S 
20    82.6   098.9   16:46    65.1   06:09     00.0     17.6   00.00   03.8     19.6    23:05     SSE
21    82.8   096.2   15:41    68.0   02:42     00.0     17.9   00.00   03.7     23.0    19:23      W 
22    79.1   092.3   14:21    67.2   06:23     00.0     14.2   00.00   03.3     23.0    15:15     WNW
23    78.8   095.9   15:57    67.5   04:57     00.0     13.8   00.04   06.2     38.0    19:35     WSW
24    79.4   096.1   15:27    65.9   05:41     00.0     14.5   00.02   03.9     29.9    23:26     WNW
25    74.6   085.9   15:02    63.6   00:00     00.0     09.6   00.00   05.8     34.5    02:10      W 
26    73.9   087.4   16:59    59.8   05:11     00.0     09.0   00.00   03.5     14.9    19:16      N 
27    73.5   087.2   11:51    62.7   05:51     00.0     08.6   00.06   05.6     29.9    19:15      SW
28    75.8   088.1   13:57    66.1   07:01     00.0     10.9   00.00   04.9     26.4    22:23      SW
29    74.4   086.9   13:53    63.9   23:34     00.0     09.4   00.02   04.0     25.3    16:25     WNW
30    71.2   082.3   11:57    61.2   06:45     00.0     06.3   00.02   02.9     25.3    15:59     WNW
31    77.1   091.0   17:13    62.1   06:59     00.0     12.1   00.00   03.7     18.4    22:33     SSE
----------------------------------------------------------------------------------------------------------------------------------------------------------
75.9 (76.7)   99.4  day 01     58.3  day 11   000.0    340.4   00.00   04.0     39.1   day 15     WSW
Max >=  86: 24
Min  .008in) 5 (> .08in) 1 (> 0.8in)