NOAA-Style Climate Reports


Report for 2012 August

Daily noaa report




                            MONTHLY CLIMATOLOGICAL SUMMARY for AUG. 2012

NAME: Rockcreek-Hillcrest   CITY: Superior STATE: Colorado
ELEV: 5581 LAT: 039:55:38 LONG: 0105:09:26

                            TEMPERATURE ( °F), RAIN (in.), WIND SPEED (mph)

                                               HEAT     COOL           AVG
      MEAN                                     DEG      DEG            WIND                       DOM
DAY   TEMP    HIGH   TIME     LOW    TIME      DAYS     DAYS    RAIN   SPEED    HIGH    TIME      DIR
----------------------------------------------------------------------------------------------------------------------------------------------------------
01    76.7   090.7   13:40    66.7   17:46     00.0     11.8   00.03   04.0     25.3    17:14      W 
02    75.5   088.6   15:13    67.2   06:42     00.0     10.6   00.01   05.0     27.6    16:51     WSW
03    81.9   093.9   15:21    68.3   00:00     00.0     17.0   00.00   08.8     40.3    19:56      W 
04    68.3   080.6   17:39    57.6   06:32     00.0     03.3   00.00   03.9     26.4    01:26     ENE
05    74.4   094.8   16:43    55.7   05:36     00.0     09.5   00.00   02.7     14.9    15:34     SSE
06    82.7   091.9   11:20    72.0   00:50     00.0     17.8   00.00   05.6     26.4    15:17     WNW
07    78.4   089.2   16:58    63.6   06:46     00.0     13.4   00.00   03.4     20.7    17:21      N 
08    78.5   093.6   14:41    60.8   06:04     00.0     13.6   00.00   02.6     16.1    17:27     SSE
09    75.2   085.4   14:10    59.5   06:33     00.0     10.3   00.00   03.1     14.9    00:00     NNW
10    76.9   090.3   16:18    62.2   06:40     00.0     12.0   00.00   04.0     26.4    21:21     WSW
11    76.2   089.5   16:08    63.4   19:11     00.0     11.3   00.05   05.6     32.2    19:13     WNW
12    71.2   085.7   17:39    56.8   06:23     00.0     06.3   00.05   02.0     18.4    00:38      SE
13    68.4   079.7   14:15    60.0   06:16     00.0     03.4   00.01   04.1     27.6    14:30     WSW
14    74.8   091.3   14:02    56.7   06:43     00.0     09.9   00.00   03.2     23.0    15:35      E 
15    74.5   074.6   00:00    71.8   01:03     00.0     09.6   00.00   03.5     11.5    01:20      W 
16    67.1   074.6   06:48    55.2   07:28     00.0     02.1   00.00   03.8     16.1    14:56     NNW
17    65.4   084.0   15:14    48.0   06:21     00.0     00.4   00.00   01.8     14.9    20:50      N 
18    68.5   081.1   17:32    56.6   06:56     00.0     03.6   00.00   02.6     17.3    08:45     NNE
19    66.5   082.8   16:33    52.0   06:44     00.0     01.5   00.00   02.2     13.8    15:37      N 
20    68.6   082.6   16:11    57.0   06:36     00.0     03.6   00.00   03.3     26.4    19:54      W 
21    73.4   086.5   15:24    59.1   06:53     00.0     08.5   00.00   02.8     13.8    18:15      SE
22    74.4   089.7   14:17    62.2   06:52     00.0     09.5   00.00   05.2     31.1    16:32     WSW
23    71.4   080.8   16:18    62.2   06:48     00.0     06.4   00.01   03.0     17.3    17:55      SW
24    73.5   085.2   13:23    59.0   05:14     00.0     08.6   00.00   04.3     31.1    17:22      W 
25    70.6   081.1   18:03    60.3   07:02     00.0     05.6   00.00   04.0     23.0    02:53     NNW
26    75.4   091.5   15:59    57.1   06:54     00.0     10.5   00.00   02.4     14.9    14:30     ESE
27    77.0   092.2   13:09    62.4   05:10     00.0     12.0   00.00   03.7     27.6    14:18      SW
28    78.7   092.0   13:27    66.6   06:27     00.0     13.7   00.00   03.4     28.8    15:12      SW
29    79.4   093.1   15:59    64.8   06:34     00.0     14.5   00.00   04.4     31.1    20:59     WSW
30    78.4   089.0   14:20    68.9   00:00     00.0     13.4   00.00   04.4     25.3    14:48      NW
31    75.9   091.7   14:46    59.5   05:51     00.0     11.0   00.00   03.4     19.6    13:16     SSE
----------------------------------------------------------------------------------------------------------------------------------------------------------
74.1 (74.0)   94.8  day 05     48.0  day 17   000.0    284.7   00.00   03.8     40.3   day 03      W 
Max >=  86: 18
Min  .008in) 0 (> .08in) 0 (> 0.8in)