NOAA-Style Climate Reports


Report for 2012 September

Daily noaa report




                            MONTHLY CLIMATOLOGICAL SUMMARY for SEP. 2012

NAME: Rockcreek-Hillcrest   CITY: Superior STATE: Colorado
ELEV: 5581 LAT: 039:55:38 LONG: 0105:09:26

                            TEMPERATURE ( °F), RAIN (in.), WIND SPEED (mph)

                                               HEAT     COOL           AVG
      MEAN                                     DEG      DEG            WIND                       DOM
DAY   TEMP    HIGH   TIME     LOW    TIME      DAYS     DAYS    RAIN   SPEED    HIGH    TIME      DIR
----------------------------------------------------------------------------------------------------------------------------------------------------------
01    74.2   089.7   13:37    61.3   05:39     00.0     09.2   00.00   04.2     34.5    14:20      SW
02    75.7   087.1   12:55    65.8   23:31     00.0     10.8   00.01   05.4     24.1    18:58      SW
03    73.7   086.6   14:55    59.9   04:49     00.0     08.8   04.64   04.7     34.5    13:33     WNW
04    76.2   089.0   16:07    63.1   05:58     00.0     11.3   00.00   06.5     26.4    16:27      W 
05    69.1   084.8   16:42    50.5   07:01     00.0     04.1   00.00   03.8     21.9    01:55      S 
06    75.5   086.2   17:57    60.2   06:34     00.0     10.6   00.00   03.4     25.3    23:40     WSW
07    59.4   068.6   00:01    53.0   00:00     05.5     00.0   00.02   03.4     25.3    02:13     NNW
08    62.1   076.5   15:55    49.1   02:48     02.8     00.0   00.03   02.2     13.8    15:40     NNE
09    68.8   087.1   16:37    50.3   05:05     00.0     03.9   00.00   02.4     13.8    18:46     SSE
10    78.3   089.4   13:47    64.5   03:32     00.0     13.4   00.00   03.4     25.3    09:49     WSW
11    72.4   083.8   13:47    59.9   21:26     00.0     07.4   00.02   02.6     12.7    20:55      W 
12    54.1   060.8   00:11    50.3   07:45     10.9     00.0   26.84   03.0     14.9    05:52     ESE
13    57.9   069.1   15:20    50.5   07:26     07.1     00.0   00.08   01.8     13.8    13:15     ENE
14    62.8   076.6   16:16    49.3   07:11     02.1     00.0   00.07   03.0     16.1    15:10      S 
15    68.2   084.0   14:45    50.9   06:00     00.0     03.2   00.03   02.8     16.1    15:27     SSW
16    73.6   084.8   15:49    62.6   00:00     00.0     08.7   00.01   07.0     24.1    23:38      W 
17    56.4   064.8   16:18    48.6   00:00     08.5     00.0   00.00   02.0     14.9    11:18      NE
18    59.8   075.7   15:55    47.5   00:43     05.2     00.0   00.00   02.4     14.9    15:18     SSE
19    68.6   078.6   15:59    55.7   00:00     00.0     03.6   00.00   03.4     19.6    06:19      SW
20    66.0   080.2   14:17    53.9   03:24     00.0     01.1   00.00   03.0     14.9    11:25     WNW
21    65.0   078.3   17:10    53.0   07:25     00.0     00.0   00.00   01.7     11.5    15:06     WSW
22    62.6   076.9   16:27    49.0   07:28     02.4     00.0   00.00   02.2     10.3    18:05      NW
23    69.8   086.1   14:49    50.6   06:29     00.0     04.8   00.00   03.4     21.9    12:33      W 
24    69.9   079.4   16:07    58.3   00:00     00.0     05.0   00.00   05.5     24.1    06:35      W 
25    58.4   068.1   14:34    49.8   06:18     06.5     00.0   00.01   02.6     21.9    19:28     WSW
26    56.0   063.8   14:32    50.6   00:00     08.9     00.0   00.06   01.9     13.8    18:39      N 
27    53.9   063.0   14:34    47.3   07:20     11.0     00.0   00.02   02.0     20.7    16:30     NNW
28    56.9   069.8   15:10    45.2   07:23     08.1     00.0   00.02   01.9     12.7    14:53      E 
29    62.2   076.0   17:12    49.0   06:55     02.8     00.0   00.00   01.8     13.8    14:46      NE
30    64.2   073.3   16:01    54.8   00:33     00.7     00.0   00.00   04.5     24.1    19:03     WNW
----------------------------------------------------------------------------------------------------------------------------------------------------------
65.7 (65.9)   89.7  day 01     45.2  day 28   082.5    105.9   00.00   03.3     34.5   day 01      W 
Max >=  86: 8
Min  .008in) 3 (> .08in) 2 (> 0.8in)