NOAA-Style Climate Reports


Report for 2012 November

Daily noaa report




                            MONTHLY CLIMATOLOGICAL SUMMARY for NOV. 2012

NAME: Rockcreek-Hillcrest   CITY: Superior STATE: Colorado
ELEV: 5581 LAT: 039:55:38 LONG: 0105:09:26

                            TEMPERATURE ( °F), RAIN (in.), WIND SPEED (mph)

                                               HEAT     COOL           AVG
      MEAN                                     DEG      DEG            WIND                       DOM
DAY   TEMP    HIGH   TIME     LOW    TIME      DAYS     DAYS    RAIN   SPEED    HIGH    TIME      DIR
----------------------------------------------------------------------------------------------------------------------------------------------------------
01    53.3   067.8   14:20    42.2   06:01     11.6     00.0   00.00   01.7     09.2    23:30     WSW
02    54.0   062.1   13:17    39.4   23:18     10.9     00.0   00.00   06.2     24.1    11:43     WSW
03    43.4   054.6   14:16    32.6   07:15     21.6     00.0   00.00   01.3     11.5    21:37      NW
04    49.7   062.0   14:33    39.0   04:50     15.2     00.0   00.00   03.0     21.9    09:12     WNW
05    53.1   066.4   14:52    36.6   02:33     11.9     00.0   00.00   05.8     26.4    22:59     WSW
06    55.5   062.8   13:56    44.1   20:04     09.4     00.0   00.00   04.4     26.4    03:06      W 
07    56.3   071.7   14:59    39.5   05:58     08.7     00.0   00.00   02.6     19.6    20:29      W 
08    50.7   062.3   04:35    36.5   00:00     14.2     00.0   00.00   03.4     20.7    04:20      W 
09    43.3   057.3   14:34    36.5   00:05     21.7     00.0   00.00   01.3     19.6    22:58     WNW
10    37.5   055.2   01:49    20.8   23:57     27.5     00.0   00.02   06.6     28.8    03:02     SSW
11    26.4   034.8   13:55    17.7   07:38     38.6     00.0   00.01   07.5     34.5    19:17      W 
12    33.7   045.1   14:48    27.9   04:33     31.3     00.0   00.03   04.6     36.8    00:39      W 
13    40.0   052.9   13:50    29.9   01:12     25.0     00.0   00.00   03.6     25.3    05:21      W 
14    38.2   053.7   16:09    27.6   07:10     26.7     00.0   00.00   01.5     11.5    16:40      NW
15    36.0   043.4   15:30    29.2   23:55     28.9     00.0   00.00   01.3     09.2    15:29      SW
16    40.0   054.6   15:00    26.4   05:45     25.0     00.0   00.00   01.2     09.2    13:51      W 
17    49.0   061.9   14:19    40.5   07:39     16.0     00.0   00.00   03.6     25.3    08:09      SW
18    50.1   060.7   13:52    36.2   05:27     14.9     00.0   00.00   08.5     34.5    15:00      W 
19    49.2   056.4   14:41    40.1   22:59     15.8     00.0   00.00   04.5     20.7    08:22     WSW
20    49.2   066.9   15:43    34.8   05:07     15.7     00.0   00.00   02.5     13.8    12:35     SSW
21    55.9   069.6   13:34    42.4   06:35     09.1     00.0   00.00   03.4     19.6    08:21     WSW
23    49.0   058.2   10:14    34.0   22:33     15.9     00.0   00.00   07.1     33.4    07:02     WSW
24    59.3   064.6   16:00    39.9   00:01     05.6     00.0   00.00   12.3     35.6    11:53      W 
25    50.5   064.5   13:35    37.8   23:48     14.5     00.0   00.00   04.5     31.1    14:30     WSW
26    29.7   038.4   00:02    21.9   23:30     35.3     00.0   00.00   01.7     16.1    07:54     ENE
27    47.7   061.8   14:39    21.2   01:28     17.3     00.0   00.00   07.8     32.2    09:41      W 
28    43.9   058.1   14:50    34.5   01:32     21.1     00.0   00.00   02.9     29.9    06:40     WSW
29    56.1   064.9   14:52    44.0   23:28     08.8     00.0   00.00   06.0     34.5    05:55      W 
30    47.7   060.2   19:09    39.8   07:04     17.3     00.0   00.00   02.4     26.4    19:07      SW
----------------------------------------------------------------------------------------------------------------------------------------------------------
46.5 (46.3)   71.7  day 07     17.7  day 11   535.1    000.0   00.00   04.2     36.8   day 24     WSW
Min  .08in) 0 (> 0.8in)