NOAA-Style Climate Reports


Report for 2012 December

Daily noaa report




                            MONTHLY CLIMATOLOGICAL SUMMARY for DEC. 2012

NAME: Rockcreek-Hillcrest   CITY: Superior STATE: Colorado
ELEV: 5581 LAT: 039:55:38 LONG: 0105:09:26

                            TEMPERATURE ( °F), RAIN (in.), WIND SPEED (mph)

                                               HEAT     COOL           AVG
      MEAN                                     DEG      DEG            WIND                       DOM
DAY   TEMP    HIGH   TIME     LOW    TIME      DAYS     DAYS    RAIN   SPEED    HIGH    TIME      DIR
----------------------------------------------------------------------------------------------------------------------------------------------------------
01    56.4   066.1   14:39    42.6   00:01     08.5     00.0   00.00   08.3     31.1    04:39      W 
02    52.2   064.5   15:02    37.2   06:02     12.8     00.0   00.00   03.9     41.4    23:55      SW
03    50.2   060.1   00:49    37.6   23:52     14.7     00.0   00.00   08.0     38.0    00:12     WSW
04    43.7   058.1   23:59    27.4   05:44     21.3     00.0   00.00   04.2     29.9    23:07     WSW
05    58.7   069.0   14:06    46.7   05:17     06.3     00.0   00.00   09.8     36.8    13:44     WSW
06    44.4   055.9   00:29    32.0   23:23     20.5     00.0   00.00   03.8     32.2    02:12     WSW
07    44.9   051.9   11:39    29.2   05:10     20.0     00.0   00.00   07.1     25.3    10:53      NE
08    51.3   051.3   00:00    51.3   00:00     13.6     00.0   00.00   10.3     16.1    00:00      NE
09    35.7   051.3   12:31    10.7   20:58     29.3     00.0   00.00   07.1     19.6    13:29      NE
10    28.9   038.3   13:35    15.0   04:54     36.0     00.0   00.00   09.8     43.7    08:50      W 
11    31.9   042.2   21:45    17.2   07:08     33.0     00.0   00.02   05.8     33.4    23:54     WSW
12    44.3   056.0   15:22    33.9   23:52     20.6     00.0   00.00   05.0     31.1    01:06     WSW
13    40.9   050.0   13:58    30.7   23:56     24.1     00.0   00.00   01.9     11.5    14:15      N 
14    36.3   044.5   12:31    30.3   00:19     28.7     00.0   00.00   01.6     11.5    11:29      W 
15    39.3   044.9   12:12    29.7   23:36     25.6     00.0   00.00   03.1     23.0    04:36      NW
16    32.9   041.5   15:47    25.4   07:44     32.0     00.0   00.00   03.1     21.9    09:39      W 
17    41.5   047.9   14:04    31.0   06:23     23.4     00.0   00.00   12.0     49.5    14:06      W 
18    34.9   042.8   12:55    25.7   00:00     30.0     00.0   00.00   03.2     20.7    00:52     NNW
19    19.7   025.7   00:08    11.8   19:13     45.3     00.0   00.00   05.5     26.4    11:05      N 
28    24.6   032.6   13:53    11.7   08:13     40.4     00.0   00.00   07.2     34.5    02:45      W 
29    21.0   030.0   15:29    11.4   05:57     43.9     00.0   00.00   01.1     10.3    02:32      W 
30    26.9   039.7   11:45    17.7   01:27     38.1     00.0   00.00   02.5     16.1    17:33     NNW
31    19.1   022.9   00:08    13.0   19:36     45.9     00.0   00.00   00.7     10.3    10:25     NNE
----------------------------------------------------------------------------------------------------------------------------------------------------------
38.2 (37.1)   69.0  day 05     10.7  day 09   613.9    000.0   00.00   05.4     49.5   day 17     WNW
Max