NOAA-Style Climate Reports


Report for 2013 January

Daily noaa report




                            MONTHLY CLIMATOLOGICAL SUMMARY for JAN. 2013

NAME: Rockcreek-Hillcrest   CITY: Superior STATE: Colorado
ELEV: 5581 LAT: 039:55:38 LONG: 0105:09:26

                            TEMPERATURE ( °F), RAIN (in.), WIND SPEED (mph)

                                               HEAT     COOL           AVG
      MEAN                                     DEG      DEG            WIND                       DOM
DAY   TEMP    HIGH   TIME     LOW    TIME      DAYS     DAYS    RAIN   SPEED    HIGH    TIME      DIR
----------------------------------------------------------------------------------------------------------------------------------------------------------
01    26.7   030.6   16:08    20.0   10:00     38.3     00.0   00.00   06.1     24.1    20:14      W 
02    24.9   033.1   11:12    17.9   07:33     40.1     00.0   00.00   03.5     19.6    12:22     WSW
03    27.7   037.6   14:45    15.7   03:04     37.3     00.0   00.00   02.4     11.5    14:37      S 
04    29.5   045.8   12:02    21.3   01:08     35.4     00.0   00.00   01.4     11.5    11:33     WSW
05    31.1   039.7   11:41    23.5   23:09     33.8     00.0   00.00   03.0     21.9    13:21     SSE
08    38.8   053.0   16:01    18.9   06:47     26.2     00.0   00.00   03.2     31.1    11:32      W 
09    37.8   057.1   14:14    27.9   04:58     27.2     00.0   00.00   02.4     16.1    11:06      SW
10    34.2   042.6   00:00    24.8   07:17     30.7     00.0   00.00   01.3     20.7    00:00     WSW
11    30.6   043.6   00:11    11.2   00:00     34.4     00.0   00.00   08.8     36.8    11:02      SW
12    08.8   015.4   14:16    04.6   04:52     56.2     00.0   00.00   01.9     11.5    15:12     ESE
13    07.9   014.7   14:18    00.1   00:00     57.1     00.0   00.00   01.1     13.8    15:05      NE
14    06.8   014.4   16:00   -00.1   00:32     58.2     00.0   00.00   00.7     10.3    13:33      N 
15    19.2   035.0   23:19    00.7   03:29     45.7     00.0   00.00   01.7     14.9    15:35     SSW
16    40.0   053.0   16:10    30.3   00:00     24.9     00.0   00.00   02.8     13.8    11:00      S 
17    36.0   050.8   14:10    23.4   06:40     28.9     00.0   00.00   01.7     12.7    22:50      S 
18    47.4   057.6   13:50    32.5   03:59     17.5     00.0   00.00   07.7     34.5    23:40      W 
20    42.7   058.8   13:50    21.3   00:00     22.2     00.0   00.00   05.6     35.6    00:20     WSW
21    38.7   055.0   15:10    16.7   05:10     26.2     00.0   00.00   05.5     32.2    22:50      W 
22    53.8   060.7   12:10    37.9   08:10     11.1     00.0   00.00   10.7     40.3    14:40      W 
23    50.1   059.8   14:10    40.1   00:00     14.8     00.0   00.00   02.2     16.1    00:40     WSW
24    53.3   063.2   12:27    31.4   03:10     11.7     00.0   00.00   12.8     48.3    15:42     WSW
25    44.0   056.5   14:20    35.7   07:58     20.9     00.0   00.00   02.2     14.9    14:30      NW
26    43.4   051.4   15:03    34.0   07:30     21.5     00.0   00.00   01.3     19.6    04:40      NW
27    43.1   056.3   15:30    31.4   06:08     21.9     00.0   00.01   03.0     14.9    14:10      S 
28    35.6   050.7   11:57    26.3   00:00     29.3     00.0   00.00   02.5     26.4    14:05      N 
29    24.3   029.8   15:00    14.6   23:50     40.7     00.0   00.08   01.9     24.1    18:30      N 
30    28.8   039.6   15:50    13.4   00:20     36.1     00.0   00.03   05.8     32.2    10:40      W 
31    37.0   045.3   16:20    24.8   08:10     28.0     00.0   00.02   05.6     42.5    13:30     WNW
----------------------------------------------------------------------------------------------------------------------------------------------------------
33.6 (33.1)   63.2  day 24    -00.1  day 14   876.3    000.0   00.00   03.9     48.3   day 24      W 
Max