NOAA-Style Climate Reports


Report for 2013 February

Daily noaa report




                            MONTHLY CLIMATOLOGICAL SUMMARY for FEB. 2013

NAME: Rockcreek-Hillcrest   CITY: Superior STATE: Colorado
ELEV: 5581 LAT: 039:55:38 LONG: 0105:09:26

                            TEMPERATURE ( °F), RAIN (in.), WIND SPEED (mph)

                                               HEAT     COOL           AVG
      MEAN                                     DEG      DEG            WIND                       DOM
DAY   TEMP    HIGH   TIME     LOW    TIME      DAYS     DAYS    RAIN   SPEED    HIGH    TIME      DIR
----------------------------------------------------------------------------------------------------------------------------------------------------------
01    37.5   046.9   15:30    24.2   04:50     27.4     00.0   00.00   07.4     36.8    11:10      W 
02    40.8   056.3   14:40    25.5   07:40     24.1     00.0   00.00   03.8     25.3    13:19      W 
03    40.4   055.0   14:21    28.0   07:20     24.6     00.0   00.00   04.0     29.9    14:40      W 
04    45.2   052.5   13:40    31.5   07:20     19.8     00.0   00.00   09.6     33.4    19:30      W 
05    47.4   059.9   16:40    33.3   06:50     17.6     00.0   00.00   04.2     32.2    04:40     WSW
06    43.1   053.9   10:50    34.2   04:10     21.8     00.0   00.00   03.9     26.4    11:50      SW
07    35.4   048.4   15:48    24.2   06:11     29.5     00.0   00.00   02.5     18.4    12:30      S 
08    34.1   050.0   14:40    22.2   04:40     30.9     00.0   00.00   01.4     11.5    15:40      N 
09    29.7   035.2   13:30    23.0   07:10     35.2     00.0   00.00   02.7     18.4    11:40     NNE
10    27.5   035.7   12:10    21.3   00:00     37.4     00.0   00.00   02.8     20.7    13:11     ENE
11    21.6   027.0   14:30    15.1   03:30     43.4     00.0   00.00   01.3     11.5    14:30     NNW
12    30.1   040.8   14:30    16.6   01:18     34.8     00.0   00.00   03.9     26.4    23:30      W 
13    38.8   046.3   13:07    29.8   02:50     26.1     00.0   00.00   11.9     35.6    11:00      W 
14    27.4   040.4   00:30    19.2   00:00     37.5     00.0   00.00   03.3     32.2    10:50     NNE
15    27.4   041.2   15:10    14.1   02:20     37.6     00.0   00.01   03.2     24.1    18:20     SSW
16    46.0   054.6   14:30    32.0   01:00     18.9     00.0   00.00   11.7     34.5    08:00      W 
17    46.4   060.6   14:30    31.2   23:40     18.6     00.0   00.00   06.9     32.2    12:40      W 
18    31.2   039.9   15:40    19.0   23:40     33.7     00.0   00.00   05.2     36.8    14:20     WSW
19    28.4   040.2   15:50    15.7   01:40     36.5     00.0   00.00   01.4     11.5    22:20     NNW
20    25.1   035.4   15:00    18.8   04:51     39.8     00.0   00.00   02.7     14.9    16:00      NE
21    20.1   026.5   11:20    14.1   06:50     44.9     00.0   00.11   01.3     09.2    01:37     NNE
22    25.2   033.5   16:12    17.3   03:37     39.7     00.0   03.71   03.5     28.8    23:43      SW
23    31.8   044.7   13:57    19.4   06:50     33.1     00.0   00.04   04.9     26.4    00:09     WNW
24    26.1   028.9   00:47    22.9   00:00     38.9     00.0   00.00   05.9     31.1    09:16      N 
25    23.2   038.3   14:56    10.0   05:51     41.8     00.0   00.05   01.4     19.6    11:42     SSW
26    26.5   033.8   13:25    17.1   00:32     38.5     00.0   00.04   04.1     23.0    17:30     NNE
27    27.1   037.0   12:31    15.7   06:38     37.8     00.0   00.00   03.1     20.7    22:26     SSW
28    33.0   042.6   15:00    24.5   07:55     31.9     00.0   00.00   05.9     23.0    17:31      W 
----------------------------------------------------------------------------------------------------------------------------------------------------------
32.7 (32.6)   60.6  day 17     10.0  day 25   901.7    000.0   00.00   04.4     36.8   day 13      W 
Max  0.8in)