NOAA-Style Climate Reports


Report for 2013 March

Daily noaa report




                            MONTHLY CLIMATOLOGICAL SUMMARY for MAR. 2013

NAME: Rockcreek-Hillcrest   CITY: Superior STATE: Colorado
ELEV: 5581 LAT: 039:55:38 LONG: 0105:09:26

                            TEMPERATURE ( °F), RAIN (in.), WIND SPEED (mph)

                                               HEAT     COOL           AVG
      MEAN                                     DEG      DEG            WIND                       DOM
DAY   TEMP    HIGH   TIME     LOW    TIME      DAYS     DAYS    RAIN   SPEED    HIGH    TIME      DIR
----------------------------------------------------------------------------------------------------------------------------------------------------------
01    37.9   046.9   15:57    27.9   05:08     27.0     00.0   00.00   04.2     20.7    17:38     SSW
02    49.6   058.7   14:10    38.9   00:06     15.3     00.0   00.00   07.0     23.0    02:24      W 
03    53.8   062.0   14:50    44.5   01:59     11.2     00.0   00.00   08.8     36.8    23:38      W 
04    31.2   049.8   00:09    19.7   23:45     33.7     00.0   00.03   04.2     27.6    00:11     ESE
05    26.0   037.5   17:11    13.1   05:17     38.9     00.0   00.01   01.9     19.6    02:28      NE
06    37.8   058.2   15:49    22.5   01:30     27.1     00.0   00.01   01.7     11.5    22:05     ENE
07    47.6   062.8   14:46    34.5   06:27     17.4     00.0   00.00   03.9     16.1    16:45      N 
08    37.5   046.9   15:54    29.9   07:00     27.4     00.0   00.00   01.8     11.5    17:06     NNW
10    31.8   040.9   00:00    24.8   22:24     33.1     00.0   00.07   05.1     26.4    12:32      N 
11    41.9   053.2   16:58    30.2   00:00     23.1     00.0   00.00   10.6     39.1    14:52      W 
15    42.8   075.3   14:22    23.7   08:14     22.1     00.0   00.15   05.4     33.4    15:04     WSW
16    46.9   058.5   00:30    39.4   07:52     18.1     00.0   00.00   04.8     31.1    00:35     WNW
17    45.9   056.9   13:10    35.6   05:16     19.1     00.0   00.00   10.7     49.5    16:27      W 
18    40.0   047.4   17:37    32.9   04:10     25.0     00.0   00.00   13.4     39.1    10:29      W 
19    43.0   053.3   16:09    26.8   00:00     21.9     00.0   00.00   10.4     43.7    05:12      W 
20    35.9   051.7   19:36    19.2   05:48     29.0     00.0   00.00   02.5     31.1    23:58     WNW
21    46.4   058.1   12:43    37.9   23:13     18.6     00.0   00.00   07.5     40.3    00:00      W 
22    33.5   045.8   13:08    26.1   00:00     31.4     00.0   00.00   06.5     40.3    00:08     NNE
23    18.7   026.0   00:01    13.1   00:00     46.2     00.0   00.00   06.0     25.3    07:47      N 
24    17.3   027.2   14:32    05.4   05:45     47.6     00.0   00.09   01.5     11.5    20:10     WNW
25    23.0   035.1   17:39    09.9   05:20     41.9     00.0   00.00   02.3     12.7    10:41     SSW
26    32.3   048.5   12:50    17.1   04:51     32.6     00.0   00.00   01.9     12.7    16:35      N 
27    40.7   051.7   18:00    30.7   04:37     24.3     00.0   00.00   02.0     14.9    15:56      NE
28    47.0   064.0   15:36    32.5   04:27     18.0     00.0   00.00   02.3     19.6    16:53      E 
29    53.2   065.6   13:08    40.2   04:15     11.7     00.0   00.00   06.1     32.2    17:12      W 
30    50.4   064.8   15:45    39.9   07:09     14.6     00.0   00.00   05.3     32.2    17:03      NW
31    51.9   067.6   16:28    35.0   03:36     13.0     00.0   00.00   03.7     26.4    10:36     WNW
----------------------------------------------------------------------------------------------------------------------------------------------------------
39.4 (40.1)   75.3  day 15     05.4  day 24   689.4    000.0   00.00   05.2     49.5   day 17      W 
Max  0.8in)