NOAA-Style Climate Reports


Report for 2013 April

Daily noaa report




                            MONTHLY CLIMATOLOGICAL SUMMARY for APR. 2013

NAME: Rockcreek-Hillcrest   CITY: Superior STATE: Colorado
ELEV: 5581 LAT: 039:55:38 LONG: 0105:09:26

                            TEMPERATURE ( °F), RAIN (in.), WIND SPEED (mph)

                                               HEAT     COOL           AVG
      MEAN                                     DEG      DEG            WIND                       DOM
DAY   TEMP    HIGH   TIME     LOW    TIME      DAYS     DAYS    RAIN   SPEED    HIGH    TIME      DIR
----------------------------------------------------------------------------------------------------------------------------------------------------------
01    40.5   050.1   16:08    30.2   07:06     24.5     00.0   00.01   04.5     19.6    18:39      N 
02    36.4   038.7   12:23    34.4   16:21     28.5     00.0   00.16   02.1     12.7    12:31     NNW
03    46.7   061.7   17:41    36.0   00:06     18.2     00.0   00.11   01.6     14.9    19:57     NNE
04    54.3   067.2   15:38    37.6   06:50     10.6     00.0   00.00   03.2     16.1    15:48     SSE
05    60.3   071.9   17:39    50.8   21:19     04.6     00.0   00.00   06.3     40.3    21:02     WSW
06    54.3   063.5   15:25    43.8   05:51     10.6     00.0   00.00   05.2     34.5    13:27      W 
07    53.5   061.6   13:09    42.1   05:43     11.5     00.0   00.00   09.1     48.3    20:02      W 
08    45.4   061.2   16:05    26.1   00:00     19.5     00.0   00.00   06.5     38.0    17:42      N 
09    17.1   026.1   00:12    11.4   00:00     47.8     00.0   00.00   07.1     23.0    16:31      NE
10    18.1   028.9   16:06    06.4   07:49     46.9     00.0   00.10   01.5     11.5    00:00      S 
11    37.6   053.9   13:16    19.0   02:42     27.3     00.0   00.01   03.6     23.0    15:31     NNE
12    42.7   057.5   13:29    31.9   06:32     22.2     00.0   00.00   03.5     35.6    14:28     ENE
13    48.8   067.1   17:48    31.1   02:31     16.1     00.0   00.03   05.3     34.5    13:18     WSW
14    41.2   046.8   16:19    36.6   23:40     23.8     00.0   00.16   13.0     41.4    09:01      W 
15    28.2   038.3   02:30    22.6   20:22     36.8     00.0   00.02   03.1     18.4    03:58     NNE
16    27.1   032.0   18:37    22.0   04:34     37.8     00.0   00.00   04.5     20.7    21:34     NNW
17    25.7   029.7   12:07    19.8   00:00     39.2     00.0   00.00   02.8     21.9    00:25      N 
18    25.7   036.7   18:32    12.4   04:47     39.2     00.0   00.23   02.6     20.7    21:25      W 
19    41.9   050.8   16:58    30.3   01:51     23.0     00.0   00.04   08.9     29.9    07:03     WSW
20    46.1   057.2   15:09    34.3   06:43     18.9     00.0   00.00   02.8     17.3    19:55      W 
21    49.5   061.2   14:48    37.8   03:19     15.4     00.0   00.00   04.4     23.0    18:01      NW
22    33.8   050.3   08:42    22.7   23:48     31.1     00.0   00.01   05.1     31.1    10:04      N 
23    25.2   032.3   18:04    19.6   09:14     39.7     00.0   00.14   02.7     11.5    00:00      E 
24    40.8   054.8   16:51    25.5   05:33     24.2     00.0   10.00   03.2     26.4    10:06     WSW
25    48.9   065.1   17:48    33.0   06:59     16.0     00.0   00.00   03.3     16.1    13:19      S 
26    54.8   066.5   17:41    39.6   05:38     10.1     00.0   00.00   04.4     18.4    15:37      NW
27    60.9   073.9   16:57    47.0   03:13     04.0     00.0   00.00   05.4     20.7    18:04      W 
28    67.0   077.2   16:23    55.2   00:50     00.0     02.1   00.00   06.8     25.3    17:45      W 
29    66.4   077.7   14:25    50.5   05:07     00.0     01.5   00.00   08.3     34.5    18:34     WSW
30    51.6   069.5   00:12    34.9   23:29     13.3     00.0   00.06   05.4     27.6    21:14     ENE
----------------------------------------------------------------------------------------------------------------------------------------------------------
43.0 (42.9)   77.7  day 29     06.4  day 10   661.0    003.6   00.00   04.9     48.3   day 14     WNW
Max  0.8in)