NOAA-Style Climate Reports


Report for 2013 May

Daily noaa report




                            MONTHLY CLIMATOLOGICAL SUMMARY for MAY. 2013

NAME: Rockcreek-Hillcrest   CITY: Superior STATE: Colorado
ELEV: 5581 LAT: 039:55:38 LONG: 0105:09:26

                            TEMPERATURE ( °F), RAIN (in.), WIND SPEED (mph)

                                               HEAT     COOL           AVG
      MEAN                                     DEG      DEG            WIND                       DOM
DAY   TEMP    HIGH   TIME     LOW    TIME      DAYS     DAYS    RAIN   SPEED    HIGH    TIME      DIR
----------------------------------------------------------------------------------------------------------------------------------------------------------
01    29.4   036.1   01:23    24.2   22:46     35.6     00.0   00.26   05.3     23.0    11:18     NNE
02    32.2   043.8   18:38    19.7   05:41     32.7     00.0   00.11   02.1     10.3    07:55     WSW
03    46.1   058.1   16:56    29.7   02:27     18.8     00.0   00.00   02.0     17.3    15:30     ENE
04    47.6   057.1   14:42    36.9   06:29     17.3     00.0   00.00   03.5     17.3    15:47      NE
05    46.2   055.0   18:09    36.4   06:19     18.8     00.0   00.00   02.9     16.1    19:38      NW
06    52.4   063.6   15:36    40.4   06:16     12.6     00.0   00.00   02.7     16.1    13:59      N 
07    55.3   069.0   16:47    46.3   03:49     09.7     00.0   00.07   03.3     19.6    20:47     NNE
08    50.1   060.3   14:58    45.6   04:15     14.8     00.0   00.21   06.1     25.3    16:26      W 
09    50.0   058.5   19:18    44.2   23:57     15.0     00.0   00.19   04.0     24.1    14:54     WNW
10    53.7   066.3   16:55    40.9   04:02     11.2     00.0   00.00   03.3     21.9    12:26      NW
11    56.2   066.7   16:07    43.7   06:30     08.7     00.0   00.00   03.8     23.0    00:33      SW
12    66.0   077.2   15:34    51.4   03:31     00.0     01.1   00.00   04.3     19.6    22:58      NW
13    74.3   085.1   15:42    64.0   00:22     00.0     09.4   00.00   05.7     21.9    13:56      W 
14    73.4   086.8   11:40    64.6   02:29     00.0     08.4   00.00   07.2     31.1    14:59     WSW
15    66.0   079.2   14:45    56.3   04:12     00.0     01.0   00.08   05.0     49.5    16:51     ESE
16    67.1   080.3   14:24    54.4   02:59     00.0     02.1   00.00   03.2     21.9    15:37     ESE
17    70.7   087.2   16:09    53.8   03:51     00.0     05.7   00.00   04.4     26.4    23:38     WSW
18    65.7   076.5   15:46    56.4   00:00     00.0     00.8   00.00   06.1     49.5    20:59     WSW
19    59.4   069.8   12:59    51.4   01:20     05.5     00.0   00.04   06.3     26.4    17:54      W 
20    54.5   063.3   14:29    47.3   07:00     10.4     00.0   00.30   04.7     21.9    09:31      SE
21    56.9   068.5   15:22    43.4   02:56     08.0     00.0   00.00   04.1     28.8    14:15      E 
22    58.4   074.9   15:56    43.7   04:01     06.5     00.0   00.03   03.2     25.3    19:49      NE
23    58.0   070.1   17:52    47.5   05:41     07.0     00.0   00.00   03.1     18.4    15:26      N 
24    64.6   080.3   16:30    45.3   05:09     00.3     00.0   00.00   03.1     18.4    16:07      N 
25    70.2   085.9   15:36    53.2   06:05     00.0     05.3   00.00   03.1     18.4    16:12     NNW
26    70.7   083.0   12:43    58.1   06:20     00.0     05.8   00.00   05.3     23.0    19:03     WSW
27    69.3   080.4   10:17    55.7   06:23     00.0     04.4   00.00   03.9     20.7    16:32     WSW
28    65.2   080.2   15:01    50.7   06:20     00.0     00.3   00.00   03.8     33.4    20:06     WSW
29    55.8   066.0   17:35    46.4   09:30     09.1     00.0   00.46   05.0     28.8    18:38      NW
30    58.9   066.8   16:24    51.4   02:11     06.0     00.0   00.00   11.8     55.2    17:04      W 
31    61.0   069.8   15:51    52.6   00:00     03.9     00.0   00.00   10.8     39.1    08:40      W 
----------------------------------------------------------------------------------------------------------------------------------------------------------
58.2 (58.4)   87.2  day 17     19.7  day 02   252.1    044.3   00.00   04.6     55.2   day 30     WNW
Max >=  86: 2
Min  .08in) 0 (> 0.8in)