NOAA-Style Climate Reports


Report for 2013 June

Daily noaa report




                            MONTHLY CLIMATOLOGICAL SUMMARY for JUN. 2013

NAME: Rockcreek-Hillcrest   CITY: Superior STATE: Colorado
ELEV: 5581 LAT: 039:55:38 LONG: 0105:09:26

                            TEMPERATURE ( °F), RAIN (in.), WIND SPEED (mph)

                                               HEAT     COOL           AVG
      MEAN                                     DEG      DEG            WIND                       DOM
DAY   TEMP    HIGH   TIME     LOW    TIME      DAYS     DAYS    RAIN   SPEED    HIGH    TIME      DIR
----------------------------------------------------------------------------------------------------------------------------------------------------------
01    57.7   069.2   18:44    43.3   04:20     07.3     00.0   00.00   02.9     19.6    12:18     ENE
02    64.4   084.8   17:13    45.1   06:00     00.5     00.0   00.00   02.5     16.1    13:05      S 
03    74.3   088.3   14:45    57.6   06:10     00.0     09.4   00.00   06.7     34.5    18:50      W 
04    59.9   071.4   15:47    50.4   23:47     05.0     00.0   00.05   03.3     28.8    20:53      N 
05    51.1   059.0   18:35    45.4   07:41     13.8     00.0   00.24   01.8     10.3    18:11      E 
11    78.8   093.4   01:15    47.1   01:13     00.0     13.8   00.00   06.7     28.8    19:07      W 
12    76.8   091.6   14:55    61.4   06:15     00.0     11.8   00.00   03.8     21.9    23:09      SE
13    67.6   082.2   17:13    56.5   06:33     00.0     02.7   00.01   03.1     20.7    00:38      N 
14    76.1   086.1   13:15    61.6   23:40     00.0     11.2   00.00   07.4     27.6    20:47      SE
15    67.5   078.0   17:14    54.9   05:42     00.0     02.5   00.00   02.8     16.1    02:31     NNW
16    69.1   083.6   11:19    56.0   06:01     00.0     04.1   00.00   04.0     29.9    14:53      W 
17    67.2   082.3   17:45    53.3   04:52     00.0     02.2   00.00   03.2     20.7    15:22      N 
18    66.1   081.8   16:40    52.9   05:38     00.0     01.2   00.00   02.4     19.6    18:44      N 
19    72.3   093.5   15:51    51.6   05:06     00.0     07.4   00.00   02.8     18.4    15:11      NW
20    74.6   089.1   16:46    57.3   06:11     00.0     09.7   00.00   03.6     18.4    12:01     SSW
21    75.4   089.5   14:07    58.4   06:01     00.0     10.5   00.00   03.5     25.3    21:54      NW
22    69.6   088.0   18:49    54.6   05:51     00.0     04.6   00.00   03.0     19.6    17:33      NW
23    67.0   081.4   17:20    51.8   05:39     00.0     02.1   00.02   04.4     29.9    21:32      SE
24    74.2   087.7   15:45    58.6   06:00     00.0     09.3   00.00   04.6     28.8    14:37      S 
25    76.9   089.7   14:53    62.1   05:51     00.0     12.0   00.00   07.1     31.1    12:55      W 
26    80.0   096.7   18:46    61.8   06:35     00.0     15.0   00.00   02.9     16.1    15:15     SSE
27    83.3   094.8   17:19    68.5   05:50     00.0     18.3   00.00   04.2     17.3    12:46     ENE
28    76.2   090.0   15:45    63.6   22:38     00.0     11.2   00.67   04.0     21.9    21:46     NNW
29    71.7   085.2   18:53    60.3   06:08     00.0     06.7   00.03   02.8     19.6    00:23     WNW
30    68.4   076.8   18:28    62.1   06:45     00.0     03.5   00.00   03.4     16.1    14:08      NW
----------------------------------------------------------------------------------------------------------------------------------------------------------
70.6 (70.2)   96.7  day 26     43.3  day 01   026.7    169.2   00.00   03.9     34.5   day 16      W 
Max >=  86: 13
Min  .008in) 2 (> .08in) 0 (> 0.8in)