NOAA-Style Climate Reports


Report for 2013 July

Daily noaa report




                            MONTHLY CLIMATOLOGICAL SUMMARY for JUL. 2013

NAME: Rockcreek-Hillcrest   CITY: Superior STATE: Colorado
ELEV: 5581 LAT: 039:55:38 LONG: 0105:09:26

                            TEMPERATURE ( °F), RAIN (in.), WIND SPEED (mph)

                                               HEAT     COOL           AVG
      MEAN                                     DEG      DEG            WIND                       DOM
DAY   TEMP    HIGH   TIME     LOW    TIME      DAYS     DAYS    RAIN   SPEED    HIGH    TIME      DIR
----------------------------------------------------------------------------------------------------------------------------------------------------------
01    67.7   077.6   14:53    56.4   05:56     00.0     02.8   00.00   03.8     19.6    22:43     NNE
02    68.4   081.6   16:40    53.8   05:40     00.0     03.5   00.00   02.9     17.3    16:20      NE
03    72.2   089.0   15:37    53.8   05:59     00.0     07.3   00.00   04.1     24.1    19:47      W 
04    76.7   087.5   15:53    66.4   05:02     00.0     11.8   00.00   04.9     24.1    18:03      W 
05    73.9   086.3   13:55    64.1   01:57     00.0     08.9   00.00   03.7     27.6    16:39      NW
07    79.2   089.6   13:42    64.9   01:42     00.0     14.3   00.00   06.5     38.0    14:32      SW
08    78.3   094.3   14:45    64.0   06:36     00.0     13.3   00.00   04.8     28.8    15:20      NW
09    81.5   093.6   17:34    70.4   05:23     00.0     16.5   00.00   03.3     20.7    18:53      S 
10    75.7   091.0   15:56    62.0   06:27     00.0     10.7   00.00   03.0     17.3    17:13      S 
11    74.4   075.4   23:28    73.5   23:00     00.0     09.5   00.00   06.8     19.6    23:23     WSW
12    76.2   090.1   14:06    66.6   15:32     00.0     11.2   00.11   05.9     34.5    15:23     WSW
13    71.5   087.9   13:31    63.1   18:29     00.0     06.6   00.19   04.1     31.1    17:22      SW
14    69.6   080.1   17:08    60.1   06:31     00.0     04.6   00.01   04.3     20.7    12:04      N 
15    68.9   076.4   12:23    63.8   05:52     00.0     04.0   00.15   02.7     19.6    13:42     SSE
16    69.7   084.9   17:19    54.6   05:30     00.0     04.8   00.08   03.6     19.6    20:48      SE
17    73.2   092.0   17:23    55.5   05:59     00.0     08.3   00.03   02.1     12.7    20:07     ESE
18    74.7   089.3   14:59    62.7   06:33     00.0     09.8   01.44   05.3     34.5    17:01      NW
19    72.6   080.8   10:03    63.6   06:16     00.0     07.7   00.00   03.8     24.1    13:03     ENE
20    72.0   089.0   15:05    59.0   04:05     00.0     07.0   00.00   04.2     39.1    19:08     NNE
21    72.4   089.3   18:29    56.3   06:30     00.0     07.5   00.00   03.1     20.7    09:45      N 
22    79.2   091.7   16:31    64.3   05:16     00.0     14.2   00.00   03.3     18.4    14:48     ENE
23    78.1   089.8   16:04    69.7   07:02     00.0     13.2   00.00   03.7     16.1    10:56     NNE
24    73.0   082.3   19:17    60.6   00:00     00.0     08.0   00.00   04.8     31.1    22:22     WNW
27    68.9   083.6   18:13    58.1   04:34     00.0     04.0   00.12   03.5     26.4    14:41      N 
28    62.4   070.7   16:38    58.4   07:24     02.5     00.0   00.02   01.9     18.4    18:36      E 
29    63.6   073.8   19:08    58.1   06:38     01.4     00.0   00.02   01.9     19.6    16:15     WNW
30    71.7   088.5   16:20    58.2   04:56     00.0     06.7   00.00   02.6     19.6    12:59      SE
31    74.1   091.4   17:52    58.8   05:54     00.0     09.2   00.01   02.3     16.1    18:45     NNE
----------------------------------------------------------------------------------------------------------------------------------------------------------
73.0 (73.5)   98.0  day 11     53.8  day 03   003.9    238.8   00.00   03.8     39.1   day 06     WNW
Max >=  86: 18
Min  .008in) 6 (> .08in) 1 (> 0.8in)