NOAA-Style Climate Reports


Report for 2013 August

Daily noaa report




                            MONTHLY CLIMATOLOGICAL SUMMARY for AUG. 2013

NAME: Rockcreek-Hillcrest   CITY: Superior STATE: Colorado
ELEV: 5581 LAT: 039:55:38 LONG: 0105:09:26

                            TEMPERATURE ( °F), RAIN (in.), WIND SPEED (mph)

                                               HEAT     COOL           AVG
      MEAN                                     DEG      DEG            WIND                       DOM
DAY   TEMP    HIGH   TIME     LOW    TIME      DAYS     DAYS    RAIN   SPEED    HIGH    TIME      DIR
----------------------------------------------------------------------------------------------------------------------------------------------------------
05    74.6   092.4   13:17    59.3   05:27     00.0     09.7   00.00   03.9     35.6    16:20      SW
06    72.5   086.2   13:57    61.1   06:07     00.0     07.6   00.00   05.4     28.8    19:00      SW
07    65.8   074.8   17:58    60.2   07:36     00.0     00.9   00.00   03.1     23.0    13:36      S 
08    64.3   073.4   16:37    57.7   05:57     00.6     00.0   00.00   02.5     19.6    21:13      NW
09    65.8   078.9   14:59    53.5   06:08     00.0     00.8   00.00   03.5     19.6    18:30      S 
10    66.9   083.1   13:45    54.0   06:42     00.0     02.0   00.24   04.1     28.8    18:02      SE
11    68.1   078.6   17:53    57.4   07:09     00.0     03.2   00.02   03.2     17.3    16:41     WNW
12    65.1   077.1   17:05    53.6   06:30     00.0     00.2   00.20   04.7     26.4    17:52      W 
13    64.5   076.5   14:25    53.6   06:24     00.4     00.0   00.04   05.2     26.4    16:05      SW
14    65.8   080.0   13:56    50.4   06:19     00.0     00.8   00.00   02.3     19.6    16:53      NW
16    71.6   088.4   15:19    54.9   03:36     00.0     06.6   00.00   02.8     34.5    17:29     NNE
17    74.0   092.2   15:53    55.5   05:57     00.0     09.0   00.04   01.4     11.5    15:29      SW
18    73.4   088.9   15:14    56.3   06:20     00.0     08.4   00.00   02.6     26.4    14:21      NW
19    76.8   092.3   18:44    58.4   06:53     00.0     11.9   00.00   02.5     13.8    12:32      S 
20    80.3   093.5   14:56    63.7   05:12     00.0     15.4   00.00   04.0     21.9    19:43     WSW
21    73.7   087.1   15:45    64.2   18:13     00.0     08.8   00.77   03.9     27.6    17:46      S 
22    67.0   078.0   15:01    58.3   06:14     00.0     02.1   00.01   02.4     19.6    17:31      W 
23    69.1   084.2   14:26    59.7   07:19     00.0     04.1   00.09   05.0     31.1    17:28     WSW
24    69.1   082.6   13:24    56.4   06:58     00.0     04.2   00.00   04.6     33.4    14:30      W 
25    72.3   085.4   15:51    62.2   06:56     00.0     07.3   00.00   02.9     25.3    17:58     WNW
26    72.6   088.6   13:47    60.2   05:55     00.0     07.7   00.04   04.1     26.4    17:19      W 
27    76.0   086.7   16:12    65.0   06:09     00.0     11.0   00.00   03.3     17.3    15:03      SW
28    76.2   089.1   14:43    65.4   06:30     00.0     11.3   00.00   03.4     20.7    21:25     WNW
29    77.3   089.6   14:13    66.2   05:51     00.0     12.4   00.00   04.1     26.4    17:52      W 
30    75.1   085.6   13:38    66.6   07:09     00.0     10.1   00.00   03.6     26.4    16:00      SW
31    73.2   086.1   12:54    63.7   06:19     00.0     08.3   00.00   04.3     29.9    18:02     WNW
----------------------------------------------------------------------------------------------------------------------------------------------------------
71.2 (71.9)   93.5  day 20     50.4  day 14   001.0    163.8   00.00   03.6     35.7   day 06     WSW
Max >=  86: 13
Min  .008in) 4 (> .08in) 0 (> 0.8in)