NOAA-Style Climate Reports


Report for 2013 September

Daily noaa report




                            MONTHLY CLIMATOLOGICAL SUMMARY for SEP. 2013

NAME: Rockcreek-Hillcrest   CITY: Superior STATE: Colorado
ELEV: 5581 LAT: 039:55:38 LONG: 0105:09:26

                            TEMPERATURE ( °F), RAIN (in.), WIND SPEED (mph)

                                               HEAT     COOL           AVG
      MEAN                                     DEG      DEG            WIND                       DOM
DAY   TEMP    HIGH   TIME     LOW    TIME      DAYS     DAYS    RAIN   SPEED    HIGH    TIME      DIR
----------------------------------------------------------------------------------------------------------------------------------------------------------
02    72.3   087.5   17:34    59.2   07:11     00.0     07.4   00.11   02.0     12.7    15:10      S 
03    78.8   090.2   17:55    62.6   05:17     00.0     13.8   00.01   04.0     24.1    18:45      S 
04    75.7   087.3   13:36    67.0   02:44     00.0     10.7   00.00   02.5     17.3    16:32      W 
05    74.1   089.3   16:32    60.5   04:54     00.0     09.1   00.00   02.5     13.8    16:58     NNW
06    76.4   090.8   14:59    63.8   07:16     00.0     11.5   00.00   03.7     31.1    16:00      NW
07    75.2   090.1   15:45    62.1   05:51     00.0     10.3   00.00   02.5     16.1    18:01     NNE
08    72.9   085.3   14:35    60.8   04:07     00.0     07.9   00.00   03.5     31.1    19:00      NW
09    65.2   078.9   13:47    55.7   23:28     00.0     00.3   00.79   04.0     29.9    17:25      SE
10    57.6   061.7   17:06    55.6   10:36     07.4     00.0   00.26   01.5     10.3    17:24      N 
11    58.6   062.7   14:23    56.7   08:18     06.4     00.0   02.32   03.3     20.7    21:40      NE
12    57.8   059.8   12:54    55.9   03:21     07.1     00.0   573.09   03.8     20.7    00:19      E 
13    61.0   072.8   15:18    55.4   07:45     04.0     00.0   00.30   01.0     11.5    16:38      NW
14    62.9   073.2   16:59    54.2   16:17     02.0     00.0   00.00   03.0     26.4    15:12     WNW
15    53.4   057.6   00:15    52.1   23:22     11.5     00.0   220.46   02.4     11.5    18:08      E 
16    58.8   071.6   18:19    51.5   05:37     06.1     00.0   223.34   00.9     09.2    15:25     ENE
17    68.6   083.4   16:17    53.4   01:50     00.0     03.6   00.00   03.2     14.9    21:39     SSW
18    67.9   081.1   13:24    57.0   02:12     00.0     02.9   00.00   07.3     42.5    16:03      W 
19    56.9   065.0   00:07    49.8   00:00     08.0     00.0   00.00   02.4     16.1    00:01     ENE
20    56.0   069.1   16:02    44.5   07:15     08.9     00.0   00.00   01.1     10.3    15:42     NNE
21    63.0   081.0   16:07    47.1   07:11     01.9     00.0   00.00   02.3     16.1    15:01      SW
22    64.2   075.4   10:59    52.1   00:00     00.7     00.0   00.06   03.5     23.0    18:03     WNW
23    55.8   063.0   16:38    48.0   03:45     09.2     00.0   00.59   08.4     28.8    16:08     WNW
24    58.7   073.9   16:45    45.3   04:45     06.3     00.0   00.00   02.0     17.3    00:22      W 
25    60.0   075.1   13:13    42.9   05:41     05.0     00.0   00.00   02.3     16.1    14:11     WNW
26    54.9   064.2   16:40    45.3   07:16     10.0     00.0   00.00   02.0     12.7    14:56      E 
27    44.8   051.0   00:47    38.9   22:20     20.1     00.0   00.23   04.0     14.9    23:20      NE
28    51.5   065.9   17:11    38.8   01:37     13.4     00.0   00.00   05.2     31.1    13:27     WNW
29    59.3   073.3   15:11    42.6   05:38     05.6     00.0   00.00   03.5     27.6    23:28      W 
30    67.7   080.1   16:19    58.9   09:13     00.0     02.7   00.00   04.4     26.4    03:34      W 
----------------------------------------------------------------------------------------------------------------------------------------------------------
63.1 (63.8)   90.8  day 06     38.8  day 28   133.7    080.3   00.00   03.2     42.6   day 18     WNW
Max >=  86: 6
Min  .008in) 10 (> .08in) 4 (> 0.8in)