NOAA-Style Climate Reports


Report for 2013 October

Daily noaa report




                            MONTHLY CLIMATOLOGICAL SUMMARY for OCT. 2013

NAME: Rockcreek-Hillcrest   CITY: Superior STATE: Colorado
ELEV: 5581 LAT: 039:55:38 LONG: 0105:09:26

                            TEMPERATURE ( °F), RAIN (in.), WIND SPEED (mph)

                                               HEAT     COOL           AVG
      MEAN                                     DEG      DEG            WIND                       DOM
DAY   TEMP    HIGH   TIME     LOW    TIME      DAYS     DAYS    RAIN   SPEED    HIGH    TIME      DIR
----------------------------------------------------------------------------------------------------------------------------------------------------------
01    59.5   069.3   16:11    49.9   07:43     05.4     00.0   00.00   02.8     14.9    15:45      NW
02    59.1   073.0   14:13    45.9   05:15     05.8     00.0   00.00   02.6     18.4    15:06      E 
03    48.6   057.5   16:08    39.2   05:23     16.3     00.0   00.03   02.3     17.3    19:15      NE
04    35.7   045.1   00:04    30.8   00:00     29.2     00.0   00.44   04.2     25.3    01:56      NE
05    43.8   058.6   15:57    28.1   02:52     21.1     00.0   00.00   07.1     25.3    12:41     WNW
06    53.0   065.4   17:20    38.5   06:51     12.0     00.0   00.00   03.3     17.3    04:11     WSW
07    56.6   074.7   16:51    38.5   07:08     08.3     00.0   00.00   01.6     10.3    00:00     WSW
08    61.6   073.2   16:21    51.4   03:24     03.4     00.0   00.00   03.9     19.6    09:53     WNW
09    52.9   059.6   16:27    45.7   04:24     12.1     00.0   00.00   02.2     13.8    09:22     NNE
10    48.3   055.6   14:33    42.3   07:59     16.6     00.0   00.09   03.2     34.5    18:01      NW
11    52.0   058.5   12:16    42.7   00:00     12.9     00.0   00.00   14.3     72.5    04:15      W 
12    43.8   052.8   15:54    38.2   03:37     21.2     00.0   00.00   01.7     11.5    17:47     NNE
13    46.0   057.1   17:11    33.6   07:00     18.9     00.0   00.00   01.2     13.8    11:57      N 
14    43.9   050.5   11:04    35.9   00:00     21.1     00.0   00.14   04.8     38.0    08:09      E 
15    35.6   040.7   16:14    32.4   08:22     29.3     00.0   00.00   03.2     12.7    14:36     SSE
16    38.3   049.5   16:19    26.6   04:06     26.7     00.0   00.00   01.4     12.7    22:54      SE
17    39.1   044.3   15:59    33.3   07:41     25.8     00.0   00.00   01.7     13.8    15:18     ENE
18    34.4   041.3   16:29    29.4   06:41     30.6     00.0   00.18   02.4     18.4    02:13      E 
19    49.9   060.7   14:06    32.9   00:25     15.1     00.0   00.00   08.5     29.9    15:44      W 
20    40.9   051.6   00:01    32.1   18:02     24.0     00.0   00.21   02.6     19.6    15:01     ESE
21    43.6   057.1   17:00    28.9   06:53     21.3     00.0   00.01   02.7     23.0    23:54     WNW
22    50.9   061.1   16:52    39.4   06:41     14.0     00.0   00.00   03.5     20.7    03:05     WSW
23    49.5   060.6   15:37    40.3   03:46     15.4     00.0   00.00   01.8     13.8    11:52     SSE
24    40.9   051.4   16:10    30.9   07:45     24.0     00.0   00.00   01.1     09.2    10:53     NNE
25    48.8   064.5   15:24    33.6   05:39     16.1     00.0   00.00   01.6     12.7    21:38     WNW
26    48.5   059.6   15:48    37.0   07:24     16.4     00.0   00.00   01.6     10.3    22:50      SW
27    54.2   066.8   14:51    40.4   02:26     10.7     00.0   00.00   04.5     26.4    13:26     WNW
28    35.2   049.7   00:05    29.6   20:14     29.8     00.0   00.00   03.4     18.4    05:27     ENE
29    32.2   035.3   17:21    29.7   07:29     32.8     00.0   00.04   00.8     11.5    00:00     ESE
30    34.1   040.0   17:45    29.4   08:43     30.8     00.0   00.16   02.2     14.9    01:48      W 
31    43.2   048.3   16:29    34.6   00:13     21.7     00.0   00.00   15.9     54.0    20:06     WNW
----------------------------------------------------------------------------------------------------------------------------------------------------------
45.9 (46.0)   74.7  day 07     26.6  day 16   588.9    000.0   00.00   03.7     72.5   day 11     WNW
Min  .008in) 6 (> .08in) 0 (> 0.8in)