NOAA-Style Climate Reports


Report for 2013 November

Daily noaa report




                            MONTHLY CLIMATOLOGICAL SUMMARY for NOV. 2013

NAME: Rockcreek-Hillcrest   CITY: Superior STATE: Colorado
ELEV: 5581 LAT: 039:55:38 LONG: 0105:09:26

                            TEMPERATURE ( °F), RAIN (in.), WIND SPEED (mph)

                                               HEAT     COOL           AVG
      MEAN                                     DEG      DEG            WIND                       DOM
DAY   TEMP    HIGH   TIME     LOW    TIME      DAYS     DAYS    RAIN   SPEED    HIGH    TIME      DIR
----------------------------------------------------------------------------------------------------------------------------------------------------------
01    41.3   049.3   16:37    33.5   07:20     23.7     00.0   00.00   04.4     19.6    03:17      W 
02    43.1   060.9   17:07    26.8   07:25     21.8     00.0   00.00   01.6     18.4    23:31      W 
03    50.7   063.9   13:57    36.4   00:00     14.2     00.0   00.00   06.0     26.4    10:43      NW
04    33.0   038.1   12:56    26.0   22:56     31.9     00.0   00.00   05.1     23.0    08:19     SSE
05    32.8   040.4   14:52    27.3   00:24     32.1     00.0   00.00   07.1     31.1    13:33      W 
06    41.6   048.8   12:34    32.5   00:13     23.3     00.0   00.00   10.9     34.5    14:39     WNW
07    41.6   054.0   15:42    27.2   05:34     23.3     00.0   00.00   02.7     19.6    00:54     WNW
09    51.2   063.0   15:06    33.4   00:00     13.7     00.0   00.00   07.2     42.5    12:25     WNW
10    47.3   064.3   15:51    30.7   06:36     17.6     00.0   00.00   01.8     17.3    16:17      NW
11    43.8   064.4   10:28    28.6   00:00     21.1     00.0   00.00   04.4     26.4    13:05     ENE
12    40.0   057.1   15:08    28.6   00:03     25.0     00.0   00.00   02.0     14.9    03:55      SW
13    53.9   066.5   12:23    33.0   00:10     11.0     00.0   00.00   05.9     26.4    23:11      W 
14    47.2   054.4   00:22    37.7   22:46     17.8     00.0   00.00   04.3     19.6    04:19      SW
15    47.1   061.2   13:21    32.9   02:52     17.8     00.0   00.00   06.5     28.8    23:56      W 
16    45.9   055.7   12:40    37.9   20:45     19.0     00.0   00.00   14.3     43.7    06:52      W 
17    41.8   052.6   14:00    31.6   22:59     23.1     00.0   00.00   10.9     47.1    10:55     WNW
18    44.5   062.2   14:48    27.2   04:38     20.5     00.0   00.00   04.0     27.6    01:09     WSW
19    49.1   058.1   14:52    35.4   00:11     15.8     00.0   00.00   10.3     34.5    18:11     WNW
20    47.4   056.0   14:26    26.2   00:00     17.6     00.0   00.00   05.0     31.1    22:38     WNW
21    14.4   026.2   00:01    11.2   16:53     50.5     00.0   00.00   03.9     17.3    00:02     ENE
22    24.0   030.8   14:50    14.9   00:03     41.0     00.0   00.02   01.9     13.8    23:09      NW
23    25.6   032.7   15:17    21.4   02:22     39.3     00.0   00.02   00.2     10.3    01:04     NNE
24    28.3   040.0   22:56    19.6   05:10     36.7     00.0   00.00   01.0     18.4    22:41     NNW
25    34.4   040.7   00:48    29.4   00:00     30.5     00.0   00.00   02.5     20.7    00:55     NNE
26    35.0   046.5   13:06    26.3   01:18     29.9     00.0   00.00   01.8     12.7    13:35     SSW
27    43.7   061.2   14:33    27.5   02:12     21.3     00.0   00.00   02.5     16.1    15:27      W 
28    34.4   043.0   14:20    28.2   05:38     30.5     00.0   00.00   01.4     11.5    13:01      N 
29    46.6   057.9   13:35    28.1   00:24     18.4     00.0   00.00   07.9     33.4    09:39     WNW
30    46.6   056.2   12:48    33.0   23:59     18.4     00.0   00.00   05.7     26.4    14:42     WNW
----------------------------------------------------------------------------------------------------------------------------------------------------------
40.6 (40.3)   66.5  day 13     11.2  day 21   707.0    000.0   00.00   04.9     47.2   day 17     WNW
Max  0.8in)