NOAA-Style Climate Reports


Report for 2013 December

Daily noaa report




                            MONTHLY CLIMATOLOGICAL SUMMARY for DEC. 2013

NAME: Rockcreek-Hillcrest   CITY: Superior STATE: Colorado
ELEV: 5581 LAT: 039:55:38 LONG: 0105:09:26

                            TEMPERATURE ( °F), RAIN (in.), WIND SPEED (mph)

                                               HEAT     COOL           AVG
      MEAN                                     DEG      DEG            WIND                       DOM
DAY   TEMP    HIGH   TIME     LOW    TIME      DAYS     DAYS    RAIN   SPEED    HIGH    TIME      DIR
----------------------------------------------------------------------------------------------------------------------------------------------------------
01    45.5   051.6   15:29    30.0   07:49     19.5     00.0   00.00   10.0     43.7    22:07      W 
02    50.8   054.7   14:45    47.6   20:43     14.1     00.0   00.00   12.4     56.4    09:01     WNW
03    34.8   051.8   11:17    09.2   00:00     30.1     00.0   00.00   08.3     44.9    05:21     NNW
04    05.2   009.6   12:00   -00.3   00:00     59.7     00.0   00.00   02.6     11.5    22:54      E 
05   -02.1   003.3   14:59   -09.9   07:05     67.1     00.0   00.00   01.6     12.7    13:20      N 
06   -02.9   004.8   10:34   -09.6   07:26     67.8     00.0   00.00   00.9     10.3    01:21      N 
07   -00.8   006.4   13:37   -07.5   03:59     65.7     00.0   00.00   00.5     09.2    11:49      N 
08    07.0   018.4   14:40    00.5   00:30     57.9     00.0   00.00   00.9     16.1    14:51      N 
09    12.0   025.8   00:00   -03.3   05:43     52.9     00.0   00.00   10.2     48.3    21:58     WNW
10    33.6   042.0   13:45    24.1   04:14     31.4     00.0   00.00   13.0     52.9    17:16      W 
11    20.4   028.1   14:03    10.9   06:44     44.5     00.0   00.00   01.3     13.8    01:32     ENE
12    33.4   048.7   15:52    21.0   00:19     31.5     00.0   00.00   01.3     13.8    08:16     WNW
13    35.3   046.6   12:56    26.7   05:39     29.6     00.0   00.00   02.6     17.3    13:54      SE
14    34.3   042.0   13:48    23.8   04:23     30.7     00.0   00.00   07.9     28.8    22:32      W 
15    46.7   051.4   13:16    40.6   05:51     18.2     00.0   00.00   18.8     62.1    16:13     WNW
16    52.1   058.0   12:53    45.5   00:00     12.8     00.0   00.00   15.7     49.5    09:47     WNW
17    51.4   059.6   14:06    33.3   07:33     13.6     00.0   00.00   10.1     34.5    20:46     WNW
18    56.9   062.5   15:20    49.0   00:00     08.0     00.0   00.00   11.4     34.5    15:08      W 
19    33.0   048.9   00:02    14.6   23:56     31.9     00.0   00.00   04.1     23.0    17:46      NE
20    17.9   021.8   16:33    14.0   02:21     47.0     00.0   00.00   00.9     09.2    23:23     SSW
21    21.3   028.7   13:05    12.3   07:15     43.7     00.0   00.00   01.0     14.9    14:08      N 
22    25.9   037.1   14:51    16.6   06:36     39.1     00.0   00.01   02.8     26.4    11:16      N 
23    30.3   045.4   22:46    15.6   04:36     34.6     00.0   00.01   06.0     47.1    21:35     WNW
24    40.4   050.4   10:16    23.9   23:45     24.5     00.0   00.00   12.7     47.1    09:30     WNW
25    32.8   043.7   00:00    21.7   05:17     32.2     00.0   00.00   05.2     39.1    00:00     WSW
26    44.0   051.5   15:14    35.3   23:14     21.0     00.0   00.00   07.6     39.1    00:01      W 
27    44.0   057.2   14:34    35.2   07:48     21.0     00.0   00.00   01.6     11.5    02:55     WSW
28    38.7   055.8   12:04    17.7   00:00     26.2     00.0   00.00   05.3     25.3    14:35      N 
29    24.5   038.9   23:30    10.4   05:18     40.4     00.0   00.02   05.6     43.7    22:57      W 
30    38.5   050.5   15:47    30.3   07:32     26.4     00.0   00.00   09.8     47.1    01:16     WNW
31    44.2   050.8   15:13    36.7   00:10     20.8     00.0   00.00   06.8     42.5    03:05      W 
----------------------------------------------------------------------------------------------------------------------------------------------------------
30.6 (30.0)   62.5  day 18    -09.9  day 05   1063.9    000.0   00.00   06.4     62.1   day 10     WNW
Max