NOAA-Style Climate Reports


Report for 2014 January

Daily noaa report




                            MONTHLY CLIMATOLOGICAL SUMMARY for JAN. 2014

NAME: Rockcreek-Hillcrest   CITY: Superior STATE: Colorado
ELEV: 5581 LAT: 039:55:38 LONG: 0105:09:26

                            TEMPERATURE ( °F), RAIN (in.), WIND SPEED (mph)

                                               HEAT     COOL           AVG
      MEAN                                     DEG      DEG            WIND                       DOM
DAY   TEMP    HIGH   TIME     LOW    TIME      DAYS     DAYS    RAIN   SPEED    HIGH    TIME      DIR
----------------------------------------------------------------------------------------------------------------------------------------------------------
01    31.9   042.0   00:01    22.9   22:36     33.0     00.0   00.01   03.7     20.7    15:53      E 
02    28.4   046.8   23:08    16.4   07:48     36.6     00.0   00.03   01.8     27.6    22:51     WNW
03    50.3   056.5   15:22    36.0   01:01     14.7     00.0   00.00   16.2     47.1    11:40      W 
04    18.3   044.2   00:02    04.6   23:53     46.7     00.0   00.00   03.3     21.9    00:59     ENE
05    05.9   015.2   04:04   -01.8   22:45     59.1     00.0   00.00   02.2     19.6    06:28     NNE
06    12.9   037.3   23:24   -04.0   02:39     52.1     00.0   00.08   04.4     41.4    23:00     WNW
07    39.2   048.3   08:38    27.6   00:00     25.8     00.0   00.01   07.8     42.5    03:04     WNW
08    27.8   036.0   12:53    19.3   07:49     37.2     00.0   00.00   00.7     10.3    13:45      NW
09    33.1   043.9   15:11    19.5   03:38     31.8     00.0   00.00   05.4     34.5    16:12      W 
10    32.3   038.0   13:10    28.5   05:29     32.7     00.0   00.01   11.4     49.5    06:34     WNW
11    46.9   058.4   16:10    36.7   00:19     18.1     00.0   00.00   13.0     46.0    04:07     WNW
12    38.1   051.0   02:14    27.8   21:43     26.8     00.0   00.00   10.4     42.5    09:30     WNW
13    37.9   042.9   16:08    29.3   00:05     27.0     00.0   00.01   15.2     55.2    14:28     WNW
14    29.5   039.3   00:16    22.3   22:12     35.5     00.0   00.00   03.8     26.4    04:57      E 
15    41.1   048.8   12:55   -00.0   11:46     23.8     00.0   00.00   13.3     51.8    16:08     WNW
16    38.1   044.0   11:40    28.6   21:44     26.8     00.0   00.00   10.3     42.5    02:51      W 
17    38.8   051.0   14:15    24.2   06:43     26.2     00.0   00.00   05.5     27.6    15:30      W 
18    45.1   052.0   15:07    35.3   20:34     19.9     00.0   00.00   06.1     27.6    15:30      W 
19    51.8   059.5   14:37    42.5   00:55     13.2     00.0   00.00   12.0     36.8    04:07     WNW
20    39.9   050.7   00:27    29.0   00:00     25.0     00.0   00.00   04.8     27.6    03:03     WSW
21    46.5   059.5   15:04    26.6   01:06     18.5     00.0   00.00   10.4     36.8    07:20      W 
22    31.1   039.1   14:36    22.2   00:00     33.9     00.0   00.00   03.9     17.3    17:44      E 
23    15.0   029.9   23:42    05.7   08:14     50.0     00.0   00.01   02.6     16.1    00:31      NE
24    44.2   054.1   14:39    26.2   00:29     20.8     00.0   00.00   13.2     38.0    22:52     WNW
25    48.8   059.5   14:17    36.5   07:58     16.2     00.0   00.00   07.7     29.9    15:21      W 
26    39.5   052.7   14:54    15.2   00:00     25.5     00.0   00.00   11.0     38.0    11:17     WNW
27    14.0   017.6   14:03    09.1   00:00     50.9     00.0   00.00   01.5     11.5    00:18      NE
28    17.7   031.1   15:37    09.1   00:07     47.2     00.0   08.88   02.8     21.9    20:45      N 
29    42.1   053.2   22:40    17.5   02:02     22.8     00.0   08.88   14.4     47.1    22:47      W 
30    38.1   048.6   00:43    19.6   23:45     26.8     00.0   00.01   09.0     36.8    06:31     WNW
31    18.6   024.3   23:59    14.1   06:32     46.4     00.0   00.03   01.1     12.7    00:49      NE
----------------------------------------------------------------------------------------------------------------------------------------------------------
33.6 (32.6)   59.5  day 25    -04.0  day 06   970.5    000.0   00.00   07.4     55.2   day 03     WNW
Max