NOAA-Style Climate Reports


Report for 2014 February

Daily noaa report




                            MONTHLY CLIMATOLOGICAL SUMMARY for FEB. 2014

NAME: Rockcreek-Hillcrest   CITY: Superior STATE: Colorado
ELEV: 5581 LAT: 039:55:38 LONG: 0105:09:26

                            TEMPERATURE ( °F), RAIN (in.), WIND SPEED (mph)

                                               HEAT     COOL           AVG
      MEAN                                     DEG      DEG            WIND                       DOM
DAY   TEMP    HIGH   TIME     LOW    TIME      DAYS     DAYS    RAIN   SPEED    HIGH    TIME      DIR
----------------------------------------------------------------------------------------------------------------------------------------------------------
01    17.8   024.8   01:34    12.4   22:34     47.1     00.0   00.00   01.4     10.3    15:21      NE
02    11.5   021.6   14:16    02.7   07:59     53.4     00.0   00.00   00.2     05.8    23:25      N 
03    17.0   028.2   15:04    05.1   02:13     47.9     00.0   00.02   00.6     09.2    21:56      NW
04    09.1   021.2   00:12   -04.7   00:00     55.9     00.0   00.00   03.5     17.3    17:05     ENE
05   -08.4   000.2   12:22   -15.3   07:38     73.3     00.0   00.00   01.1     11.5    15:38      NE
06   -06.8   002.3   15:02   -13.4   01:25     71.8     00.0   00.00   00.6     06.9    23:11     NNE
07    18.9   040.8   15:04   -08.1   00:46     46.1     00.0   00.08   03.9     31.1    14:32     WNW
08    36.0   044.5   20:51    19.3   22:51     28.9     00.0   00.00   09.1     38.0    17:49     WNW
09    17.2   019.6   00:09    13.9   20:33     47.7     00.0   00.00   01.0     10.3    18:41      NE
10    21.3   033.0   20:30    11.8   04:35     43.7     00.0   00.01   00.9     11.5    17:09      N 
11    33.3   042.9   15:31    23.3   03:52     31.7     00.0   00.00   06.8     36.8    12:54      W 
12    36.0   048.2   17:01    22.7   03:07     28.9     00.0   00.00   08.5     52.9    00:00      W 
13    48.2   055.1   12:19    39.6   20:40     16.8     00.0   00.01   13.8     52.9    00:05     WNW
14    40.7   051.5   23:45    30.7   21:57     24.3     00.0   00.00   05.9     52.9    23:49      NW
15    41.4   057.3   08:21    28.8   21:42     23.5     00.0   00.04   11.4     59.8    04:16     WNW
16    43.1   061.6   13:52    28.1   02:36     21.8     00.0   00.03   09.3     54.0    23:49      W 
17    48.1   061.1   15:56    32.5   06:30     16.8     00.0   00.00   13.2     52.9    00:31     WNW
18    50.0   057.8   15:08    32.1   23:45     14.9     00.0   00.00   12.0     57.5    04:56      W 
19    40.6   058.2   14:02    26.8   23:53     24.3     00.0   00.00   07.5     42.5    14:09     WNW
20    29.3   035.8   23:31    23.8   04:01     35.6     00.0   00.00   12.7     49.5    18:43     WNW
21    39.2   046.5   14:41    32.9   06:25     25.7     00.0   00.00   17.6     59.8    09:02     WNW
22    38.7   047.0   14:03    25.9   00:00     26.2     00.0   00.00   10.0     39.1    02:31     WNW
23    30.0   043.5   16:16    24.0   08:36     34.9     00.0   00.00   02.1     18.4    13:07      E 
24    38.9   062.9   13:20    19.9   23:52     26.0     00.0   00.01   07.2     42.5    08:41      NW
25    18.2   026.2   10:28    10.6   23:02     46.7     00.0   00.00   04.6     25.3    11:23     ENE
26    25.6   044.9   16:42    08.2   01:48     39.3     00.0   00.04   01.9     14.9    12:28     SSW
27    44.6   056.8   14:13    27.6   01:14     20.3     00.0   00.00   03.9     26.4    13:19     WNW
28    39.7   055.5   14:30    25.9   23:14     25.2     00.0   00.00   05.8     29.9    13:18      NW
----------------------------------------------------------------------------------------------------------------------------------------------------------
29.3 (29.2)   62.9  day 24    -15.3  day 05   999.0    000.0   00.00   06.3     59.8   day 15     WNW
Max