NOAA-Style Climate Reports


Report for 2014 March

Daily noaa report


                            MONTHLY CLIMATOLOGICAL SUMMARY for MAR. 2014

NAME: Rockcreek-Hillcrest   CITY: Superior STATE: Colorado
ELEV: 5581 LAT: 039:55:38 LONG: 0105:09:26

                            TEMPERATURE ( °F), RAIN (in.), WIND SPEED (mph)

                                               HEAT     COOL           AVG
      MEAN                                     DEG      DEG            WIND                       DOM
DAY   TEMP    HIGH   TIME     LOW    TIME      DAYS     DAYS    RAIN   SPEED    HIGH    TIME      DIR
----------------------------------------------------------------------------------------------------------------------------------------------------------
01    15.4   026.1   00:05    07.3   00:00     49.6     00.0   00.00   03.6     17.3    07:38     ENE
02    13.6   024.7   15:58    04.1   05:24     51.3     00.0   00.01   01.1     14.9    19:05      E 
03    43.8   056.8   15:08    19.0   01:28     21.1     00.0   00.02   06.2     28.8    14:03      W 
04    47.8   060.8   13:39    32.8   00:00     17.1     00.0   00.00   05.1     26.4    03:33     WNW
05    40.6   054.5   16:38    27.1   05:57     24.4     00.0   00.24   01.9     16.1    23:22      W 
06    56.4   066.5   14:36    48.9   00:03     08.5     00.0   00.00   10.9     40.3    07:59     WNW
07    38.0   054.1   00:46    31.9   23:35     27.0     00.0   00.24   01.6     19.6    07:27      NW
08    39.2   050.4   17:03    28.7   03:14     25.7     00.0   00.25   02.1     12.7    14:43     WNW
09    55.8   068.5   14:40    38.9   00:08     09.2     00.0   00.00   09.8     31.1    15:06      W 
10    58.9   071.3   17:14    52.6   10:36     06.0     00.0   00.00   06.5     29.9    05:06     WNW
11    38.5   059.2   00:01    22.1   00:00     26.5     00.0   00.00   09.3     35.6    12:36     NNW
12    34.5   052.8   18:42    20.6   01:44     30.4     00.0   00.00   03.5     18.4    12:27      SW
13    45.2   059.7   15:55    28.7   04:17     19.7     00.0   00.00   05.5     40.3    16:22     NNW
14    49.0   063.0   16:30    33.2   04:05     16.0     00.0   00.00   05.6     26.4    18:09      N 
15    42.8   051.3   00:10    29.5   23:23     22.1     00.0   00.00   10.5     33.4    14:03      NW
16    44.3   063.3   15:40    26.2   07:38     20.6     00.0   00.00   06.0     33.4    21:35      NW
17    54.2   067.5   13:31    36.2   00:00     10.7     00.0   00.00   11.4     42.5    00:00      W 
18    35.2   040.5   15:49    29.3   00:00     29.7     00.0   00.01   13.7     51.8    01:29     NNW
19    40.9   055.6   16:50    23.9   04:02     24.0     00.0   00.00   08.5     32.2    21:09      NW
20    53.9   064.8   15:13    39.7   07:07     11.1     00.0   00.00   11.4     40.3    20:49     WNW
21    38.2   054.0   00:12    26.1   07:20     26.7     00.0   00.00   04.6     33.4    00:10      SE
22    28.2   037.7   00:15    24.1   23:09     36.8     00.0   00.00   06.6     19.6    13:41     NNE
23    39.0   057.2   15:58    23.4   08:46     25.9     00.0   00.02   05.6     35.6    15:26      NW
24    32.3   042.9   18:16    25.3   06:42     32.7     00.0   00.00   02.1     14.9    00:07      E 
25    39.1   061.0   16:12    22.5   07:18     25.8     00.0   00.00   01.4     11.5    17:34      N 
26    51.2   065.5   15:42    36.7   01:03     13.7     00.0   00.00   06.6     49.5    21:18      W 
27    45.8   054.7   16:20    38.3   07:59     19.2     00.0   00.01   07.4     34.5    18:46     WNW
28    42.8   051.3   14:35    33.4   01:26     22.1     00.0   00.11   08.7     35.6    15:36     WNW
29    51.2   064.9   15:16    38.8   03:00     13.8     00.0   00.00   08.4     35.6    13:10      W 
30    54.8   069.4   15:35    38.9   22:22     10.2     00.0   00.10   08.0     47.1    22:05     WSW
31    46.1   053.8   17:33    37.8   00:00     18.8     00.0   00.00   11.4     55.2    01:53     WNW
----------------------------------------------------------------------------------------------------------------------------------------------------------
42.5 (42.7)   71.3  day 10     04.1  day 02   696.5    000.0   00.99   06.6     55.2   day 26     WNW
Max