NOAA-Style Climate Reports


Report for 2014 April

Daily noaa report


                            MONTHLY CLIMATOLOGICAL SUMMARY for APR. 2014

NAME: Rockcreek-Hillcrest   CITY: Superior STATE: Colorado
ELEV: 5581 LAT: 039:55:38 LONG: 0105:09:26

                            TEMPERATURE ( °F), RAIN (in.), WIND SPEED (mph)

                                               HEAT     COOL           AVG
      MEAN                                     DEG      DEG            WIND                       DOM
DAY   TEMP    HIGH   TIME     LOW    TIME      DAYS     DAYS    RAIN   SPEED    HIGH    TIME      DIR
----------------------------------------------------------------------------------------------------------------------------------------------------------
01    43.1   057.3   16:31    31.6   07:26     21.8     00.0   00.00   02.4     20.7    20:20      NE
02    37.6   049.7   16:59    29.3   06:46     27.3     00.0   00.16   05.1     20.7    20:03      N 
03    36.5   046.3   16:30    30.9   06:25     28.5     00.0   00.37   02.6     14.9    23:35      S 
04    41.0   053.2   15:34    27.8   06:51     23.9     00.0   00.00   05.0     19.6    15:52      SW
05    46.5   054.2   12:44    39.5   05:33     18.4     00.0   00.00   04.6     24.1    13:31     WNW
06    45.7   054.5   16:28    36.6   05:03     19.2     00.0   00.00   04.6     25.3    12:02      NW
07    44.7   055.6   16:16    35.8   06:14     20.2     00.0   00.00   04.6     27.6    17:28      NW
08    54.9   070.4   15:41    38.4   02:50     10.0     00.0   00.00   07.1     34.5    23:51      W 
09    64.7   074.6   16:14    58.8   04:33     00.2     00.0   00.00   09.9     38.0    01:36     WNW
10    55.6   066.4   14:57    37.8   06:50     09.4     00.0   00.00   03.8     23.0    08:40      NE
11    60.1   077.7   17:20    42.8   06:47     04.8     00.0   00.00   04.7     26.4    10:36     WSW
12    60.5   070.6   14:23    49.8   23:56     04.5     00.0   00.00   04.5     27.6    21:58     NNW
13    30.7   049.8   00:02    20.9   00:00     34.2     00.0   00.19   02.1     17.3    00:52      NE
14    29.8   041.2   17:43    19.5   05:28     35.1     00.0   00.17   02.1     17.3    15:21     SSE
15    52.0   063.1   16:46    33.2   00:02     13.0     00.0   00.00   10.2     39.1    15:53      W 
16    48.6   057.4   00:11    39.9   23:59     16.3     00.0   00.00   08.9     40.3    02:24      NW
17    47.4   064.9   16:35    31.1   05:08     17.5     00.0   00.00   02.0     14.9    16:59      S 
18    60.9   076.7   15:07    44.1   00:34     04.1     00.0   00.00   03.9     29.9    17:28     SSE
19    57.0   065.7   15:19    50.4   22:27     08.0     00.0   00.20   04.2     20.7    16:33     WNW
20    57.4   071.3   16:47    45.8   06:55     07.6     00.0   00.00   03.7     31.1    19:33      W 
21    55.7   067.0   16:36    43.9   06:45     09.2     00.0   00.00   03.8     19.6    18:02     WSW
22    59.7   075.7   13:18    43.2   06:21     05.3     00.0   00.00   02.7     34.5    14:26     WNW
23    57.1   069.2   13:10    42.1   00:00     07.8     00.0   00.00   09.9     40.3    17:23      W 
24    50.2   067.1   18:42    34.0   06:39     14.8     00.0   00.00   04.9     21.9    11:22     SSE
25    58.2   072.3   15:02    41.6   06:53     06.8     00.0   00.00   03.5     20.7    21:41     WNW
26    60.5   074.0   16:49    43.0   06:16     04.5     00.0   00.00   05.7     25.3    18:24      W 
27    48.2   054.9   00:29    42.3   23:07     16.8     00.0   00.00   10.1     41.4    11:28     WNW
28    45.1   051.8   15:02    36.0   04:42     19.8     00.0   00.00   07.8     35.6    15:19      NW
29    44.3   051.8   13:39    33.9   02:48     20.7     00.0   00.00   11.3     40.3    22:03     NNE
30    42.1   050.2   17:34    30.0   06:21     22.8     00.0   00.00   08.6     38.0    13:54      NE
----------------------------------------------------------------------------------------------------------------------------------------------------------
49.9 (49.8)   77.7  day 11     19.5  day 14   452.4    000.0   01.09   05.5     41.4   day 09      NW
Min  .08in) 0 (> 0.8in)