NOAA-Style Climate Reports


Report for 2014 May

Daily noaa report


                            MONTHLY CLIMATOLOGICAL SUMMARY for MAY. 2014

NAME: Rockcreek-Hillcrest   CITY: Superior STATE: Colorado
ELEV: 5581 LAT: 039:55:38 LONG: 0105:09:26

                            TEMPERATURE ( °F), RAIN (in.), WIND SPEED (mph)

                                               HEAT     COOL           AVG
      MEAN                                     DEG      DEG            WIND                       DOM
DAY   TEMP    HIGH   TIME     LOW    TIME      DAYS     DAYS    RAIN   SPEED    HIGH    TIME      DIR
----------------------------------------------------------------------------------------------------------------------------------------------------------
01    47.1   060.5   16:05    31.7   05:30     17.8     00.0   00.00   04.7     29.9    16:13      NE
02    59.6   075.4   17:40    38.6   03:30     05.4     00.0   00.00   02.8     18.4    10:01      NW
03    65.0   080.9   18:08    48.1   05:27     00.0     00.1   00.00   04.8     28.8    11:30      W 
04    69.8   083.0   16:10    59.2   01:56     00.0     04.9   00.00   06.2     28.8    16:20     WNW
05    64.8   080.6   16:54    48.1   04:18     00.2     00.0   00.00   03.3     19.6    14:16     WSW
06    62.6   074.0   14:03    53.0   05:14     02.4     00.0   00.00   03.9     18.4    18:52     NNE
07    53.5   061.7   15:14    40.9   23:58     11.5     00.0   00.10   04.8     23.0    23:52     ENE
08    42.7   051.6   13:25    37.3   03:28     22.3     00.0   00.29   02.8     23.0    17:26      E 
09    50.8   063.9   15:10    37.3   06:28     14.2     00.0   00.00   03.9     35.6    19:50     ENE
10    53.3   065.3   12:37    41.8   04:00     11.6     00.0   00.00   03.6     21.9    16:09     SSW
11    36.1   047.9   00:01    32.2   00:00     28.8     00.0   00.87   05.2     20.7    05:51     NNE
12    35.1   040.5   16:28    31.3   07:47     29.8     00.0   00.16   05.4     21.9    15:13      NE
13    40.2   048.9   17:35    31.9   06:17     24.8     00.0   00.01   03.9     20.7    14:35     NNW
14    47.0   056.1   17:42    35.9   02:26     18.0     00.0   00.00   03.9     19.6    14:35      W 
15    49.9   061.8   17:38    35.6   05:07     15.1     00.0   00.00   02.4     17.3    01:02      SE
16    52.9   063.5   08:17    43.9   04:39     12.0     00.0   00.10   06.0     26.4    02:04     NNE
17    53.5   066.7   17:12    43.6   03:36     11.5     00.0   00.03   02.5     12.7    16:14     NNE
18    63.6   084.1   17:18    43.0   05:47     01.3     00.0   00.01   02.5     19.6    18:35      SW
19    65.8   078.7   17:53    52.8   06:06     00.0     00.9   00.00   04.6     21.9    21:24      SE
20    62.6   073.4   14:58    56.9   23:50     02.3     00.0   00.00   03.6     21.9    15:37      NW
21    58.8   069.3   15:40    51.8   02:54     06.2     00.0   00.22   03.4     23.0    17:27     SSE
22    58.7   070.3   11:47    49.9   06:16     06.2     00.0   00.01   03.4     18.4    22:25     SSW
23    58.1   069.4   16:16    48.6   05:36     06.8     00.0   00.04   02.3     24.1    18:26     NNE
24    57.9   068.0   15:25    51.0   06:23     07.0     00.0   00.16   02.8     28.8    19:53     NNW
25    57.2   067.3   13:44    49.8   04:18     07.8     00.0   00.03   03.7     39.1    15:15      W 
26    61.0   072.9   14:09    49.9   04:09     03.9     00.0   00.00   04.2     20.7    18:29     WNW
27    69.4   082.8   16:31    53.4   00:11     00.0     04.4   00.00   03.2     17.3    12:08     WNW
28    71.8   086.4   15:51    54.6   05:58     00.0     06.8   00.00   03.4     19.6    21:43     SSE
29    69.1   083.2   13:43    52.6   05:44     00.0     04.2   00.00   03.9     39.1    13:20     WSW
30    63.0   070.8   13:01    53.0   23:59     02.0     00.0   00.08   02.8     20.7    16:19     NNE
31    62.6   078.4   15:15    48.6   04:49     02.4     00.0   00.01   01.8     14.9    15:44     WNW
----------------------------------------------------------------------------------------------------------------------------------------------------------
56.9 (57.2)   86.4  day 28     31.3  day 12   271.2    021.3   02.13   03.7     39.1   day 25     NNW
Max >=  86: 1
Min  .008in) 7 (> .08in) 1 (> 0.8in)