NOAA-Style Climate Reports


Report for 2014 June

Daily noaa report


                            MONTHLY CLIMATOLOGICAL SUMMARY for JUN. 2014

NAME: Rockcreek-Hillcrest   CITY: Superior STATE: Colorado
ELEV: 5581 LAT: 039:55:38 LONG: 0105:09:26

                            TEMPERATURE ( °F), RAIN (in.), WIND SPEED (mph)

                                               HEAT     COOL           AVG
      MEAN                                     DEG      DEG            WIND                       DOM
DAY   TEMP    HIGH   TIME     LOW    TIME      DAYS     DAYS    RAIN   SPEED    HIGH    TIME      DIR
----------------------------------------------------------------------------------------------------------------------------------------------------------
01    68.3   084.1   16:36    53.9   01:30     00.0     03.4   00.00   04.2     21.9    20:34      N 
02    66.1   080.4   16:56    48.1   06:04     00.0     01.1   00.00   02.6     14.9    18:04      N 
03    72.3   089.3   15:26    52.6   03:59     00.0     07.3   00.00   05.8     35.6    14:05      N 
04    67.9   083.7   15:34    51.3   05:43     00.0     02.9   00.00   03.5     20.7    16:17      N 
05    63.4   076.2   15:00    48.8   06:04     01.5     00.0   00.00   03.9     19.6    19:59      N 
06    65.7   078.2   16:31    53.4   05:51     00.0     00.8   00.00   05.2     31.1    01:15      N 
07    56.8   064.7   13:38    51.3   02:07     08.1     00.0   00.01   02.9     17.3    14:50      N 
08    53.8   064.2   14:53    47.4   22:10     11.2     00.0   00.36   03.9     25.3    17:55      N 
09    54.8   069.4   18:30    40.2   06:12     10.1     00.0   00.00   02.0     17.3    11:11      N 
10    68.6   084.7   14:26    47.8   01:31     00.0     03.7   00.00   04.5     26.4    15:00      N 
11    67.6   082.9   11:30    56.3   21:25     00.0     02.7   00.05   03.8     27.6    16:34      N 
12    60.5   070.9   16:49    52.6   08:21     04.4     00.0   00.00   02.5     14.9    17:18      N 
27    66.0   076.0   15:41    54.9   00:55     00.0     01.0   00.01   03.6     33.4    16:20      NE
28    71.0   083.3   17:41    59.2   00:01     00.0     06.1   00.00   09.3     36.8    12:51      W 
29    75.2   094.3   17:01    55.9   05:43     00.0     10.3   00.00   04.3     25.3    17:15      SW
30    77.4   090.2   14:18    64.8   00:00     00.0     12.4   00.00   08.5     32.2    11:57      NW
----------------------------------------------------------------------------------------------------------------------------------------------------------
66.0 (66.0)   94.3  day 29     40.2  day 09   035.4    051.8   00.43   04.4     36.8   day 28     NNW
Max >=  86: 3
Min  .008in) 1 (> .08in) 0 (> 0.8in)