NOAA-Style Climate Reports


Report for 2014 July

Daily noaa report


                            MONTHLY CLIMATOLOGICAL SUMMARY for JUL. 2014

NAME: Rockcreek-Hillcrest   CITY: Superior STATE: Colorado
ELEV: 5581 LAT: 039:55:38 LONG: 0105:09:26

                            TEMPERATURE ( °F), RAIN (in.), WIND SPEED (mph)

                                               HEAT     COOL           AVG
      MEAN                                     DEG      DEG            WIND                       DOM
DAY   TEMP    HIGH   TIME     LOW    TIME      DAYS     DAYS    RAIN   SPEED    HIGH    TIME      DIR
----------------------------------------------------------------------------------------------------------------------------------------------------------
01    65.2   074.4   17:13    52.0   05:48     00.0     00.2   00.00   03.2     18.4    23:27     ESE
02    68.5   080.0   16:30    58.8   06:10     00.0     03.6   00.00   02.7     17.3    17:22     ESE
03    72.5   088.8   15:42    57.1   03:45     00.0     07.6   00.00   03.1     21.9    23:59     NNW
04    74.9   088.7   12:38    61.2   06:21     00.0     10.0   00.00   05.9     40.3    14:01      SW
05    77.2   091.0   16:06    62.6   01:33     00.0     12.3   00.00   04.2     28.8    16:29      W 
06    80.3   091.9   12:41    69.2   23:07     00.0     15.3   00.00   05.8     25.3    15:04     WNW
07    77.5   095.1   15:05    59.3   06:03     00.0     12.6   01.56   03.5     38.0    20:18     NNE
08    67.8   079.9   19:09    60.8   04:23     00.0     02.9   00.00   00.0     05.8    11:47      W 
09    74.0   088.2   11:45    58.8   05:23     00.0     09.0   00.00   02.7     25.3    20:30     WNW
10    77.9   090.9   13:57    61.8   04:55     00.0     13.0   00.00   00.6     19.6    16:35      W 
11    72.8   085.4   12:43    62.7   06:26     00.0     07.9   00.00   00.4     17.3    17:17      W 
12    68.3   080.4   15:10    61.8   06:46     00.0     03.4   00.05   00.7     20.7    17:39     NNE
13    70.7   083.5   14:45    58.2   06:13     00.0     05.7   00.10   00.4     18.4    19:14      SE
14    70.5   080.5   13:41    59.4   05:00     00.0     05.6   00.03   01.4     20.7    21:46     ENE
15    64.8   075.5   13:10    57.1   05:55     00.1     00.0   00.09   00.2     12.7    19:17     WNW
16    62.5   073.3   12:26    55.8   23:43     02.5     00.0   00.15   01.1     24.1    18:41      NE
17    64.4   077.3   17:32    55.2   01:07     00.6     00.0   00.03   00.1     11.5    15:23      NE
18    74.1   087.7   15:37    58.9   03:39     00.0     09.2   00.00   01.0     20.7    14:49     NNW
19    78.1   092.3   15:26    60.5   04:25     00.0     13.1   00.01   01.8     21.9    17:07     SSW
20    80.7   092.7   14:00    65.3   06:08     00.0     15.8   00.06   04.9     34.5    17:26     WSW
21    82.4   094.6   14:32    66.8   04:40     00.0     17.5   00.00   03.8     19.6    13:43      SE
22    79.6   092.2   17:34    66.0   06:21     00.0     14.7   00.00   03.2     18.4    05:18     WSW
23    74.8   087.5   16:05    64.8   06:22     00.0     09.9   00.00   04.7     31.1    15:17      E 
24    81.1   094.8   12:25    68.7   04:01     00.0     16.1   00.00   05.2     25.3    13:28      NE
25    79.7   090.0   11:34    70.9   21:01     00.0     14.8   00.06   04.7     19.6    15:50     ENE
26    77.1   085.8   14:07    70.4   23:43     00.0     12.2   00.00   05.1     21.9    16:39     ENE
27    70.4   081.9   16:55    62.6   06:13     00.0     05.4   00.00   04.6     21.9    08:58     SSW
28    70.7   082.7   14:41    61.5   04:32     00.0     05.8   00.03   03.5     20.7    17:30      SW
29    66.9   078.3   13:01    59.1   00:00     00.0     02.0   00.25   03.3     18.4    23:10      SW
30    57.8   059.7   23:48    56.6   20:07     07.2     00.0   01.34   03.9     16.1    00:41     WSW
31    65.3   076.3   16:08    56.5   04:00     00.0     00.3   00.01   02.1     10.3    17:40      E 
----------------------------------------------------------------------------------------------------------------------------------------------------------
72.5 (72.9)   95.1  day 07     52.0  day 01   010.3    245.7   03.78   02.8     40.3   day 04     WSW
Max >=  86: 15
Min  .008in) 6 (> .08in) 2 (> 0.8in)