NOAA-Style Climate Reports


Report for 2014 August

Daily noaa report


                            MONTHLY CLIMATOLOGICAL SUMMARY for AUG. 2014

NAME: Rockcreek-Hillcrest   CITY: Superior STATE: Colorado
ELEV: 5581 LAT: 039:55:38 LONG: 0105:09:26

                            TEMPERATURE ( °F), RAIN (in.), WIND SPEED (mph)

                                               HEAT     COOL           AVG
      MEAN                                     DEG      DEG            WIND                       DOM
DAY   TEMP    HIGH   TIME     LOW    TIME      DAYS     DAYS    RAIN   SPEED    HIGH    TIME      DIR
----------------------------------------------------------------------------------------------------------------------------------------------------------
01    67.7   079.0   17:17    57.2   04:26     00.0     02.8   00.00   01.9     14.9    15:51     SSW
02    70.1   082.7   16:36    55.9   02:00     00.0     05.2   00.00   01.5     11.5    18:21     SSE
03    72.6   085.6   15:51    58.1   06:24     00.0     07.7   00.00   01.2     12.7    14:21      NE
04    72.3   081.1   13:48    61.0   06:04     00.0     07.4   00.00   01.8     18.4    14:48     WNW
05    69.4   077.2   11:49    60.7   23:26     00.0     04.5   00.03   02.5     26.4    16:36      W 
06    72.9   086.2   16:14    58.1   01:46     00.0     08.0   00.00   03.0     19.6    16:42      NW
07    67.5   077.4   17:00    58.8   04:06     00.0     02.5   00.03   02.1     20.7    15:40      NW
08    69.3   082.1   15:34    55.2   05:02     00.0     04.4   00.00   02.6     19.6    16:32     NNW
09    70.6   085.0   12:55    60.2   06:39     00.0     05.6   00.05   02.6     25.3    17:09     WSW
10    67.5   076.8   18:59    57.1   06:34     00.0     02.6   00.00   01.9     18.4    14:02      NW
11    69.8   083.4   14:40    56.5   05:42     00.0     04.9   00.00   01.9     14.9    12:56     SSW
12    73.2   088.6   16:25    54.7   06:20     00.0     08.2   00.00   02.1     13.8    17:20     SSE
13    76.3   091.3   15:35    62.1   06:29     00.0     11.3   00.00   03.7     34.5    18:36     WSW
14    71.8   080.6   13:33    63.6   23:23     00.0     06.9   00.03   01.3     17.3    15:29     NNW
15    73.2   085.5   13:26    61.7   00:31     00.0     08.3   00.01   03.5     28.8    15:06     WNW
16    79.4   089.6   14:31    66.2   06:23     00.0     14.5   00.00   03.3     17.3    16:32      NW
17    77.3   090.7   14:42    64.6   03:52     00.0     12.3   00.00   03.9     21.9    16:57     WSW
18    74.3   086.8   13:53    63.8   23:06     00.0     09.4   00.00   02.7     26.4    16:53      SW
19    72.2   085.0   14:45    63.2   03:21     00.0     07.3   00.00   03.8     35.6    15:52     ENE
20    73.8   086.7   14:37    64.3   22:36     00.0     08.8   00.00   03.9     19.6    21:44      E 
21    70.6   081.7   15:44    57.1   04:41     00.0     05.7   00.00   01.9     26.4    18:10      W 
22    65.1   070.8   14:09    60.7   04:28     00.0     00.2   00.02   01.0     16.1    14:41     SSW
23    65.4   076.0   16:28    56.5   05:11     00.0     00.5   00.05   05.4     34.5    16:52     WNW
24    68.9   083.2   15:29    52.0   05:08     00.0     04.0   00.00   03.2     31.1    08:43      W 
25    64.1   076.7   15:20    54.6   06:35     00.9     00.0   00.13   01.7     33.4    16:22      S 
26    64.3   074.9   16:37    55.9   00:40     00.7     00.0   00.05   02.5     20.7    19:24      W 
27    63.7   074.4   14:12    54.7   23:51     01.3     00.0   00.16   02.0     26.4    18:49     NNW
28    60.1   067.0   10:36    53.1   05:52     04.9     00.0   00.09   02.0     26.4    14:27     NNE
29    67.6   079.6   10:44    61.6   22:39     00.0     02.7   00.11   04.6     29.9    17:01      SE
30    70.9   088.3   14:49    57.9   06:41     00.0     06.0   00.01   03.2     24.1    20:02     ENE
31    64.5   076.4   14:14    58.5   23:09     00.5     00.0   00.01   03.4     18.4    13:12      NE
----------------------------------------------------------------------------------------------------------------------------------------------------------
69.9 (70.3)   91.3  day 13     52.0  day 24   008.2    161.5   00.79   02.6     35.7   day 23      W 
Max >=  86: 8
Min  .008in) 4 (> .08in) 0 (> 0.8in)