NOAA-Style Climate Reports


Report for 2014 September

Daily noaa report


                            MONTHLY CLIMATOLOGICAL SUMMARY for SEP. 2014

NAME: Rockcreek-Hillcrest   CITY: Superior STATE: Colorado
ELEV: 5581 LAT: 039:55:38 LONG: 0105:09:26

                            TEMPERATURE ( °F), RAIN (in.), WIND SPEED (mph)

                                               HEAT     COOL           AVG
      MEAN                                     DEG      DEG            WIND                       DOM
DAY   TEMP    HIGH   TIME     LOW    TIME      DAYS     DAYS    RAIN   SPEED    HIGH    TIME      DIR
----------------------------------------------------------------------------------------------------------------------------------------------------------
01    65.9   078.7   14:58    53.9   06:54     00.0     00.9   00.00   03.7     16.1    15:23     NNW
02    68.7   086.9   17:13    54.0   05:29     00.0     03.8   00.00   02.4     14.9    10:45     WSW
03    76.8   091.5   15:00    58.6   05:23     00.0     11.9   00.00   02.4     16.1    11:28     SSW
04    64.6   073.5   01:32    57.5   23:52     00.3     00.0   00.02   02.4     16.1    22:06     ESE
05    54.0   059.0   17:06    49.8   07:45     10.9     00.0   00.45   02.4     14.9    14:48     ENE
06    58.6   071.3   15:57    49.6   06:48     06.3     00.0   00.00   01.2     11.5    13:09     WSW
07    66.1   081.7   14:31    50.6   05:14     00.0     01.2   00.00   03.0     32.2    14:38     WNW
08    70.2   081.9   12:53    59.3   05:36     00.0     05.3   00.00   02.4     18.4    18:51      W 
09    64.5   074.5   12:17    57.1   23:36     00.4     00.0   00.12   01.3     27.6    13:04     NNW
10    59.3   073.1   16:30    50.5   07:28     05.7     00.0   00.23   01.7     13.8    04:57      SE
11    46.3   059.5   00:21    36.5   00:00     18.6     00.0   00.16   04.1     17.3    23:13     ENE
12    37.8   046.6   18:15    32.3   03:46     27.2     00.0   00.07   01.1     13.8    00:49     ESE
13    54.2   077.5   14:06    33.7   04:27     10.7     00.0   00.01   01.7     14.9    14:48      N 
14    67.7   082.2   13:23    49.2   03:02     00.0     02.7   00.00   02.6     21.9    16:36     WNW
15    59.2   072.1   16:59    46.6   07:14     05.7     00.0   00.00   01.2     13.8    00:09      SE
16    68.7   084.1   15:01    50.0   02:20     00.0     03.8   00.00   02.2     16.1    06:27      SW
17    71.5   087.1   16:01    56.1   05:26     00.0     06.5   00.00   01.9     27.6    18:21     WSW
18    72.5   087.8   16:40    56.7   03:34     00.0     07.6   00.00   02.0     17.3    23:10     SSW
19    72.1   086.2   17:05    58.7   05:48     00.0     07.1   00.00   02.2     19.6    14:15     SSW
20    68.1   077.4   17:16    58.7   06:03     00.0     03.2   00.00   02.2     14.9    01:47     SSE
21    62.0   068.2   17:38    56.8   07:00     02.9     00.0   00.01   02.2     19.6    11:04      N 
22    65.0   078.1   16:32    56.0   04:17     00.0     00.0   00.01   02.7     24.1    14:28     WNW
23    67.5   078.6   14:54    58.7   05:02     00.0     02.6   00.00   03.1     28.8    14:14      W 
24    68.8   081.2   16:57    54.4   06:22     00.0     03.9   00.00   02.2     18.4    13:56      S 
25    70.0   085.9   17:01    53.0   07:11     00.0     05.0   00.00   01.8     19.6    21:13     SSW
26    69.5   085.5   16:48    52.2   06:21     00.0     04.6   00.00   01.4     12.7    15:13     NNW
27    68.9   082.6   16:03    54.0   05:56     00.0     04.0   00.00   01.4     14.9    16:20      NE
28    60.9   070.4   15:08    55.1   04:33     04.0     00.0   00.02   02.6     19.6    12:25     NNE
29    54.5   062.1   12:36    47.3   00:00     10.4     00.0   00.52   02.0     19.6    14:22     ENE
30    57.5   064.4   11:56    47.1   00:20     07.4     00.0   00.01   06.9     28.8    12:36      W 
----------------------------------------------------------------------------------------------------------------------------------------------------------
63.7 (64.1)   91.5  day 03     32.3  day 12   110.7    074.0   01.63   02.3     32.2   day 30     WNW
Max >=  86: 5
Min  .008in) 5 (> .08in) 0 (> 0.8in)