NOAA-Style Climate Reports


Report for 2014 October

Daily noaa report


                            MONTHLY CLIMATOLOGICAL SUMMARY for OCT. 2014

NAME: Rockcreek-Hillcrest   CITY: Superior STATE: Colorado
ELEV: 5581 LAT: 039:55:38 LONG: 0105:09:26

                            TEMPERATURE ( °F), RAIN (in.), WIND SPEED (mph)

                                               HEAT     COOL           AVG
      MEAN                                     DEG      DEG            WIND                       DOM
DAY   TEMP    HIGH   TIME     LOW    TIME      DAYS     DAYS    RAIN   SPEED    HIGH    TIME      DIR
----------------------------------------------------------------------------------------------------------------------------------------------------------
01    50.6   062.6   13:55    41.3   23:49     14.3     00.0   00.21   02.3     40.3    14:43     NNE
02    51.2   061.6   15:54    36.6   06:11     13.8     00.0   00.00   06.0     29.9    23:38     WNW
03    44.1   057.6   16:06    35.3   05:12     20.8     00.0   00.00   02.1     27.6    00:11      SE
04    56.2   071.5   16:34    37.6   03:23     08.7     00.0   00.00   01.9     24.1    22:42      N 
05    62.5   073.1   15:44    49.1   06:49     02.4     00.0   00.00   05.7     29.9    01:09     WNW
06    63.7   076.4   15:33    43.6   03:56     01.3     00.0   00.00   07.2     32.2    12:48     WNW
07    66.9   077.8   15:00    51.8   07:06     00.0     02.0   00.00   03.9     29.9    00:21      W 
08    59.2   073.1   14:43    47.7   05:15     05.7     00.0   00.00   01.5     11.5    15:17     SSW
09    54.1   059.5   00:50    49.1   20:12     10.9     00.0   00.95   01.8     12.7    17:51     NNW
10    51.1   057.2   14:47    44.9   23:07     13.9     00.0   00.01   01.8     12.7    14:07      SE
11    56.9   070.0   14:30    41.5   04:26     08.0     00.0   00.01   03.2     27.6    15:57     WSW
12    52.2   063.9   01:01    41.6   21:45     12.7     00.0   00.08   04.8     34.5    14:26     NNE
13    46.5   056.8   15:54    34.6   07:07     18.4     00.0   00.00   01.2     10.3    21:42     WSW
14    56.0   072.4   16:49    40.0   07:27     09.0     00.0   00.00   01.2     11.5    13:28      SW
15    60.3   076.1   17:57    40.3   06:27     04.6     00.0   00.00   01.4     19.6    18:05      W 
16    63.3   070.5   00:59    46.1   22:59     01.6     00.0   00.00   04.7     28.8    00:47      W 
17    49.0   060.7   15:40    39.8   07:30     16.0     00.0   00.00   00.9     10.3    15:57      NW
18    52.1   066.7   17:07    36.8   07:33     12.8     00.0   00.00   00.9     10.3    01:38      W 
19    58.9   072.2   15:45    44.5   02:39     06.1     00.0   00.00   01.9     14.9    13:34      SW
20    58.5   074.3   16:21    41.7   07:05     06.4     00.0   00.00   01.2     12.7    23:04     WNW
21    60.5   073.7   14:41    46.3   04:28     04.4     00.0   00.01   03.5     42.5    20:45     WNW
22    58.7   066.0   14:46    47.3   04:17     06.3     00.0   00.00   02.7     27.6    22:59      W 
23    59.8   073.1   15:25    42.3   06:25     05.2     00.0   00.00   03.2     26.4    12:55      NW
30    65.8   070.1   01:12    47.0   00:00     00.0     00.9   00.00   05.6     28.8    01:54     ESE
31    44.0   054.3   15:33    34.1   08:08     20.9     00.0   00.00   02.5     11.5    03:54     SSW
----------------------------------------------------------------------------------------------------------------------------------------------------------
56.1 (55.0)   77.8  day 07     34.1  day 31   224.3    002.8   01.27   02.9     42.6   day 21     WNW
Min  .008in) 2 (> .08in) 1 (> 0.8in)