NOAA-Style Climate Reports


Report for 2014 November

Daily noaa report


                            MONTHLY CLIMATOLOGICAL SUMMARY for NOV. 2014

NAME: Rockcreek-Hillcrest   CITY: Superior STATE: Colorado
ELEV: 5581 LAT: 039:55:38 LONG: 0105:09:26

                            TEMPERATURE ( °F), RAIN (in.), WIND SPEED (mph)

                                               HEAT     COOL           AVG
      MEAN                                     DEG      DEG            WIND                       DOM
DAY   TEMP    HIGH   TIME     LOW    TIME      DAYS     DAYS    RAIN   SPEED    HIGH    TIME      DIR
----------------------------------------------------------------------------------------------------------------------------------------------------------
01    49.3   061.0   16:48    40.6   04:57     15.7     00.0   00.00   01.1     12.7    06:41      E 
02    55.7   069.0   11:28    44.9   23:14     09.2     00.0   00.00   02.8     24.1    14:12      SW
03    38.9   047.4   02:05    30.4   23:16     26.0     00.0   00.02   02.3     20.7    13:17      NE
04    45.9   058.1   15:13    31.1   02:51     19.0     00.0   00.00   03.0     24.1    20:13     WSW
05    51.3   061.9   13:42    39.1   22:56     13.6     00.0   00.00   02.6     24.1    00:11      W 
06    49.5   066.4   14:54    33.3   06:09     15.5     00.0   00.00   01.3     13.8    13:41     SSW
07    57.7   068.6   12:04    41.3   23:59     07.2     00.0   00.15   07.5     48.3    08:15     WNW
08    52.8   068.5   15:46    35.8   07:06     12.1     00.0   00.00   05.7     39.1    21:59      W 
09    61.7   070.9   14:40    52.3   20:29     03.2     00.0   00.00   07.7     35.6    00:20      W 
10    37.3   064.4   00:47    14.0   23:54     27.7     00.0   00.00   08.2     48.3    08:15     WNW
11    11.9   015.3   11:11    05.3   00:00     53.0     00.0   00.00   04.3     14.9    20:06      NE
12    02.3   005.4   00:07   -06.4   23:55     62.7     00.0   00.00   02.5     11.5    09:12     ENE
13    03.6   009.9   15:02   -06.4   02:09     61.3     00.0   00.00   00.7     08.1    11:44     ENE
14    18.4   034.5   12:57    04.2   01:13     46.5     00.0   00.06   02.2     13.8    07:46      SW
15    16.7   042.1   03:13    09.7   23:44     48.3     00.0   00.00   03.4     16.1    12:34      NW
16    20.2   032.2   14:55    04.4   05:57     44.7     00.0   00.02   03.1     26.4    19:55      SE
17    31.2   037.8   14:54    25.9   05:50     33.8     00.0   00.02   12.7     38.0    09:08      W 
18    40.6   045.5   18:08    29.8   00:55     24.4     00.0   00.00   13.0     44.9    16:02     WNW
19    39.3   046.9   05:49    26.4   23:50     25.6     00.0   00.00   04.1     31.1    05:42     WNW
20    36.9   049.8   13:39    25.2   04:03     28.0     00.0   00.00   00.3     08.1    14:07     WNW
21    48.2   060.1   13:44    35.6   00:05     16.7     00.0   00.00   02.8     12.7    14:55     ESE
22    52.3   064.0   13:56    43.5   01:47     12.6     00.0   00.00   09.3     38.0    09:41     ESE
23    36.8   049.5   00:01    28.4   21:26     28.1     00.0   00.00   04.3     27.6    23:59      W 
24    34.1   042.0   12:28    25.0   20:23     30.8     00.0   00.00   09.9     35.6    03:39      S 
25    38.7   047.7   15:43    30.5   23:19     26.2     00.0   00.00   14.9     54.0    12:55      W 
26    31.4   047.1   14:35    24.6   23:05     33.5     00.0   00.03   02.6     18.4    08:53     NNE
27    56.4   064.6   15:25    26.9   00:49     08.5     00.0   00.00   10.9     38.0    16:02      W 
28    61.1   068.5   15:07    51.6   07:18     03.9     00.0   00.00   06.4     34.5    16:58      W 
29    55.5   067.5   13:09    47.5   19:01     09.4     00.0   00.00   05.4     31.1    12:30      W 
30    33.0   056.5   01:26    17.4   18:43     31.9     00.0   00.00   03.8     26.4    01:22     WSW
----------------------------------------------------------------------------------------------------------------------------------------------------------
39.0 (38.9)   70.9  day 09    -06.4  day 13   779.6    000.0   00.30   05.3     54.1   day 25      W 
Max