NOAA-Style Climate Reports


Report for 2014 December

Daily noaa report


                            MONTHLY CLIMATOLOGICAL SUMMARY for DEC. 2014

NAME: Rockcreek-Hillcrest   CITY: Superior STATE: Colorado
ELEV: 5581 LAT: 039:55:38 LONG: 0105:09:26

                            TEMPERATURE ( °F), RAIN (in.), WIND SPEED (mph)

                                               HEAT     COOL           AVG
      MEAN                                     DEG      DEG            WIND                       DOM
DAY   TEMP    HIGH   TIME     LOW    TIME      DAYS     DAYS    RAIN   SPEED    HIGH    TIME      DIR
----------------------------------------------------------------------------------------------------------------------------------------------------------
01    26.7   038.2   00:00    19.9   01:16     38.3     00.0   00.00   00.8     19.6    21:51     ESE
02    51.3   063.4   14:49    31.7   00:00     13.6     00.0   00.00   03.3     34.5    09:55     WNW
03    33.8   051.1   23:17    28.0   05:09     31.1     00.0   00.00   01.8     26.4    23:06      N 
04    41.2   050.6   13:59    30.3   04:18     23.7     00.0   00.00   00.6     17.3    01:38      W 
05    45.5   054.9   15:38    35.2   23:57     19.4     00.0   00.00   01.5     14.9    12:10      NE
06    38.1   047.3   22:46    33.0   07:49     26.9     00.0   00.00   00.7     12.7    22:48      W 
07    48.5   057.5   13:41    32.5   02:21     16.4     00.0   00.00   05.8     34.5    11:35     WNW
08    37.3   050.4   15:00    29.3   05:42     27.6     00.0   00.00   00.4     08.1    03:24     WNW
09    37.5   049.2   14:16    28.4   03:33     27.5     00.0   00.00   00.4     11.5    08:16     WNW
10    44.5   060.6   13:49    32.9   01:27     20.5     00.0   00.00   00.6     10.3    14:13     WSW
11    44.6   062.8   14:54    31.9   07:11     20.3     00.0   00.00   00.9     08.1    18:27     WSW
12    46.5   061.7   14:57    36.3   01:48     18.5     00.0   00.00   00.8     06.9    16:59     WNW
13    46.6   056.6   12:19    35.6   20:19     18.3     00.0   00.00   00.8     09.2    03:34      NW
14    34.2   040.7   00:04    30.8   00:00     30.8     00.0   00.07   00.9     13.8    14:12      SW
15    32.4   042.4   15:47    22.9   23:27     32.5     00.0   00.03   00.7     10.3    14:58      SE
16    26.1   032.5   14:14    19.1   04:29     38.9     00.0   00.00   00.1     08.1    13:25     WNW
17    33.4   044.5   13:24    22.5   00:14     31.5     00.0   00.00   01.9     10.3    13:58      SW
18    34.9   043.2   13:47    28.6   07:36     30.0     00.0   00.00   01.8     10.3    15:28     SSW
19    37.9   049.4   14:32    28.9   00:59     27.1     00.0   00.00   03.2     19.6    15:49     ESE
20    41.0   052.4   14:26    31.3   05:06     23.9     00.0   00.00   03.3     23.0    14:29     SSE
21    44.0   050.7   14:03    34.2   00:00     20.9     00.0   00.04   06.9     34.5    10:05     SSE
22    33.6   039.8   11:42    27.8   23:14     31.3     00.0   00.00   03.8     23.0    15:20      S 
23    30.5   036.5   12:55    24.5   23:54     34.4     00.0   00.00   06.4     31.1    13:43      N 
24    39.5   052.2   15:41    21.0   05:56     25.5     00.0   00.00   07.7     34.5    16:06     WNW
25    33.5   049.6   02:17    19.6   00:00     31.4     00.0   00.00   05.7     31.1    00:16     NNW
26    16.3   021.0   12:22    04.1   23:59     48.7     00.0   00.04   01.8     13.8    00:22      W 
27    17.7   028.8   15:04    03.6   00:14     47.2     00.0   00.00   03.9     16.1    14:32     NNE
28    26.2   038.4   13:52    15.5   05:51     38.8     00.0   00.03   04.2     33.4    06:46      S 
29    12.2   027.2   00:01    02.6   00:00     52.8     00.0   00.00   03.5     14.9    17:05      NE
30   -02.6   002.6   00:02   -13.1   23:13     67.5     00.0   00.00   02.1     10.3    11:23     ENE
31    13.0   028.5   12:25   -10.3   00:24     51.9     00.0   00.51   01.1     11.5    01:52     NNE
----------------------------------------------------------------------------------------------------------------------------------------------------------
33.7 (33.9)   63.4  day 02    -13.1  day 30   967.2    000.0   00.72   02.5     34.5   day 02     WNW
Max