NOAA-Style Climate Reports


Report for 2015 January

Daily noaa report


                            MONTHLY CLIMATOLOGICAL SUMMARY for JAN. 2015

NAME: Rockcreek-Hillcrest   CITY: Superior STATE: Colorado
ELEV: 5581 LAT: 039:55:38 LONG: 0105:09:26

                            TEMPERATURE ( °F), RAIN (in.), WIND SPEED (mph)

                                               HEAT     COOL           AVG
      MEAN                                     DEG      DEG            WIND                       DOM
DAY   TEMP    HIGH   TIME     LOW    TIME      DAYS     DAYS    RAIN   SPEED    HIGH    TIME      DIR
----------------------------------------------------------------------------------------------------------------------------------------------------------
01    23.4   027.7   14:10    17.1   05:06     41.5     00.0   00.00   01.5     11.5    23:31      NE
02    26.5   037.9   15:02    17.5   07:23     38.5     00.0   00.01   00.7     11.5    11:41      SW
03    21.0   035.4   11:16    07.1   23:42     43.9     00.0   00.01   01.6     20.7    14:23      NE
04    16.0   041.4   18:18   -00.5   02:47     49.0     00.0   00.01   02.6     26.4    18:15      NW
05    42.2   059.4   18:48    03.9   02:17     22.8     00.0   00.01   08.5     44.9    11:50      SE
06    40.6   056.5   15:37    26.0   23:59     24.4     00.0   00.00   05.3     33.4    19:51     WNW
07    22.4   054.8   22:24    15.0   08:19     42.5     00.0   00.00   02.4     26.4    21:59     NNW
08    44.3   058.5   00:42    20.8   23:58     20.6     00.0   00.00   06.4     34.5    00:40     SSE
09    21.3   024.9   20:14    17.3   06:54     43.7     00.0   00.00   01.2     11.5    02:55      NE
10    41.6   054.6   14:21    23.8   01:48     23.3     00.0   00.01   02.0     34.5    05:33      W 
11    35.5   043.2   13:15    29.1   23:58     29.4     00.0   00.00   01.0     11.5    20:54      E 
12    23.7   029.2   00:07    21.8   08:20     41.2     00.0   00.00   02.1     10.3    12:24      W 
13    27.9   032.8   13:20    23.0   00:35     37.0     00.0   00.00   00.0     03.5    10:23      E 
14    32.9   044.0   15:37    21.8   07:48     32.0     00.0   00.03   01.6     11.5    23:26      NW
15    42.4   055.9   15:51    26.9   07:25     22.6     00.0   00.00   02.6     23.0    22:34     WSW
16    54.8   060.9   13:32    36.3   00:08     10.1     00.0   00.00   11.7     38.0    07:02     WSW
17    45.5   050.6   14:10    39.3   05:30     19.4     00.0   00.00   09.8     39.1    00:30     SSE
18    55.3   065.4   12:47    40.9   01:24     09.6     00.0   00.00   07.5     35.6    04:35      SE
19    50.8   059.5   14:15    38.8   22:58     14.2     00.0   00.00   05.5     32.2    07:44     SSE
20    35.0   043.3   13:56    27.9   07:24     29.9     00.0   00.00   03.2     16.1    17:10     NNW
21    25.9   031.8   00:17    14.7   23:49     39.0     00.0   00.02   02.1     16.1    14:44      W 
22    27.1   037.7   15:46    12.2   02:12     37.9     00.0   00.01   02.0     11.5    12:00      SE
23    39.7   050.0   15:19    31.3   02:19     25.2     00.0   00.00   03.7     14.9    22:24      NE
24    46.0   053.8   12:32    36.9   01:25     19.0     00.0   00.00   06.8     35.6    16:47     SSE
25    50.1   060.0   13:01    33.7   04:52     14.9     00.0   00.00   05.6     26.4    07:33      S 
26    55.9   070.8   14:56    43.1   04:07     09.0     00.0   00.00   02.1     12.7    23:00      SW
27    59.6   070.4   14:12    49.6   00:25     05.3     00.0   00.00   03.6     26.4    23:43     WNW
28    51.3   058.4   15:01    38.3   21:32     13.6     00.0   00.00   12.1     52.9    12:07      W 
29    39.0   046.2   16:14    32.6   23:59     25.9     00.0   00.00   00.8     12.7    13:48     SSE
30    39.3   048.2   14:19    30.8   03:43     25.6     00.0   00.00   00.3     06.9    21:45     NNE
31    34.8   038.7   16:52    28.1   00:00     30.1     00.0   00.00   00.6     11.5    23:37     NNE
----------------------------------------------------------------------------------------------------------------------------------------------------------
37.8 (37.2)   70.8  day 26    -00.5  day 04   841.4    000.0   00.12   03.8     52.9   day 28     SSW
Max