NOAA-Style Climate Reports


Report for 2015 March

Daily noaa report


                            MONTHLY CLIMATOLOGICAL SUMMARY for MAR. 2015

NAME: Rockcreek-Hillcrest   CITY: Superior STATE: Colorado
ELEV: 5581 LAT: 039:55:38 LONG: 0105:09:26

                            TEMPERATURE ( °F), RAIN (in.), WIND SPEED (mph)

                                               HEAT     COOL           AVG
      MEAN                                     DEG      DEG            WIND                       DOM
DAY   TEMP    HIGH   TIME     LOW    TIME      DAYS     DAYS    RAIN   SPEED    HIGH    TIME      DIR
----------------------------------------------------------------------------------------------------------------------------------------------------------
01    21.7   027.4   15:23    13.4   06:59     43.3     00.0   00.00   00.3     11.5    11:44      NE
02    26.1   038.3   23:59    13.7   06:43     38.9     00.0   00.02   01.7     13.8    23:47      S 
03    25.4   045.3   00:44    13.8   23:48     39.5     00.0   00.00   04.9     27.6    06:07     WSW
04    14.4   022.0   11:04    09.3   20:06     50.5     00.0   00.00   01.5     12.7    21:29      SW
05    25.1   040.0   23:11    11.6   06:54     39.8     00.0   00.00   01.8     19.6    03:24     WNW
06    38.9   051.3   13:35    26.6   03:16     26.1     00.0   00.00   00.9     10.3    10:21      W 
07    40.6   050.9   15:13    30.6   04:19     24.4     00.0   00.00   01.1     11.5    14:07     WNW
08    40.3   046.6   16:56    32.2   08:19     24.7     00.0   00.00   01.1     08.1    04:46     WNW
09    47.2   060.3   17:26    37.4   05:48     17.7     00.0   00.00   02.7     13.8    22:04     ENE
10    49.3   061.5   17:50    41.6   23:00     15.6     00.0   00.00   02.4     13.8    13:01      E 
11    50.6   066.2   16:51    33.7   07:24     14.3     00.0   00.00   01.3     17.3    20:14     WSW
12    53.7   062.6   13:39    46.0   07:19     11.2     00.0   00.00   02.5     24.1    19:48     ESE
13    49.0   057.2   14:57    43.2   03:52     15.9     00.0   00.04   02.6     14.9    08:03      NW
14    52.4   068.8   18:14    36.1   04:47     12.5     00.0   00.00   03.4     21.9    19:57     WSW
15    64.2   077.8   15:53    53.6   06:47     00.8     00.0   00.00   03.1     18.4    00:46      SW
16    53.5   058.7   01:16    45.7   00:00     11.4     00.0   00.00   04.8     21.9    22:48     ENE
17    44.4   052.7   16:56    39.3   09:45     20.5     00.0   00.00   02.1     18.4    14:01      NE
18    48.7   063.3   17:30    37.6   05:13     16.2     00.0   00.06   01.7     19.6    19:10     SSE
19    43.0   048.9   17:16    36.8   23:25     22.0     00.0   00.03   01.2     17.3    07:01     NNE
20    49.4   065.8   16:22    36.7   07:10     15.5     00.0   00.00   01.2     11.5    16:26     SSW
21    54.9   070.1   17:15    38.1   05:21     10.0     00.0   00.00   02.4     16.1    14:29     SSW
22    58.8   069.7   15:32    49.4   06:33     06.1     00.0   00.00   05.6     40.3    15:07     WNW
23    51.1   068.3   17:20    38.5   07:31     13.9     00.0   00.00   04.3     41.4    23:02     WNW
24    51.0   061.8   18:01    39.4   05:45     14.0     00.0   00.00   07.8     40.3    11:49     WNW
25    39.0   049.9   00:01    32.7   09:34     25.9     00.0   00.13   02.3     19.6    11:37     SSE
26    48.3   060.8   16:11    32.9   07:29     16.7     00.0   00.00   05.9     26.4    09:33      NW
27    55.4   069.6   17:21    37.7   05:07     09.5     00.0   00.00   04.2     25.3    17:57     WNW
28    64.6   075.4   15:48    52.1   00:36     00.4     00.0   00.00   08.9     33.4    21:40      W 
29    54.1   063.5   18:24    41.5   07:07     10.9     00.0   00.00   05.0     34.5    01:30      S 
30    56.4   072.9   16:42    40.5   07:21     08.6     00.0   00.00   04.5     32.2    17:01     WNW
31    61.3   076.1   14:57    43.4   06:53     03.6     00.0   00.00   03.7     25.3    13:36      W 
----------------------------------------------------------------------------------------------------------------------------------------------------------
46.2 (46.6)   77.8  day 15     09.3  day 04   580.3    000.0   00.28   03.1     41.4   day 23     WNW
Max