NOAA-Style Climate Reports


Report for 2015 April

Daily noaa report


                            MONTHLY CLIMATOLOGICAL SUMMARY for APR. 2015

NAME: Rockcreek-Hillcrest   CITY: Superior STATE: Colorado
ELEV: 5581 LAT: 039:55:38 LONG: 0105:09:26

                            TEMPERATURE ( °F), RAIN (in.), WIND SPEED (mph)

                                               HEAT     COOL           AVG
      MEAN                                     DEG      DEG            WIND                       DOM
DAY   TEMP    HIGH   TIME     LOW    TIME      DAYS     DAYS    RAIN   SPEED    HIGH    TIME      DIR
----------------------------------------------------------------------------------------------------------------------------------------------------------
01    59.1   069.0   11:46    45.7   00:00     05.8     00.0   00.00   05.2     49.5    16:47      W 
02    36.3   045.6   00:01    28.5   00:00     28.6     00.0   00.01   03.6     19.6    16:55     NNE
03    35.9   047.0   17:12    27.0   07:11     29.0     00.0   00.13   02.3     13.8    15:33      NW
04    46.3   061.5   15:27    30.7   05:49     18.6     00.0   00.00   03.2     17.3    17:40     WNW
05    57.8   070.2   15:24    42.3   03:35     07.2     00.0   00.00   03.7     19.6    15:33     NNW
06    60.8   070.7   15:37    50.2   04:07     04.1     00.0   00.00   04.8     19.6    18:07      NW
07    50.8   060.8   16:08    43.6   06:10     14.2     00.0   00.00   03.4     16.1    12:32     WSW
08    48.9   058.5   13:49    43.5   04:15     16.1     00.0   00.02   04.7     34.5    21:55     SSW
09    42.7   050.7   16:30    35.0   07:24     22.2     00.0   00.00   04.9     28.8    00:06      NW
10    47.3   061.6   16:11    32.2   06:55     17.7     00.0   00.00   01.6     17.3    18:54     SSW
11    55.4   069.2   15:39    38.4   06:31     09.5     00.0   00.00   02.4     20.7    13:24      SW
12    56.0   065.2   16:31    39.9   00:00     08.9     00.0   00.00   07.8     35.6    10:03     WNW
13    51.4   068.7   17:21    34.5   04:47     13.5     00.0   00.00   01.4     13.8    12:35     ENE
14    58.4   074.3   15:26    38.7   06:42     06.5     00.0   00.00   03.8     28.8    21:05     SSE
15    49.3   058.4   13:51    37.8   00:00     15.6     00.0   00.00   05.6     29.9    18:20     NNE
16    35.3   037.8   00:09    32.9   08:43     29.7     00.0   01.28   02.1     13.8    17:24     SSE
17    39.0   047.2   16:39    33.1   00:54     25.9     00.0   00.96   05.6     20.7    08:45     SSW
18    42.3   052.7   15:59    36.6   10:26     22.7     00.0   00.03   03.3     20.7    18:18     SSW
19    42.6   049.6   17:07    35.9   07:33     22.3     00.0   00.03   04.8     26.4    03:47      W 
20    43.3   053.6   16:23    32.2   06:54     21.6     00.0   00.00   03.3     14.9    18:05     WNW
21    53.2   065.7   13:07    40.1   01:06     11.7     00.0   00.00   03.3     23.0    17:43     WSW
22    53.1   066.2   15:09    39.5   06:35     11.9     00.0   00.00   04.4     25.3    16:07      NE
23    58.8   068.9   15:49    48.9   04:42     06.2     00.0   00.01   03.4     33.4    12:02     ENE
24    55.5   065.0   12:22    48.4   05:27     09.4     00.0   00.00   03.8     26.4    15:41     ESE
25    55.9   066.6   14:22    42.3   04:31     09.0     00.0   00.01   03.7     23.0    16:37     WSW
26    43.0   048.2   00:11    38.5   23:57     21.9     00.0   00.63   03.9     17.3    05:58      W 
27    41.7   047.6   15:04    38.0   08:15     23.2     00.0   00.05   03.4     12.7    16:13      W 
28    50.3   059.9   15:24    40.5   04:26     14.7     00.0   00.00   02.5     13.8    16:04      NW
29    60.3   074.3   16:27    47.1   00:53     04.6     00.0   00.00   02.9     18.4    15:30     NNE
30    66.6   080.1   15:07    54.5   00:00     00.0     01.7   00.01   04.4     26.4    19:14     SSW
----------------------------------------------------------------------------------------------------------------------------------------------------------
49.9 (49.9)   80.1  day 30     27.0  day 03   452.4    001.7   03.18   03.8     49.5   day 01      W 
Min  .008in) 4 (> .08in) 2 (> 0.8in)