NOAA-Style Climate Reports


Report for 2015 May

Daily noaa report



                            MONTHLY CLIMATOLOGICAL SUMMARY for MAY. 2015

NAME: Rockcreek-Hillcrest   CITY: Superior STATE: Colorado
ELEV: 5581 LAT: 039:55:38 LONG: 0105:09:26

                            TEMPERATURE ( °F), RAIN (in.), WIND SPEED (mph)

                                               HEAT     COOL           AVG
      MEAN                                     DEG      DEG            WIND                       DOM
DAY   TEMP    HIGH   TIME     LOW    TIME      DAYS     DAYS    RAIN   SPEED    HIGH    TIME      DIR
--------------------------------------------------------------------------------------------------------
01    55.0   061.8   12:55    48.4   06:22     10.0     00.0   00.12   02.8     18.4    15:02      NW
02    62.7   075.4   13:35    53.3   06:15     02.3     00.0   00.00   03.2     28.8    15:24     ENE
03    62.4   074.0   11:02    52.5   23:06     02.6     00.0   00.00   04.3     27.6    16:17     WSW
04    51.7   057.4   14:56    48.4   05:52     13.2     00.0   00.45   03.2     18.4    22:11     WSW
05    50.0   054.0   11:21    47.7   07:38     14.9     00.0   00.37   02.9     13.8    15:17      W 
06    53.8   064.1   13:47    48.3   03:22     11.1     00.0   00.17   02.4     14.9    16:44      W 
07    48.9   056.5   17:03    43.7   07:31     16.0     00.0   00.26   04.2     19.6    21:38     WSW
08    45.8   050.2   12:57    44.1   05:40     19.2     00.0   01.16   04.3     16.1    20:15     SSW
09    40.9   046.7   12:16    28.7   23:52     24.0     00.0   00.55   07.3     31.1    18:32      SW
10    35.6   043.1   14:53    28.5   00:30     29.3     00.0   00.21   04.2     19.6    16:12      NW
11    45.5   056.5   14:49    34.2   04:58     19.5     00.0   00.00   04.1     20.7    17:14      NW
12    53.4   070.2   15:33    38.3   06:33     11.5     00.0   00.00   02.4     18.4    18:17     ESE
13    55.2   062.5   14:54    48.4   23:09     09.7     00.0   00.02   03.8     21.9    16:11      SW
14    58.5   073.7   14:35    43.3   05:02     06.4     00.0   00.07   02.2     28.8    19:21      S 
15    55.5   063.5   15:24    46.3   05:02     09.5     00.0   00.06   02.2     19.6    21:28     NNW
16    51.7   063.1   11:54    39.8   06:28     13.3     00.0   00.05   03.4     31.1    18:12     WSW
17    56.0   068.6   14:30    46.3   00:01     08.9     00.0   00.02   03.5     25.3    03:03     WNW
18    45.8   050.9   00:01    40.5   07:25     19.2     00.0   00.00   01.5     12.7    03:31     ENE
19    43.4   046.3   00:13    38.2   00:00     21.5     00.0   00.01   03.1     23.0    09:10     ESE
20    39.1   044.3   15:07    35.2   06:30     25.9     00.0   00.01   01.5     11.5    16:41      E 
21    45.6   052.4   16:11    40.0   05:14     19.4     00.0   00.03   00.7     10.3    01:34      E 
22    49.2   053.8   16:37    45.9   07:56     15.7     00.0   00.06   01.5     17.3    17:45      NE
23    49.8   058.1   12:42    43.0   23:53     15.1     00.0   00.31   01.2     20.7    13:02     NNE
24    49.6   059.2   16:52    39.4   03:17     15.4     00.0   00.34   00.7     14.9    14:20      N 
25    52.2   064.6   14:54    41.8   03:50     12.7     00.0   00.30   01.3     26.4    18:05      NE
26    56.5   070.7   14:22    42.6   05:37     08.5     00.0   00.25   01.6     48.3    15:28      SW
27    62.6   075.1   19:04    49.0   03:11     02.4     00.0   00.17   01.7     23.0    22:25      S 
28    61.7   073.5   15:58    51.4   06:15     03.2     00.0   00.01   02.5     26.4    19:25     WNW
29    55.9   066.0   13:09    46.7   06:23     09.1     00.0   00.03   01.9     27.6    15:34      NE
30    59.3   075.8   16:14    43.9   05:52     05.6     00.0   00.07   01.2     16.1    18:00      SE
31    70.4   087.8   14:41    51.0   04:09     00.0     05.4   00.00   02.2     25.3    16:08      N 
--------------------------------------------------------------------------------------------------------
52.4 (52.7)   87.8  day 31     28.5  day 10   395.0    005.4   05.11   02.7     48.3   day 26     WSW
Max >=  86: 1
Min  .008in) 13 (> .08in) 1 (> 0.8in)