NOAA-Style Climate Reports


Report for 2015 July

Daily noaa report



                            MONTHLY CLIMATOLOGICAL SUMMARY for JUL. 2015

NAME: Rockcreek-Hillcrest   CITY: Superior STATE: Colorado
ELEV: 5581 LAT: 039:55:38 LONG: 0105:09:26

                            TEMPERATURE ( °F), RAIN (in.), WIND SPEED (mph)

                                               HEAT     COOL           AVG
      MEAN                                     DEG      DEG            WIND                       DOM
DAY   TEMP    HIGH   TIME     LOW    TIME      DAYS     DAYS    RAIN   SPEED    HIGH    TIME      DIR
--------------------------------------------------------------------------------------------------------
01    74.2   087.0   13:53    64.2   04:36     00.0     09.3   00.00   01.3     16.1    17:37      NW
02    68.3   083.5   18:04    57.5   07:09     00.0     03.3   00.01   02.5     34.5    19:30      NW
03    70.7   087.2   18:19    58.4   05:39     00.0     05.8   00.01   00.6     11.5    16:08     NNW
04    75.0   089.7   15:33    60.4   06:19     00.0     10.1   00.00   03.2     31.1    20:12      W 
05    73.6   090.6   11:58    64.2   00:00     00.0     08.7   00.05   01.8     27.6    16:32      W 
06    60.1   064.2   00:01    57.5   09:33     04.9     00.0   00.23   01.2     13.8    02:21     ENE
07    60.6   065.9   13:23    57.2   06:41     04.3     00.0   00.15   00.7     11.5    14:36      N 
08    59.2   067.1   12:36    56.5   22:59     05.8     00.0   00.70   01.3     18.4    15:23     NNE
09    63.9   079.3   16:22    55.1   06:08     01.0     00.0   00.13   01.6     19.6    23:32     ESE
10    71.7   085.8   18:58    56.5   06:11     00.0     06.8   00.00   02.0     20.7    12:55      W 
11    71.4   087.8   15:26    56.8   06:18     00.0     06.4   00.00   02.0     26.4    17:46      W 
12    76.1   093.0   17:45    58.7   02:50     00.0     11.1   00.00   01.6     16.1    13:59      SW
13    72.5   085.0   12:14    62.8   19:49     00.0     07.5   00.03   02.4     33.4    14:08      W 
15    70.9   083.8   14:29    61.3   04:12     00.0     05.9   00.00   02.6     26.4    16:36      NW
16    71.8   077.6   19:01    65.4   23:58     00.0     06.8   00.00   01.4     14.9    21:07     WSW
17    76.7   091.7   14:38    62.4   05:49     00.0     11.7   00.00   03.0     44.9    15:08      W 
18    70.5   087.0   14:12    58.0   04:28     00.0     05.6   00.00   01.9     31.1    15:02     WNW
19    73.9   079.5   17:48    64.9   00:00     00.0     09.0   00.00   01.0     09.2    18:00      SW
20    70.8   082.2   14:03    58.9   06:26     00.0     05.9   00.00   02.1     21.9    19:09      SW
21    67.7   080.7   16:54    59.6   05:48     00.0     02.7   00.03   02.4     23.0    15:04     WNW
22    74.2   086.6   17:10    58.4   01:28     00.0     09.2   00.00   03.9     23.0    12:46     WNW
23    78.3   093.6   17:10    61.0   03:49     00.0     13.4   00.00   01.3     11.5    22:33      SW
24    75.8   087.3   12:57    68.5   01:38     00.0     10.8   00.01   04.1     41.4    17:02     WSW
25    78.9   092.6   17:19    64.6   04:39     00.0     13.9   00.00   01.6     14.9    15:20     SSE
26    77.2   090.8   13:12    62.5   04:05     00.0     12.3   00.00   02.4     31.1    14:30     WSW
27    77.8   094.4   17:31    58.7   06:25     00.0     12.8   00.00   01.8     25.3    21:03      W 
28    72.4   084.2   16:56    58.1   06:10     00.0     07.4   00.00   03.6     27.6    09:36      SE
29    72.5   087.1   17:01    57.0   06:47     00.0     07.6   00.00   02.6     17.3    14:58     SSW
30    77.9   087.8   15:43    56.7   06:19     00.0     12.9   00.00   02.3     16.1    13:27     ENE
31    71.7   084.9   18:18    58.7   06:07     00.0     06.8   00.00   01.1     14.9    18:19     SSE
--------------------------------------------------------------------------------------------------------
71.9 (72.3)   94.4  day 27     55.1  day 09   016.0    223.8   01.36   02.0     44.9   day 17      W 
Max >=  86: 16
Min  .008in) 4 (> .08in) 0 (> 0.8in)