NOAA-Style Climate Reports


Report for 2015 August

Daily noaa report



                            MONTHLY CLIMATOLOGICAL SUMMARY for AUG. 2015

NAME: Rockcreek-Hillcrest   CITY: Superior STATE: Colorado
ELEV: 5581 LAT: 039:55:38 LONG: 0105:09:26

                            TEMPERATURE ( °F), RAIN (in.), WIND SPEED (mph)

                                               HEAT     COOL           AVG
      MEAN                                     DEG      DEG            WIND                       DOM
DAY   TEMP    HIGH   TIME     LOW    TIME      DAYS     DAYS    RAIN   SPEED    HIGH    TIME      DIR
--------------------------------------------------------------------------------------------------------
01    75.9   092.4   14:53    59.3   04:48     00.0     10.9   00.00   00.9     16.1    21:14      NW
02    74.4   091.6   14:13    60.6   06:23     00.0     09.4   00.00   02.6     25.3    17:35      SW
03    73.0   082.8   14:56    63.9   23:36     00.0     08.0   00.00   01.3     17.3    17:10      S 
04    74.7   088.6   17:29    59.0   03:35     00.0     09.8   00.00   04.4     33.4    12:59     WNW
05    76.6   092.9   18:10    56.1   06:14     00.0     11.7   00.00   01.9     18.4    16:17      S 
06    77.3   091.8   16:01    64.5   02:48     00.0     12.3   00.00   04.7     34.5    11:20     WNW
07    74.5   089.3   17:34    57.4   05:52     00.0     09.5   00.00   01.9     24.1    18:15     NNW
08    73.5   085.7   16:04    59.3   05:26     00.0     08.5   00.00   01.5     13.8    17:43      S 
09    76.6   089.0   15:32    57.9   06:50     00.0     11.7   00.00   01.0     17.3    15:11      SE
10    75.3   085.0   04:56    59.8   06:02     00.0     10.3   00.00   02.6     29.9    15:23     SSE
11    70.8   078.2   18:52    61.7   01:25     00.0     05.9   00.00   01.2     17.3    21:17      W 
12    75.3   090.5   17:14    62.3   06:47     00.0     10.4   00.05   01.3     25.3    20:16      E 
13    77.5   090.3   14:34    68.3   01:21     00.0     12.5   00.00   01.5     17.3    17:22      NW
14    78.2   091.8   16:58    64.2   03:39     00.0     13.3   00.00   01.8     21.9    17:54     SSW
15    81.2   096.9   15:45    66.1   10:00     00.0     16.3   00.00   02.0     26.4    17:48     NNW
16    72.2   084.6   14:41    63.4   04:24     00.0     07.3   00.07   02.8     28.8    16:24     NNW
17    66.4   074.4   17:00    57.9   06:19     00.0     01.4   00.01   02.3     19.6    18:53      NE
18    61.4   071.7   15:41    51.9   06:24     03.5     00.0   00.03   02.4     25.3    18:38     ESE
19    57.2   069.1   17:27    47.6   05:31     07.7     00.0   00.12   01.4     16.1    13:16      SE
20    69.2   085.9   15:09    51.2   04:29     00.0     04.2   00.00   02.8     27.6    14:27     WNW
21    75.1   092.1   16:15    53.9   06:01     00.0     10.2   00.00   03.7     26.4    18:26     WNW
22    73.9   088.4   12:04    59.2   00:00     00.0     08.9   00.00   04.8     27.6    13:26     SSE
23    60.6   076.0   18:29    47.7   06:39     04.3     00.0   00.00   00.9     11.5    15:22      N 
24    70.7   090.9   15:28    53.0   06:09     00.0     05.7   00.00   01.3     11.5    17:43     WNW
25    76.7   092.3   16:31    58.1   06:24     00.0     11.7   00.00   01.9     20.7    20:11      W 
26    75.4   089.8   15:38    61.0   03:53     00.0     10.4   00.00   01.2     34.5    14:06     WNW
27    73.1   084.5   13:49    66.2   21:22     00.0     08.2   00.00   03.6     27.6    12:00     WNW
28    71.7   083.2   15:28    57.2   06:01     00.0     06.8   00.00   02.1     17.3    16:05     NNW
29    73.9   091.3   16:08    58.3   06:13     00.0     09.0   00.00   02.3     17.3    22:04      S 
30    77.4   092.0   17:07    57.8   05:41     00.0     12.5   00.00   02.6     24.1    20:56     SSW
31    72.7   085.6   14:13    60.8   23:39     00.0     07.8   00.20   03.8     36.8    15:43      W 
--------------------------------------------------------------------------------------------------------
73.0 (72.8)   96.9  day 15     47.6  day 19   015.6    264.7   00.48   02.3     36.8   day 31      W 
Max >=  86: 18
Min  .008in) 2 (> .08in) 0 (> 0.8in)