NOAA-Style Climate Reports


Report for 2015 September

Daily noaa report



                            MONTHLY CLIMATOLOGICAL SUMMARY for SEP. 2015

NAME: Rockcreek-Hillcrest   CITY: Superior STATE: Colorado
ELEV: 5581 LAT: 039:55:38 LONG: 0105:09:26

                            TEMPERATURE ( °F), RAIN (in.), WIND SPEED (mph)

                                               HEAT     COOL           AVG
      MEAN                                     DEG      DEG            WIND                       DOM
DAY   TEMP    HIGH   TIME     LOW    TIME      DAYS     DAYS    RAIN   SPEED    HIGH    TIME      DIR
--------------------------------------------------------------------------------------------------------
01    72.9   088.4   14:31    58.1   04:19     00.0     08.0   00.00   01.8     23.0    16:51      W 
02    77.5   088.7   13:29    66.0   06:30     00.0     12.6   00.00   02.3     34.5    00:20     WSW
03    70.0   081.9   13:57    61.5   21:20     00.0     05.1   00.00   02.6     32.2    15:05      W 
04    69.1   084.9   14:52    54.2   07:17     00.0     04.2   00.00   02.4     20.7    23:42     WSW
05    73.6   085.3   16:30    65.2   03:47     00.0     08.6   00.00   02.8     28.8    18:10      W 
06    74.5   084.9   15:29    63.3   23:44     00.0     09.5   00.00   03.0     20.7    11:08      W 
07    66.6   078.9   13:53    57.7   03:53     00.0     01.7   00.02   04.1     44.9    14:12     WNW
08    69.9   083.1   17:39    58.3   07:14     00.0     04.9   00.00   02.8     19.6    01:00     WSW
09    72.0   087.8   17:05    51.8   05:51     00.0     07.1   00.00   01.9     13.8    17:36     SSW
10    69.5   085.5   15:40    51.8   06:48     00.0     04.5   00.00   02.5     27.6    17:18      NE
11    62.9   077.3   17:36    51.5   05:21     02.1     00.0   00.00   01.8     11.5    12:42      N 
12    67.2   084.0   15:32    48.8   05:59     00.0     02.2   00.00   00.7     12.7    13:05     WSW
13    74.6   089.1   15:30    59.4   01:08     00.0     09.7   00.00   04.4     27.6    12:09     WNW
14    75.6   087.9   13:41    61.6   06:37     00.0     10.6   00.00   02.4     21.9    16:20      W 
15    73.4   084.5   17:18    64.9   07:40     00.0     08.5   00.00   05.0     29.9    14:47      W 
16    72.0   085.6   16:43    57.1   06:24     00.0     07.1   00.00   01.6     19.6    18:17     NNW
17    62.6   072.4   00:01    48.5   06:22     02.3     00.0   00.00   01.5     18.4    11:35     ENE
18    59.3   069.6   16:50    50.0   06:13     05.7     00.0   00.00   03.2     20.7    11:09      SE
19    58.7   075.1   16:31    43.1   06:14     06.3     00.0   00.00   01.0     11.5    23:48      NW
20    67.5   081.9   17:14    50.4   03:28     00.0     02.6   00.00   01.9     17.3    07:55     WSW
21    69.8   085.7   16:31    49.9   07:14     00.0     04.8   00.00   02.0     14.9    15:00      S 
22    66.9   076.5   16:09    57.8   07:29     00.0     01.9   00.00   02.8     12.7    09:45      N 
23    66.6   083.6   16:22    54.0   07:42     00.0     01.7   00.00   01.4     11.5    03:32      N 
24    67.2   082.9   16:08    50.3   07:23     00.0     02.3   00.00   01.2     13.8    15:06     ENE
25    66.1   082.2   16:47    50.1   07:06     00.0     01.1   00.00   01.0     11.5    13:04      E 
26    66.1   084.6   17:37    47.6   07:22     00.0     01.2   00.00   01.0     09.2    16:03      SW
27    73.6   086.8   14:54    56.7   03:12     00.0     08.7   00.00   02.4     19.6    07:23     WSW
28    68.5   077.9   09:51    59.2   23:36     00.0     03.6   00.00   02.9     20.7    16:24      N 
29    63.5   078.8   15:35    54.7   04:26     01.4     00.0   00.01   02.0     19.6    15:56      S 
30    65.4   078.5   14:21    53.6   05:33     00.0     00.4   00.00   01.0     17.3    18:08     WNW
--------------------------------------------------------------------------------------------------------
68.8 (68.9)   89.1  day 13     43.1  day 19   017.8    132.5   00.03   02.2     44.9   day 07      W 
Max >=  86: 6
Min  .008in) 0 (> .08in) 0 (> 0.8in)