NOAA-Style Climate Reports


Report for 2015 October

Daily noaa report



                            MONTHLY CLIMATOLOGICAL SUMMARY for OCT. 2015

NAME: Rockcreek-Hillcrest   CITY: Superior STATE: Colorado
ELEV: 5581 LAT: 039:55:38 LONG: 0105:09:26

                            TEMPERATURE ( °F), RAIN (in.), WIND SPEED (mph)

                                               HEAT     COOL           AVG
      MEAN                                     DEG      DEG            WIND                       DOM
DAY   TEMP    HIGH   TIME     LOW    TIME      DAYS     DAYS    RAIN   SPEED    HIGH    TIME      DIR
--------------------------------------------------------------------------------------------------------
01    66.8   082.1   15:37    55.2   06:14     00.0     01.8   00.00   01.0     11.5    17:49      E 
02    58.6   067.2   13:59    51.5   00:00     06.4     00.0   00.00   02.9     23.0    16:03      N 
03    51.5   058.3   16:19    47.3   07:46     13.4     00.0   00.27   02.1     18.4    02:34     NNE
04    50.2   054.1   14:33    47.3   08:15     14.8     00.0   00.00   01.0     10.3    15:53     ENE
05    56.6   066.5   14:06    49.5   06:53     08.3     00.0   00.00   00.3     09.2    15:09     ENE
06    54.1   057.6   13:18    50.2   04:09     10.9     00.0   00.05   00.6     10.3    11:11     NNE
07    59.0   071.9   16:16    46.4   06:04     06.0     00.0   00.01   01.2     12.7    13:50      SW
08    63.2   076.3   14:51    54.7   00:00     01.8     00.0   00.00   03.3     21.9    17:55     NNW
09    58.4   071.4   17:07    46.6   07:09     06.6     00.0   00.00   00.3     08.1    15:50      S 
10    69.5   084.2   16:05    52.6   01:23     00.0     04.5   00.00   02.2     11.5    20:00     WSW
11    74.6   083.6   14:51    65.1   00:02     00.0     09.7   00.00   07.5     41.4    06:57     WNW
12    62.0   074.7   16:27    49.0   06:05     03.0     00.0   00.00   02.9     23.0    05:26      S 
13    69.2   082.5   15:31    57.7   06:21     00.0     04.3   00.00   02.1     24.1    15:35      W 
14    66.9   081.8   16:38    52.8   04:29     00.0     02.0   00.00   01.3     14.9    23:34      W 
15    54.9   064.7   16:21    46.1   22:33     10.0     00.0   00.00   00.9     13.8    09:26     NNW
16    50.5   066.9   17:17    37.2   06:21     14.4     00.0   00.00   00.6     10.3    14:00      N 
17    58.8   075.8   16:22    45.1   07:45     06.2     00.0   00.00   01.8     14.9    16:33     NNW
18    61.4   075.1   15:59    48.8   02:07     03.5     00.0   00.00   02.5     19.6    21:14      SW
19    60.3   068.0   15:59    52.9   23:50     04.6     00.0   00.00   01.1     16.1    13:26      NW
20    58.4   070.0   14:34    49.7   00:00     06.5     00.0   00.29   01.8     24.1    17:09     WNW
21    46.5   049.6   00:03    45.0   14:44     18.4     00.0   00.50   01.7     12.7    02:52      NE
22    44.9   046.3   02:03    43.9   21:01     20.0     00.0   00.44   00.6     09.2    13:59      NE
23    47.9   057.8   15:24    40.7   00:00     17.0     00.0   00.01   00.9     12.7    17:45      E 
24    48.4   063.4   17:16    35.4   07:16     16.6     00.0   00.00   00.7     13.8    14:50     SSW
25    53.3   068.3   13:59    40.1   05:52     11.7     00.0   00.00   01.4     11.5    14:31     WNW
26    54.5   061.9   15:34    48.7   21:56     10.4     00.0   00.00   01.8     25.3    23:59     WSW
27    50.3   059.6   13:23    36.6   23:35     14.6     00.0   00.00   04.5     29.9    14:19     WNW
28    48.3   059.9   13:08    35.9   02:54     16.7     00.0   00.00   03.9     26.4    18:00      W 
29    43.7   052.6   16:19    35.2   04:34     21.2     00.0   00.00   00.8     09.2    14:57     WNW
30    44.5   051.1   17:05    39.6   04:13     20.4     00.0   00.00   00.9     10.3    23:37      W 
31    55.6   063.2   15:06    48.0   04:36     09.4     00.0   00.00   08.0     29.9    01:17      W 
--------------------------------------------------------------------------------------------------------
56.2 (56.8)   84.2  day 10     35.2  day 29   292.8    022.3   01.57   02.0     41.4   day 11     WNW
Min  .008in) 4 (> .08in) 0 (> 0.8in)